-- Table structure for table `ec_shipment_histories`
--

CREATE TABLE `ec_shipment_histories` (
  `id` bigint unsigned NOT NULL AUTO_INCREMENT,
  `action` varchar(120) COLLATE utf8mb4_unicode_ci NOT NULL,
  `description` varchar(255) COLLATE utf8mb4_unicode_ci NOT NULL,
  `user_id` int unsigned DEFAULT NULL,
  `shipment_id` int unsigned NOT NULL,
  `order_id` int unsigned NOT NULL,
  `created_at` timestamp NULL DEFAULT NULL,
  `updated_at` timestamp NULL DEFAULT NULL,
  PRIMARY KEY (`id`)
) ENGINE=InnoDB AUTO_INCREMENT=104 DEFAULT CHARSET=utf8mb4 COLLATE=utf8mb4_unicode_ci;

--
-- Dumping data for table `ec_shipment_histories`
--

INSERT INTO `ec_shipment_histories` VALUES (1,'create_from_order','Shipping was created from order %order_id%',0,1,1,'2022-10-28 13:04:42','2022-10-28 13:04:42'),(2,'update_status','Changed status of shipping to: Approved. Updated by: %user_name%',0,1,1,'2022-11-09 05:04:42','2022-11-10 21:04:42'),(3,'update_status','Changed status of shipping to: Delivered. Updated by: %user_name%',0,1,1,'2022-11-10 21:04:42','2022-11-10 21:04:42'),(4,'create_from_order','Shipping was created from order %order_id%',0,2,2,'2022-11-04 05:04:42','2022-11-04 05:04:42'),(5,'update_status','Changed status of shipping to: Approved. Updated by: %user_name%',0,2,2,'2022-11-09 05:04:42','2022-11-10 21:04:42'),(6,'create_from_order','Shipping was created from order %order_id%',0,3,3,'2022-10-26 01:04:42','2022-10-26 01:04:42'),(7,'update_status','Changed status of shipping to: Approved. Updated by: %user_name%',0,3,3,'2022-11-09 07:04:42','2022-11-10 21:04:42'),(8,'update_status','Changed status of shipping to: Delivered. Updated by: %user_name%',0,3,3,'2022-11-10 21:04:42','2022-11-10 21:04:42'),(9,'create_from_order','Shipping was created from order %order_id%',0,4,4,'2022-10-29 05:04:42','2022-10-29 05:04:42'),(10,'update_status','Changed status of shipping to: Approved. Updated by: %user_name%',0,4,4,'2022-11-09 07:04:42','2022-11-10 21:04:42'),(11,'update_status','Changed status of shipping to: Delivered. Updated by: %user_name%',0,4,4,'2022-11-10 21:04:42','2022-11-10 21:04:42'),(12,'create_from_order','Shipping was created from order %order_id%',0,5,5,'2022-11-09 09:04:42','2022-11-09 09:04:42'),(13,'update_status','Changed status of shipping to: Approved. Updated by: %user_name%',0,5,5,'2022-11-09 09:04:42','2022-11-10 21:04:42'),(14,'update_status','Changed status of shipping to: Delivered. Updated by: %user_name%',0,5,5,'2022-11-10 21:04:42','2022-11-10 21:04:42'),(15,'create_from_order','Shipping was created from order %order_id%',0,6,6,'2022-11-01 21:04:42','2022-11-01 21:04:42'),(16,'update_status','Changed status of shipping to: Approved. Updated by: %user_name%',0,6,6,'2022-11-09 09:04:42','2022-11-10 21:04:42'),(17,'update_status','Changed status of shipping to: Delivered. Updated by: %user_name%',0,6,6,'2022-11-10 21:04:42','2022-11-10 21:04:42'),(18,'create_from_order','Shipping was created from order %order_id%',0,7,7,'2022-10-30 13:04:42','2022-10-30 13:04:42'),(19,'update_status','Changed status of shipping to: Approved. Updated by: %user_name%',0,7,7,'2022-11-09 11:04:42','2022-11-10 21:04:42'),(20,'create_from_order','Shipping was created from order %order_id%',0,8,8,'2022-10-31 23:04:42','2022-10-31 23:04:42'),(21,'update_status','Changed status of shipping to: Approved. Updated by: %user_name%',0,8,8,'2022-11-09 11:04:42','2022-11-10 21:04:42'),(22,'create_from_order','Shipping was created from order %order_id%',0,9,9,'2022-11-01 13:04:42','2022-11-01 13:04:42'),(23,'update_status','Changed status of shipping to: Approved. Updated by: %user_name%',0,9,9,'2022-11-09 13:04:42','2022-11-10 21:04:42'),(24,'create_from_order','Shipping was created from order %order_id%',0,10,10,'2022-11-01 13:04:42','2022-11-01 13:04:42'),(25,'update_status','Changed status of shipping to: Approved. Updated by: %user_name%',0,10,10,'2022-11-09 13:04:42','2022-11-10 21:04:42'),(26,'update_status','Changed status of shipping to: Delivered. Updated by: %user_name%',0,10,10,'2022-11-10 21:04:42','2022-11-10 21:04:42'),(27,'create_from_order','Shipping was created from order %order_id%',0,11,11,'2022-11-09 15:04:42','2022-11-09 15:04:42'),(28,'update_status','Changed status of shipping to: Approved. Updated by: %user_name%',0,11,11,'2022-11-09 15:04:42','2022-11-10 21:04:42'),(29,'create_from_order','Shipping was created from order %order_id%',0,12,12,'2022-11-09 15:04:42','2022-11-09 15:04:42'),(30,'update_status','Changed status of shipping to: Approved. Updated by: %user_name%',0,12,12,'2022-11-09 15:04:42','2022-11-10 21:04:42'),(31,'create_from_order','Shipping was created from order %order_id%',0,13,13,'2022-11-02 17:04:42','2022-11-02 17:04:42'),(32,'update_status','Changed status of shipping to: Approved. Updated by: %user_name%',0,13,13,'2022-11-09 17:04:42','2022-11-10 21:04:42'),(33,'create_from_order','Shipping was created from order %order_id%',0,14,14,'2022-11-05 01:04:42','2022-11-05 01:04:42'),(34,'update_status','Changed status of shipping to: Approved. Updated by: %user_name%',0,14,14,'2022-11-09 17:04:42','2022-11-10 21:04:42'),(35,'update_status','Changed status of shipping to: Delivered. Updated by: %user_name%',0,14,14,'2022-11-10 21:04:42','2022-11-10 21:04:42'),(36,'create_from_order','Shipping was created from order %order_id%',0,15,15,'2022-11-05 11:04:42','2022-11-05 11:04:42'),(37,'update_status','Changed status of shipping to: Approved. Updated by: %user_name%',0,15,15,'2022-11-09 19:04:42','2022-11-10 21:04:42'),(38,'update_cod_status','Updated COD status to Completed . Updated by: %user_name%',0,15,15,'2022-11-10 21:04:42','2022-11-10 21:04:42'),(39,'update_status','Changed status of shipping to: Delivered. Updated by: %user_name%',0,15,15,'2022-11-10 21:04:42','2022-11-10 21:04:42'),(40,'create_from_order','Shipping was created from order %order_id%',0,16,16,'2022-11-02 05:04:42','2022-11-02 05:04:42'),(41,'update_status','Changed status of shipping to: Approved. Updated by: %user_name%',0,16,16,'2022-11-09 19:04:42','2022-11-10 21:04:42'),(42,'create_from_order','Shipping was created from order %order_id%',0,17,17,'2022-11-04 21:04:42','2022-11-04 21:04:42'),(43,'update_status','Changed status of shipping to: Approved. Updated by: %user_name%',0,17,17,'2022-11-09 21:04:42','2022-11-10 21:04:42'),(44,'update_cod_status','Updated COD status to Completed . Updated by: %user_name%',0,17,17,'2022-11-10 21:04:42','2022-11-10 21:04:42'),(45,'update_status','Changed status of shipping to: Delivered. Updated by: %user_name%',0,17,17,'2022-11-10 21:04:42','2022-11-10 21:04:42'),(46,'create_from_order','Shipping was created from order %order_id%',0,18,18,'2022-10-31 21:04:42','2022-10-31 21:04:42'),(47,'update_status','Changed status of shipping to: Approved. Updated by: %user_name%',0,18,18,'2022-11-09 21:04:42','2022-11-10 21:04:42'),(48,'update_status','Changed status of shipping to: Delivered. Updated by: %user_name%',0,18,18,'2022-11-10 21:04:42','2022-11-10 21:04:42'),(49,'create_from_order','Shipping was created from order %order_id%',0,19,19,'2022-11-07 05:04:42','2022-11-07 05:04:42'),(50,'update_status','Changed status of shipping to: Approved. Updated by: %user_name%',0,19,19,'2022-11-09 23:04:42','2022-11-10 21:04:42'),(51,'create_from_order','Shipping was created from order %order_id%',0,20,20,'2022-11-04 11:04:42','2022-11-04 11:04:42'),(52,'update_status','Changed status of shipping to: Approved. Updated by: %user_name%',0,20,20,'2022-11-09 23:04:42','2022-11-10 21:04:42'),(53,'create_from_order','Shipping was created from order %order_id%',0,21,21,'2022-11-03 09:04:42','2022-11-03 09:04:42'),(54,'update_status','Changed status of shipping to: Approved. Updated by: %user_name%',0,21,21,'2022-11-10 01:04:42','2022-11-10 21:04:42'),(55,'create_from_order','Shipping was created from order %order_id%',0,22,22,'2022-11-03 09:04:42','2022-11-03 09:04:42'),(56,'update_status','Changed status of shipping to: Approved. Updated by: %user_name%',0,22,22,'2022-11-10 01:04:42','2022-11-10 21:04:42'),(57,'create_from_order','Shipping was created from order %order_id%',0,23,23,'2022-11-10 03:04:42','2022-11-10 03:04:42'),(58,'update_status','Changed status of shipping to: Approved. Updated by: %user_name%',0,23,23,'2022-11-10 03:04:42','2022-11-10 21:04:42'),(59,'update_status','Changed status of shipping to: Delivered. Updated by: %user_name%',0,23,23,'2022-11-10 21:04:42','2022-11-10 21:04:42'),(60,'create_from_order','Shipping was created from order %order_id%',0,24,24,'2022-11-08 15:04:42','2022-11-08 15:04:42'),(61,'update_status','Changed status of shipping to: Approved. Updated by: %user_name%',0,24,24,'2022-11-10 03:04:42','2022-11-10 21:04:42'),(62,'update_status','Changed status of shipping to: Delivered. Updated by: %user_name%',0,24,24,'2022-11-10 21:04:42','2022-11-10 21:04:42'),(63,'create_from_order','Shipping was created from order %order_id%',0,25,25,'2022-11-08 15:04:42','2022-11-08 15:04:42'),(64,'update_status','Changed status of shipping to: Approved. Updated by: %user_name%',0,25,25,'2022-11-10 03:04:42','2022-11-10 21:04:42'),(65,'create_from_order','Shipping was created from order %order_id%',0,26,26,'2022-11-08 05:04:42','2022-11-08 05:04:42'),(66,'update_status','Changed status of shipping to: Approved. Updated by: %user_name%',0,26,26,'2022-11-10 05:04:42','2022-11-10 21:04:42'),(67,'create_from_order','Shipping was created from order %order_id%',0,27,27,'2022-11-08 21:04:42','2022-11-08 21:04:42'),(68,'update_status','Changed status of shipping to: Approved. Updated by: %user_name%',0,27,27,'2022-11-10 05:04:42','2022-11-10 21:04:42'),(69,'create_from_order','Shipping was created from order %order_id%',0,28,28,'2022-11-05 15:04:42','2022-11-05 15:04:42'),(70,'update_status','Changed status of shipping to: Approved. Updated by: %user_name%',0,28,28,'2022-11-10 07:04:42','2022-11-10 21:04:42'),(71,'update_status','Changed status of shipping to: Delivered. Updated by: %user_name%',0,28,28,'2022-11-10 21:04:42','2022-11-10 21:04:42'),(72,'create_from_order','Shipping was created from order %order_id%',0,29,29,'2022-11-09 17:04:42','2022-11-09 17:04:42'),(73,'update_status','Changed status of shipping to: Approved. Updated by: %user_name%',0,29,29,'2022-11-10 07:04:42','2022-11-10 21:04:42'),(74,'create_from_order','Shipping was created from order %order_id%',0,30,30,'2022-11-06 05:04:42','2022-11-06 05:04:42'),(75,'update_status','Changed status of shipping to: Approved. Updated by: %user_name%',0,30,30,'2022-11-10 07:04:42','2022-11-10 21:04:42'),(76,'update_status','Changed status of shipping to: Delivered. Updated by: %user_name%',0,30,30,'2022-11-10 21:04:42','2022-11-10 21:04:42'),(77,'create_from_order','Shipping was created from order %order_id%',0,31,31,'2022-11-08 21:04:42','2022-11-08 21:04:42'),(78,'update_status','Changed status of shipping to: Approved. Updated by: %user_name%',0,31,31,'2022-11-10 09:04:42','2022-11-10 21:04:42'),(79,'create_from_order','Shipping was created from order %order_id%',0,32,32,'2022-11-09 09:04:42','2022-11-09 09:04:42'),(80,'update_status','Changed status of shipping to: Approved. Updated by: %user_name%',0,32,32,'2022-11-10 09:04:42','2022-11-10 21:04:42'),(81,'update_status','Changed status of shipping to: Delivered. Updated by: %user_name%',0,32,32,'2022-11-10 21:04:42','2022-11-10 21:04:42'),(82,'create_from_order','Shipping was created from order %order_id%',0,33,33,'2022-11-06 17:04:42','2022-11-06 17:04:42'),(83,'update_status','Changed status of shipping to: Approved. Updated by: %user_name%',0,33,33,'2022-11-10 11:04:42','2022-11-10 21:04:42'),(84,'create_from_order','Shipping was created from order %order_id%',0,34,34,'2022-11-10 11:04:42','2022-11-10 11:04:42'),(85,'update_status','Changed status of shipping to: Approved. Updated by: %user_name%',0,34,34,'2022-11-10 11:04:42','2022-11-10 21:04:42'),(86,'create_from_order','Shipping was created from order %order_id%',0,35,35,'2022-11-07 21:04:42','2022-11-07 21:04:42'),(87,'update_status','Changed status of shipping to: Approved. Updated by: %user_name%',0,35,35,'2022-11-10 13:04:42','2022-11-10 21:04:42'),(88,'create_from_order','Shipping was created from order %order_id%',0,36,36,'2022-11-10 05:04:42','2022-11-10 05:04:42'),(89,'update_status','Changed status of shipping to: Approved. Updated by: %user_name%',0,36,36,'2022-11-10 13:04:42','2022-11-10 21:04:42'),(90,'create_from_order','Shipping was created from order %order_id%',0,37,37,'2022-11-09 09:04:42','2022-11-09 09:04:42'),(91,'update_status','Changed status of shipping to: Approved. Updated by: %user_name%',0,37,37,'2022-11-10 15:04:42','2022-11-10 21:04:42'),(92,'create_from_order','Shipping was created from order %order_id%',0,38,38,'2022-11-08 21:04:42','2022-11-08 21:04:42'),(93,'update_status','Changed status of shipping to: Approved. Updated by: %user_name%',0,38,38,'2022-11-10 15:04:42','2022-11-10 21:04:42'),(94,'create_from_order','Shipping was created from order %order_id%',0,39,39,'2022-11-10 13:04:42','2022-11-10 13:04:42'),(95,'update_status','Changed status of shipping to: Approved. Updated by: %user_name%',0,39,39,'2022-11-10 17:04:42','2022-11-10 21:04:42'),(96,'update_status','Changed status of shipping to: Delivered. Updated by: %user_name%',0,39,39,'2022-11-10 21:04:42','2022-11-10 21:04:42'),(97,'create_from_order','Shipping was created from order %order_id%',0,40,40,'2022-11-10 05:04:42','2022-11-10 05:04:42'),(98,'update_status','Changed status of shipping to: Approved. Updated by: %user_name%',0,40,40,'2022-11-10 17:04:42','2022-11-10 21:04:42'),(99,'update_status','Changed status of shipping to: Delivered. Updated by: %user_name%',0,40,40,'2022-11-10 21:04:42','2022-11-10 21:04:42'),(100,'create_from_order','Shipping was created from order %order_id%',0,41,41,'2022-11-10 17:04:42','2022-11-10 17:04:42'),(101,'update_status','Changed status of shipping to: Approved. Updated by: %user_name%',0,41,41,'2022-11-10 17:04:42','2022-11-10 21:04:42'),(102,'create_from_order','Shipping was created from order %order_id%',0,42,42,'2022-11-10 13:04:42','2022-11-10 13:04:42'),(103,'update_status','Changed status of shipping to: Approved. Updated by: %user_name%',0,42,42,'2022-11-10 19:04:43','2022-11-10 21:04:43');

--
-- Table structure for table `ec_shipments`
--

CREATE TABLE `ec_shipments` (
  `id` bigint unsigned NOT NULL AUTO_INCREMENT,
  `order_id` int unsigned NOT NULL,
  `user_id` int unsigned DEFAULT NULL,
  `weight` double(8,2) DEFAULT '0.00',
  `shipment_id` varchar(120) COLLATE utf8mb4_unicode_ci DEFAULT NULL,
  `note` varchar(120) COLLATE utf8mb4_unicode_ci DEFAULT NULL,
  `status` varchar(120) COLLATE utf8mb4_unicode_ci NOT NULL DEFAULT 'pending',
  `cod_amount` decimal(15,2) DEFAULT '0.00',
  `cod_status` varchar(60) COLLATE utf8mb4_unicode_ci NOT NULL DEFAULT 'pending',
  `cross_checking_status` varchar(60) COLLATE utf8mb4_unicode_ci NOT NULL DEFAULT 'pending',
  `price` decimal(15,2) DEFAULT '0.00',
  `store_id` int unsigned DEFAULT NULL,
  `created_at` timestamp NULL DEFAULT NULL,
  `updated_at` timestamp NULL DEFAULT NULL,
  `tracking_id` varchar(191) COLLATE utf8mb4_unicode_ci DEFAULT NULL,
  `shipping_company_name` varchar(191) COLLATE utf8mb4_unicode_ci DEFAULT NULL,
  `tracking_link` varchar(191) COLLATE utf8mb4_unicode_ci DEFAULT NULL,
  `estimate_date_shipped` datetime DEFAULT NULL,
  `date_shipped` datetime DEFAULT NULL,
  `label_url` text COLLATE utf8mb4_unicode_ci,
  `transaction` mediumtext COLLATE utf8mb4_unicode_ci,
  PRIMARY KEY (`id`)
) ENGINE=InnoDB AUTO_INCREMENT=43 DEFAULT CHARSET=utf8mb4 COLLATE=utf8mb4_unicode_ci;

--
-- Dumping data for table `ec_shipments`
--

INSERT INTO `ec_shipments` VALUES (1,1,NULL,2613.00,NULL,'','delivered',0.00,'completed','pending',0.00,0,'2022-11-10 21:04:42','2022-11-10 21:04:42','JJD0014264032','AliExpress','https://mydhl.express.dhl/us/en/tracking.html#/track-by-reference','2022-11-16 04:04:42','2022-11-11 04:04:42',NULL,NULL),(2,2,NULL,2858.00,NULL,'','approved',0.00,'completed','pending',0.00,0,'2022-11-10 21:04:42','2022-11-10 21:04:42','JJD0049590150','FastShipping','https://mydhl.express.dhl/us/en/tracking.html#/track-by-reference','2022-11-16 04:04:42',NULL,NULL,NULL),(3,3,NULL,551.00,NULL,'','delivered',0.00,'completed','pending',0.00,0,'2022-11-10 21:04:42','2022-11-10 21:04:42','JJD0038494178','GHN','https://mydhl.express.dhl/us/en/tracking.html#/track-by-reference','2022-11-19 04:04:42','2022-11-11 04:04:42',NULL,NULL),(4,4,NULL,1024.00,NULL,'','delivered',0.00,'completed','pending',0.00,0,'2022-11-10 21:04:42','2022-11-10 21:04:42','JJD0078759982','AliExpress','https://mydhl.express.dhl/us/en/tracking.html#/track-by-reference','2022-11-16 04:04:42','2022-11-11 04:04:42',NULL,NULL),(5,5,NULL,1737.00,NULL,'','delivered',0.00,'completed','pending',0.00,0,'2022-11-10 21:04:42','2022-11-10 21:04:42','JJD0087788292','AliExpress','https://mydhl.express.dhl/us/en/tracking.html#/track-by-reference','2022-11-18 04:04:42','2022-11-11 04:04:42',NULL,NULL),(6,6,NULL,2169.00,NULL,'','delivered',0.00,'completed','pending',0.00,0,'2022-11-10 21:04:42','2022-11-10 21:04:42','JJD0033775191','AliExpress','https://mydhl.express.dhl/us/en/tracking.html#/track-by-reference','2022-11-17 04:04:42','2022-11-11 04:04:42',NULL,NULL),(7,7,NULL,1536.00,NULL,'','approved',62.00,'pending','pending',0.00,0,'2022-11-10 21:04:42','2022-11-10 21:04:42','JJD0084860236','GHN','https://mydhl.express.dhl/us/en/tracking.html#/track-by-reference','2022-11-13 04:04:42',NULL,NULL,NULL),(8,8,NULL,535.00,NULL,'','approved',578.60,'pending','pending',0.00,0,'2022-11-10 21:04:42','2022-11-10 21:04:42','JJD0015547922','FastShipping','https://mydhl.express.dhl/us/en/tracking.html#/track-by-reference','2022-11-13 04:04:42',NULL,NULL,NULL),(9,9,NULL,535.00,NULL,'','approved',0.00,'completed','pending',0.00,0,'2022-11-10 21:04:42','2022-11-10 21:04:42','JJD007713837','GHN','https://mydhl.express.dhl/us/en/tracking.html#/track-by-reference','2022-11-13 04:04:42',NULL,NULL,NULL),(10,10,NULL,2868.00,NULL,'','delivered',0.00,'completed','pending',0.00,0,'2022-11-10 21:04:42','2022-11-10 21:04:42','JJD0081753772','DHL','https://mydhl.express.dhl/us/en/tracking.html#/track-by-reference','2022-11-18 04:04:42','2022-11-11 04:04:42',NULL,NULL),(11,11,NULL,677.00,NULL,'','approved',0.00,'completed','pending',0.00,0,'2022-11-10 21:04:42','2022-11-10 21:04:42','JJD0020861915','AliExpress','https://mydhl.express.dhl/us/en/tracking.html#/track-by-reference','2022-11-21 04:04:42',NULL,NULL,NULL),(12,12,NULL,2361.00,NULL,'','approved',0.00,'completed','pending',0.00,0,'2022-11-10 21:04:42','2022-11-10 21:04:42','JJD0082633512','AliExpress','https://mydhl.express.dhl/us/en/tracking.html#/track-by-reference','2022-11-19 04:04:42',NULL,NULL,NULL),(13,13,NULL,2100.00,NULL,'','approved',0.00,'completed','pending',0.00,0,'2022-11-10 21:04:42','2022-11-10 21:04:42','JJD0095548941','FastShipping','https://mydhl.express.dhl/us/en/tracking.html#/track-by-reference','2022-11-16 04:04:42',NULL,NULL,NULL),(14,14,NULL,1444.00,NULL,'','delivered',0.00,'completed','pending',0.00,0,'2022-11-10 21:04:42','2022-11-10 21:04:42','JJD0089952640','GHN','https://mydhl.express.dhl/us/en/tracking.html#/track-by-reference','2022-11-19 04:04:42','2022-11-11 04:04:42',NULL,NULL),(15,15,NULL,3083.00,NULL,'','delivered',4683.70,'completed','pending',0.00,0,'2022-11-10 21:04:42','2022-11-10 21:04:42','JJD0069113902','DHL','https://mydhl.express.dhl/us/en/tracking.html#/track-by-reference','2022-11-18 04:04:42','2022-11-11 04:04:42',NULL,NULL),(16,16,NULL,586.00,NULL,'','approved',0.00,'completed','pending',0.00,0,'2022-11-10 21:04:42','2022-11-10 21:04:42','JJD0017163722','GHN','https://mydhl.express.dhl/us/en/tracking.html#/track-by-reference','2022-11-15 04:04:42',NULL,NULL,NULL),(17,17,NULL,2521.00,NULL,'','delivered',3519.90,'completed','pending',0.00,0,'2022-11-10 21:04:42','2022-11-10 21:04:42','JJD0068963163','AliExpress','https://mydhl.express.dhl/us/en/tracking.html#/track-by-reference','2022-11-21 04:04:42','2022-11-11 04:04:42',NULL,NULL),(18,18,NULL,1290.00,NULL,'','delivered',0.00,'completed','pending',0.00,0,'2022-11-10 21:04:42','2022-11-10 21:04:42','JJD0099016428','FastShipping','https://mydhl.express.dhl/us/en/tracking.html#/track-by-reference','2022-11-15 04:04:42','2022-11-11 04:04:42',NULL,NULL),(19,19,NULL,787.00,NULL,'','approved',0.00,'completed','pending',0.00,0,'2022-11-10 21:04:42','2022-11-10 21:04:42','JJD0017263334','AliExpress','https://mydhl.express.dhl/us/en/tracking.html#/track-by-reference','2022-11-17 04:04:42',NULL,NULL,NULL),(20,20,NULL,605.00,NULL,'','approved',0.00,'completed','pending',0.00,0,'2022-11-10 21:04:42','2022-11-10 21:04:42','JJD0057702038','GHN','https://mydhl.express.dhl/us/en/tracking.html#/track-by-reference','2022-11-20 04:04:42',NULL,NULL,NULL),(21,21,NULL,2082.00,NULL,'','approved',0.00,'completed','pending',0.00,0,'2022-11-10 21:04:42','2022-11-10 21:04:42','JJD0025526534','AliExpress','https://mydhl.express.dhl/us/en/tracking.html#/track-by-reference','2022-11-19 04:04:42',NULL,NULL,NULL),(22,22,NULL,2169.00,NULL,'','approved',0.00,'completed','pending',0.00,0,'2022-11-10 21:04:42','2022-11-10 21:04:42','JJD0086805983','AliExpress','https://mydhl.express.dhl/us/en/tracking.html#/track-by-reference','2022-11-18 04:04:42',NULL,NULL,NULL),(23,23,NULL,2403.00,NULL,'','delivered',0.00,'completed','pending',0.00,0,'2022-11-10 21:04:42','2022-11-10 21:04:42','JJD0071125186','GHN','https://mydhl.express.dhl/us/en/tracking.html#/track-by-reference','2022-11-19 04:04:42','2022-11-11 04:04:42',NULL,NULL),(24,24,NULL,2037.00,NULL,'','delivered',0.00,'completed','pending',0.00,0,'2022-11-10 21:04:42','2022-11-10 21:04:42','JJD0043010945','AliExpress','https://mydhl.express.dhl/us/en/tracking.html#/track-by-reference','2022-11-12 04:04:42','2022-11-11 04:04:42',NULL,NULL),(25,25,NULL,645.00,NULL,'','approved',0.00,'completed','pending',0.00,0,'2022-11-10 21:04:42','2022-11-10 21:04:42','JJD0086731966','AliExpress','https://mydhl.express.dhl/us/en/tracking.html#/track-by-reference','2022-11-14 04:04:42',NULL,NULL,NULL),(26,26,NULL,579.00,NULL,'','approved',0.00,'completed','pending',0.00,0,'2022-11-10 21:04:42','2022-11-10 21:04:42','JJD0036282450','GHN','https://mydhl.express.dhl/us/en/tracking.html#/track-by-reference','2022-11-13 04:04:42',NULL,NULL,NULL),(27,27,NULL,1290.00,NULL,'','approved',0.00,'completed','pending',0.00,0,'2022-11-10 21:04:42','2022-11-10 21:04:42','JJD0059202463','FastShipping','https://mydhl.express.dhl/us/en/tracking.html#/track-by-reference','2022-11-14 04:04:42',NULL,NULL,NULL),(28,28,NULL,2118.00,NULL,'','delivered',0.00,'completed','pending',0.00,0,'2022-11-10 21:04:42','2022-11-10 21:04:42','JJD0078516504','GHN','https://mydhl.express.dhl/us/en/tracking.html#/track-by-reference','2022-11-18 04:04:42','2022-11-11 04:04:42',NULL,NULL),(29,29,NULL,1653.00,NULL,'','approved',0.00,'completed','pending',0.00,0,'2022-11-10 21:04:42','2022-11-10 21:04:42','JJD0072325226','FastShipping','https://mydhl.express.dhl/us/en/tracking.html#/track-by-reference','2022-11-14 04:04:42',NULL,NULL,NULL),(30,30,NULL,1605.00,NULL,'','delivered',0.00,'completed','pending',0.00,0,'2022-11-10 21:04:42','2022-11-10 21:04:42','JJD0022448945','FastShipping','https://mydhl.express.dhl/us/en/tracking.html#/track-by-reference','2022-11-19 04:04:42','2022-11-11 04:04:42',NULL,NULL),(31,31,NULL,1653.00,NULL,'','approved',125.55,'pending','pending',0.00,0,'2022-11-10 21:04:42','2022-11-10 21:04:42','JJD0045156726','FastShipping','https://mydhl.express.dhl/us/en/tracking.html#/track-by-reference','2022-11-15 04:04:42',NULL,NULL,NULL),(32,32,NULL,1796.00,NULL,'','delivered',0.00,'completed','pending',0.00,0,'2022-11-10 21:04:42','2022-11-10 21:04:42','JJD0077321357','GHN','https://mydhl.express.dhl/us/en/tracking.html#/track-by-reference','2022-11-16 04:04:42','2022-11-11 04:04:42',NULL,NULL),(33,33,NULL,694.00,NULL,'','approved',642.40,'pending','pending',0.00,0,'2022-11-10 21:04:42','2022-11-10 21:04:42','JJD0080410251','DHL','https://mydhl.express.dhl/us/en/tracking.html#/track-by-reference','2022-11-20 04:04:42',NULL,NULL,NULL),(34,34,NULL,1290.00,NULL,'','approved',2608.20,'pending','pending',0.00,0,'2022-11-10 21:04:42','2022-11-10 21:04:42','JJD0015628452','GHN','https://mydhl.express.dhl/us/en/tracking.html#/track-by-reference','2022-11-19 04:04:42',NULL,NULL,NULL),(35,35,NULL,1102.00,NULL,'','approved',0.00,'completed','pending',0.00,0,'2022-11-10 21:04:42','2022-11-10 21:04:42','JJD0091017539','GHN','https://mydhl.express.dhl/us/en/tracking.html#/track-by-reference','2022-11-12 04:04:42',NULL,NULL,NULL),(36,36,NULL,2361.00,NULL,'','approved',0.00,'completed','pending',0.00,0,'2022-11-10 21:04:42','2022-11-10 21:04:42','JJD0052887324','GHN','https://mydhl.express.dhl/us/en/tracking.html#/track-by-reference','2022-11-14 04:04:42',NULL,NULL,NULL),(37,37,NULL,2420.00,NULL,'','approved',0.00,'completed','pending',0.00,0,'2022-11-10 21:04:42','2022-11-10 21:04:42','JJD0049116065','DHL','https://mydhl.express.dhl/us/en/tracking.html#/track-by-reference','2022-11-18 04:04:42',NULL,NULL,NULL),(38,38,NULL,2361.00,NULL,'','approved',0.00,'completed','pending',0.00,0,'2022-11-10 21:04:42','2022-11-10 21:04:42','JJD0031481423','DHL','https://mydhl.express.dhl/us/en/tracking.html#/track-by-reference','2022-11-16 04:04:42',NULL,NULL,NULL),(39,39,NULL,899.00,NULL,'','delivered',0.00,'completed','pending',0.00,0,'2022-11-10 21:04:42','2022-11-10 21:04:42','JJD0029251284','AliExpress','https://mydhl.express.dhl/us/en/tracking.html#/track-by-reference','2022-11-16 04:04:42','2022-11-11 04:04:42',NULL,NULL),(40,40,NULL,1574.00,NULL,'','delivered',0.00,'completed','pending',0.00,0,'2022-11-10 21:04:42','2022-11-10 21:04:42','JJD0014011727','GHN','https://mydhl.express.dhl/us/en/tracking.html#/track-by-reference','2022-11-20 04:04:42','2022-11-11 04:04:42',NULL,NULL),(41,41,NULL,535.00,NULL,'','approved',0.00,'completed','pending',0.00,0,'2022-11-10 21:04:42','2022-11-10 21:04:42','JJD0029868708','AliExpress','https://mydhl.express.dhl/us/en/tracking.html#/track-by-reference','2022-11-15 04:04:42',NULL,NULL,NULL),(42,42,NULL,3907.00,NULL,'','approved',2822.90,'pending','pending',0.00,0,'2022-11-10 21:04:43','2022-11-10 21:04:43','JJD001157999','DHL','https://mydhl.express.dhl/us/en/tracking.html#/track-by-reference','2022-11-15 04:04:43',NULL,NULL,NULL);

--
-- Table structure for table `ec_shipping`
--

CREATE TABLE `ec_shipping` (
  `id` bigint unsigned NOT NULL AUTO_INCREMENT,
  `title` varchar(191) COLLATE utf8mb4_unicode_ci DEFAULT NULL,
  `country` varchar(120) COLLATE utf8mb4_unicode_ci DEFAULT NULL,
  `created_at` timestamp NULL DEFAULT NULL,
  `updated_at` timestamp NULL DEFAULT NULL,
  PRIMARY KEY (`id`)
) ENGINE=InnoDB AUTO_INCREMENT=2 DEFAULT CHARSET=utf8mb4 COLLATE=utf8mb4_unicode_ci;

--
-- Dumping data for table `ec_shipping`
--

INSERT INTO `ec_shipping` VALUES (1,'All',NULL,'2022-11-10 21:04:37','2022-11-10 21:04:37');

--
-- Table structure for table `ec_shipping_rule_items`
--

CREATE TABLE `ec_shipping_rule_items` (
  `id` bigint unsigned NOT NULL AUTO_INCREMENT,
  `shipping_rule_id` int unsigned NOT NULL,
  `country` varchar(120) COLLATE utf8mb4_unicode_ci DEFAULT NULL,
  `state` varchar(120) COLLATE utf8mb4_unicode_ci DEFAULT NULL,
  `city` varchar(120) COLLATE utf8mb4_unicode_ci DEFAULT NULL,
  `adjustment_price` decimal(15,2) DEFAULT '0.00',
  `is_enabled` tinyint(1) NOT NULL DEFAULT '1',
  `created_at` timestamp NULL DEFAULT NULL,
  `updated_at` timestamp NULL DEFAULT NULL,
  PRIMARY KEY (`id`)
) ENGINE=InnoDB DEFAULT CHARSET=utf8mb4 COLLATE=utf8mb4_unicode_ci;

--
-- Dumping data for table `ec_shipping_rule_items`
--


--
-- Table structure for table `ec_shipping_rules`
--

CREATE TABLE `ec_shipping_rules` (
  `id` bigint unsigned NOT NULL AUTO_INCREMENT,
  `name` varchar(120) COLLATE utf8mb4_unicode_ci NOT NULL,
  `shipping_id` int unsigned NOT NULL,
  `type` enum('base_on_price','base_on_weight') COLLATE utf8mb4_unicode_ci DEFAULT 'base_on_price',
  `from` decimal(15,2) DEFAULT '0.00',
  `to` decimal(15,2) DEFAULT '0.00',
  `price` decimal(15,2) DEFAULT '0.00',
  `created_at` timestamp NULL DEFAULT NULL,
  `updated_at` timestamp NULL DEFAULT NULL,
  PRIMARY KEY (`id`)
) ENGINE=InnoDB AUTO_INCREMENT=2 DEFAULT CHARSET=utf8mb4 COLLATE=utf8mb4_unicode_ci;

--
-- Dumping data for table `ec_shipping_rules`
--

INSERT INTO `ec_shipping_rules` VALUES (1,'Delivery',1,'base_on_price',0.00,NULL,0.00,'2022-11-10 21:04:37','2022-11-10 21:04:37');

--
-- Table structure for table `ec_store_locators`
--

CREATE TABLE `ec_store_locators` (
  `id` bigint unsigned NOT NULL AUTO_INCREMENT,
  `name` varchar(60) COLLATE utf8mb4_unicode_ci NOT NULL,
  `email` varchar(60) COLLATE utf8mb4_unicode_ci DEFAULT NULL,
  `phone` varchar(20) COLLATE utf8mb4_unicode_ci NOT NULL,
  `address` varchar(255) COLLATE utf8mb4_unicode_ci NOT NULL,
  `country` varchar(120) COLLATE utf8mb4_unicode_ci DEFAULT NULL,
  `state` varchar(120) COLLATE utf8mb4_unicode_ci DEFAULT NULL,
  `city` varchar(120) COLLATE utf8mb4_unicode_ci DEFAULT NULL,
  `is_primary` tinyint(1) DEFAULT '0',
  `is_shipping_location` tinyint(1) DEFAULT '1',
  `created_at` timestamp NULL DEFAULT NULL,
  `updated_at` timestamp NULL DEFAULT NULL,
  PRIMARY KEY (`id`)
) ENGINE=InnoDB AUTO_INCREMENT=2 DEFAULT CHARSET=utf8mb4 COLLATE=utf8mb4_unicode_ci;

--
-- Dumping data for table `ec_store_locators`
--

INSERT INTO `ec_store_locators` VALUES (1,'Martfury','sales@botble.com','1800979769','502 New Street','AU','Brighton VIC','Brighton VIC',1,1,'2022-11-10 21:04:40','2022-11-10 21:04:40');

--
-- Table structure for table `ec_taxes`
--

CREATE TABLE `ec_taxes` (
  `id` bigint unsigned NOT NULL AUTO_INCREMENT,
  `title` varchar(191) COLLATE utf8mb4_unicode_ci DEFAULT NULL,
  `percentage` double(8,6) DEFAULT NULL,
  `priority` int DEFAULT NULL,
  `status` varchar(60) COLLATE utf8mb4_unicode_ci NOT NULL DEFAULT 'published',
  `created_at` timestamp NULL DEFAULT NULL,
  `updated_at` timestamp NULL DEFAULT NULL,
  PRIMARY KEY (`id`)
) ENGINE=InnoDB AUTO_INCREMENT=3 DEFAULT CHARSET=utf8mb4 COLLATE=utf8mb4_unicode_ci;

--
-- Dumping data for table `ec_taxes`
--

INSERT INTO `ec_taxes` VALUES (1,'VAT',10.000000,1,'published','2022-11-10 21:04:37','2022-11-10 21:04:37'),(2,'None',0.000000,2,'published','2022-11-10 21:04:37','2022-11-10 21:04:37');

--
-- Table structure for table `ec_wish_lists`
--

CREATE TABLE `ec_wish_lists` (
  `id` bigint unsigned NOT NULL AUTO_INCREMENT,
  `customer_id` int unsigned NOT NULL,
  `product_id` int unsigned NOT NULL,
  `created_at` timestamp NULL DEFAULT NULL,
  `updated_at` timestamp NULL DEFAULT NULL,
  PRIMARY KEY (`id`),
  KEY `ec_wish_lists_product_id_customer_id_index` (`product_id`,`customer_id`)
) ENGINE=InnoDB DEFAULT CHARSET=utf8mb4 COLLATE=utf8mb4_unicode_ci;

--
-- Dumping data for table `ec_wish_lists`
--


--
-- Table structure for table `failed_jobs`
--

CREATE TABLE `failed_jobs` (
  `id` bigint unsigned NOT NULL AUTO_INCREMENT,
  `uuid` varchar(191) COLLATE utf8mb4_unicode_ci NOT NULL,
  `connection` text COLLATE utf8mb4_unicode_ci NOT NULL,
  `queue` text COLLATE utf8mb4_unicode_ci NOT NULL,
  `payload` longtext COLLATE utf8mb4_unicode_ci NOT NULL,
  `exception` longtext COLLATE utf8mb4_unicode_ci NOT NULL,
  `failed_at` timestamp NOT NULL DEFAULT CURRENT_TIMESTAMP,
  PRIMARY KEY (`id`),
  UNIQUE KEY `failed_jobs_uuid_unique` (`uuid`)
) ENGINE=InnoDB DEFAULT CHARSET=utf8mb4 COLLATE=utf8mb4_unicode_ci;

--
-- Dumping data for table `failed_jobs`
--


--
-- Table structure for table `faq_categories`
--

CREATE TABLE `faq_categories` (
  `id` bigint unsigned NOT NULL AUTO_INCREMENT,
  `name` varchar(120) COLLATE utf8mb4_unicode_ci NOT NULL,
  `order` tinyint NOT NULL DEFAULT '0',
  `status` varchar(60) COLLATE utf8mb4_unicode_ci NOT NULL DEFAULT 'published',
  `created_at` timestamp NULL DEFAULT NULL,
  `updated_at` timestamp NULL DEFAULT NULL,
  PRIMARY KEY (`id`)
) ENGINE=InnoDB AUTO_INCREMENT=4 DEFAULT CHARSET=utf8mb4 COLLATE=utf8mb4_unicode_ci;

--
-- Dumping data for table `faq_categories`
--

INSERT INTO `faq_categories` VALUES (1,'SHIPPING',0,'published','2022-11-10 21:04:40','2022-11-10 21:04:40'),(2,'PAYMENT',1,'published','2022-11-10 21:04:40','2022-11-10 21:04:40'),(3,'ORDER & RETURNS',2,'published','2022-11-10 21:04:40','2022-11-10 21:04:40');

--
-- Table structure for table `faq_categories_translations`
--

CREATE TABLE `faq_categories_translations` (
  `lang_code` varchar(191) COLLATE utf8mb4_unicode_ci NOT NULL,
  `faq_categories_id` int NOT NULL,
  `name` varchar(120) COLLATE utf8mb4_unicode_ci DEFAULT NULL,
  PRIMARY KEY (`lang_code`,`faq_categories_id`)
) ENGINE=InnoDB DEFAULT CHARSET=utf8mb4 COLLATE=utf8mb4_unicode_ci;

--
-- Dumping data for table `faq_categories_translations`
--

INSERT INTO `faq_categories_translations` VALUES ('vi',1,'VẬN CHUYỂN'),('vi',2,'THANH TOÁN'),('vi',3,'ĐƠN HÀNG & HOÀN TRẢ');

--
-- Table structure for table `faqs`
--

CREATE TABLE `faqs` (
  `id` bigint unsigned NOT NULL AUTO_INCREMENT,
  `question` text COLLATE utf8mb4_unicode_ci NOT NULL,
  `answer` text COLLATE utf8mb4_unicode_ci NOT NULL,
  `category_id` int unsigned NOT NULL,
  `status` varchar(60) COLLATE utf8mb4_unicode_ci NOT NULL DEFAULT 'published',
  `created_at` timestamp NULL DEFAULT NULL,
  `updated_at` timestamp NULL DEFAULT NULL,
  PRIMARY KEY (`id`)
) ENGINE=InnoDB AUTO_INCREMENT=11 DEFAULT CHARSET=utf8mb4 COLLATE=utf8mb4_unicode_ci;

--
-- Dumping data for table `faqs`
--

INSERT INTO `faqs` VALUES (1,'What Shipping Methods Are Available?','Ex Portland Pitchfork irure mustache. Eutra fap before they sold out literally. Aliquip ugh bicycle rights actually mlkshk, seitan squid craft beer tempor.',1,'published','2022-11-10 21:04:40','2022-11-10 21:04:40'),(2,'Do You Ship Internationally?','Hoodie tote bag mixtape tofu. Typewriter jean shorts wolf quinoa, messenger bag organic freegan cray.',1,'published','2022-11-10 21:04:40','2022-11-10 21:04:40'),(3,'How Long Will It Take To Get My Package?','Swag slow-carb quinoa VHS typewriter pork belly brunch, paleo single-origin coffee Wes Anderson. Flexitarian Pitchfork forage, literally paleo fap pour-over. Wes Anderson Pinterest YOLO fanny pack meggings, deep v XOXO chambray sustainable slow-carb raw denim church-key fap chillwave Etsy. +1 typewriter kitsch, American Apparel tofu Banksy Vice.',1,'published','2022-11-10 21:04:40','2022-11-10 21:04:40'),(4,'What Payment Methods Are Accepted?','Fashion axe DIY jean shorts, swag kale chips meh polaroid kogi butcher Wes Anderson chambray next level semiotics gentrify yr. Voluptate photo booth fugiat Vice. Austin sed Williamsburg, ea labore raw denim voluptate cred proident mixtape excepteur mustache. Twee chia photo booth readymade food truck, hoodie roof party swag keytar PBR DIY.',2,'published','2022-11-10 21:04:40','2022-11-10 21:04:40'),(5,'Is Buying On-Line Safe?','Art party authentic freegan semiotics jean shorts chia cred. Neutra Austin roof party Brooklyn, synth Thundercats swag 8-bit photo booth. Plaid letterpress leggings craft beer meh ethical Pinterest.',2,'published','2022-11-10 21:04:40','2022-11-10 21:04:40'),(6,'How do I place an Order?','Keytar cray slow-carb, Godard banh mi salvia pour-over. Slow-carb Odd Future seitan normcore. Master cleanse American Apparel gentrify flexitarian beard slow-carb next level. Raw denim polaroid paleo farm-to-table, put a bird on it lo-fi tattooed Wes Anderson Pinterest letterpress. Fingerstache McSweeney’s pour-over, letterpress Schlitz photo booth master cleanse bespoke hashtag chillwave gentrify.',3,'published','2022-11-10 21:04:40','2022-11-10 21:04:40'),(7,'How Can I Cancel Or Change My Order?','Plaid letterpress leggings craft beer meh ethical Pinterest. Art party authentic freegan semiotics jean shorts chia cred. Neutra Austin roof party Brooklyn, synth Thundercats swag 8-bit photo booth.',3,'published','2022-11-10 21:04:40','2022-11-10 21:04:40'),(8,'Do I need an account to place an order?','Thundercats swag 8-bit photo booth. Plaid letterpress leggings craft beer meh ethical Pinterest. Twee chia photo booth readymade food truck, hoodie roof party swag keytar PBR DIY. Cray ugh 3 wolf moon fap, fashion axe irony butcher cornhole typewriter chambray VHS banjo street art.',3,'published','2022-11-10 21:04:40','2022-11-10 21:04:40'),(9,'How Do I Track My Order?','Keytar cray slow-carb, Godard banh mi salvia pour-over. Slow-carb @Odd Future seitan normcore. Master cleanse American Apparel gentrify flexitarian beard slow-carb next level.',3,'published','2022-11-10 21:04:40','2022-11-10 21:04:40'),(10,'How Can I Return a Product?','Kale chips Truffaut Williamsburg, hashtag fixie Pinterest raw denim c hambray drinking vinegar Carles street art Bushwick gastropub. Wolf Tumblr paleo church-key. Plaid food truck Echo Park YOLO bitters hella, direct trade Thundercats leggings quinoa before they sold out. You probably haven’t heard of them wayfarers authentic umami drinking vinegar Pinterest Cosby sweater, fingerstache fap High Life.',3,'published','2022-11-10 21:04:40','2022-11-10 21:04:40');

--
-- Table structure for table `faqs_translations`
--

CREATE TABLE `faqs_translations` (
  `lang_code` varchar(191) COLLATE utf8mb4_unicode_ci NOT NULL,
  `faqs_id` int NOT NULL,
  `question` text COLLATE utf8mb4_unicode_ci,
  `answer` text COLLATE utf8mb4_unicode_ci,
  PRIMARY KEY (`lang_code`,`faqs_id`)
) ENGINE=InnoDB DEFAULT CHARSET=utf8mb4 COLLATE=utf8mb4_unicode_ci;

--
-- Dumping data for table `faqs_translations`
--

INSERT INTO `faqs_translations` VALUES ('vi',1,'Có những phương thức vận chuyển nào?','Ex Portland Pitchfork irure ria mép. Eutra fap trước khi họ bán hết theo đúng nghĩa đen. Aliquip ugh quyền xe đạp thực sự mlkshk, rượu bia thủ công mực seitan. '),('vi',2,'Bạn có giao hàng quốc tế không?','Áo hoodie túi tote Tofu mixtape. Quần đùi jean đánh chữ Wolf quinoa, túi messenger hữu cơ freegan cray. '),('vi',3,'Mất bao lâu để nhận được gói hàng của tôi?','Bữa nửa buổi ăn sáng bằng bụng heo quay từ máy đánh chữ VHS, cà phê có nguồn gốc đơn Paleo, Wes Anderson. Khoan Pitchfork linh hoạt, theo nghĩa đen là đổ qua fap theo nghĩa đen. Wes Anderson Pinterest YOLO fanny pack meggings, deep v XOXO chambray bền vững slow-carb raw denim Church-key fap chillwave Etsy. +1 bộ dụng cụ đánh máy, đậu phụ Banksy Vice của American Apparel. '),('vi',4,'Phương thức thanh toán nào được chấp nhận?','Fashion Axe DIY jean shorts, swag kale chips meh polaroid kogi butcher Wes Anderson chambray next level semiotics gentrify yr. Quầy ảnh Voluptate fugiat Vice. Austin sed Williamsburg, ea labore raw denim voluptate cred proident mixtape excepteur ria mép. Twee chia gian hàng chụp ảnh xe bán đồ ăn sẵn, bữa tiệc trên mái áo hoodie swag keytar PBR DIY. '),('vi',5,'Mua trực tuyến có an toàn không?','Bữa tiệc nghệ thuật đích thực freegan semiotics jean shorts chia credit. Tiệc trên mái nhà Neutra Austin Brooklyn, Thundercats swag synth gian hàng ảnh 8-bit. Xà cạp letterpress kẻ sọc thủ công bia meh đạo đức Pinterest. '),('vi',6,'Làm cách nào để đặt hàng?','Keytar cray slow-carb, Godard banh mi salvia pour-over. Slow-carb Odd Định mức seitan trong tương lai. Master làm sạch American Apparel nhẹ nhàng làm sạch râu linh hoạt chậm carb cấp độ tiếp theo. Vải thô denim polaroid nhạt từ trang trại đến bàn, đặt một con chim trên đó hình xăm lo-fi Wes Anderson Pinterest letterpress. Bậc thầy gian hàng ảnh Schlitz của Fingerstache McSweeney đang làm sạch thẻ bắt đầu bằng hashtag theo yêu cầu riêng, chillwave gentrify. '),('vi',7,'Làm cách nào để tôi có thể hủy hoặc thay đổi đơn hàng của mình?','Xà cạp letterpress kẻ sọc thủ công bia meh đạo đức Pinterest. Bữa tiệc nghệ thuật đích thực freegan semiotics jean shorts chia tín. Tiệc trên mái nhà Neutra Austin ở Brooklyn, synth Thundercats có gian hàng ảnh 8-bit. '),('vi',8,'Tôi có cần tài khoản để đặt hàng không?','Thundercats làm lung lay gian hàng ảnh 8-bit. Xà cạp letterpress kẻ sọc thủ công bia meh đạo đức Pinterest. Twee chia ảnh gian hàng xe bán thức ăn làm sẵn, bữa tiệc trên mái áo hoodie swag keytar PBR DIY. Cray ugh 3 wolf moon fap, rìu thời trang mỉa mai người bán thịt máy đánh chữ chambray VHS banjo nghệ thuật đường phố. '),('vi',9,'Làm cách nào để theo dõi đơn hàng của tôi?','Keytar cray slow-carb, Godard banh mi salvia pour-over. Slow-carb @Odd Định mức seitan trong tương lai. Bậc thầy làm sạch American Apparel nhẹ nhàng làm sạch râu linh hoạt theo kiểu chậm carb cấp độ tiếp theo. '),('vi',10,'Làm cách nào để trả lại sản phẩm?','Kale chips Truffaut Williamsburg, fixie hashtag Pinterest raw denim c hambray uống giấm Carles street art Bushwick gastropub. Chìa khóa nhà thờ Wolf Tumblr. Xe tải thực phẩm kẻ sọc Echo Park YOLO cắn hella, giao dịch trực tiếp Thundercats legging quinoa trước khi bán hết. Có thể bạn chưa từng nghe nói về họ những người truyền bá vị umami đích thực uống giấm Pinterest Áo len Cosby, fingerstache fap High Life. ');

--
-- Table structure for table `jobs`
--

CREATE TABLE `jobs` (
  `id` bigint unsigned NOT NULL AUTO_INCREMENT,
  `queue` varchar(191) COLLATE utf8mb4_unicode_ci NOT NULL,
  `payload` longtext COLLATE utf8mb4_unicode_ci NOT NULL,
  `attempts` tinyint unsigned NOT NULL,
  `reserved_at` int unsigned DEFAULT NULL,
  `available_at` int unsigned NOT NULL,
  `created_at` int unsigned NOT NULL,
  PRIMARY KEY (`id`),
  KEY `jobs_queue_index` (`queue`)
) ENGINE=InnoDB DEFAULT CHARSET=utf8mb4 COLLATE=utf8mb4_unicode_ci;

--
-- Dumping data for table `jobs`
--


--
-- Table structure for table `language_meta`
--

CREATE TABLE `language_meta` (
  `lang_meta_id` int unsigned NOT NULL AUTO_INCREMENT,
  `lang_meta_code` text COLLATE utf8mb4_unicode_ci,
  `lang_meta_origin` varchar(255) COLLATE utf8mb4_unicode_ci NOT NULL,
  `reference_id` int unsigned NOT NULL,
  `reference_type` varchar(120) COLLATE utf8mb4_unicode_ci NOT NULL,
  PRIMARY KEY (`lang_meta_id`),
  KEY `language_meta_reference_id_index` (`reference_id`)
) ENGINE=InnoDB AUTO_INCREMENT=13 DEFAULT CHARSET=utf8mb4 COLLATE=utf8mb4_unicode_ci;

--
-- Dumping data for table `language_meta`
--

INSERT INTO `language_meta` VALUES (1,'en_US','0d4733d4f7d05867cf0353038a3ae27a',1,'Botble\\SimpleSlider\\Models\\SimpleSlider'),(2,'vi','0d4733d4f7d05867cf0353038a3ae27a',2,'Botble\\SimpleSlider\\Models\\SimpleSlider'),(3,'en_US','3c00d43c4caaa987de61b8badeae441b',1,'Botble\\Menu\\Models\\MenuLocation'),(4,'en_US','5be938af891df431db6a207a90110b3c',1,'Botble\\Menu\\Models\\Menu'),(5,'en_US','114022c9fc97a1fdee6c1ce3e8cfae47',2,'Botble\\Menu\\Models\\Menu'),(6,'en_US','48b9b166ade72f011dce9b872eb3fc54',3,'Botble\\Menu\\Models\\Menu'),(7,'en_US','0f689c40b4bab40c7329026911d03e4b',4,'Botble\\Menu\\Models\\Menu'),(8,'vi','fe53ebb46bb9294c66d8db4166b97b19',2,'Botble\\Menu\\Models\\MenuLocation'),(9,'vi','5be938af891df431db6a207a90110b3c',5,'Botble\\Menu\\Models\\Menu'),(10,'vi','114022c9fc97a1fdee6c1ce3e8cfae47',6,'Botble\\Menu\\Models\\Menu'),(11,'vi','48b9b166ade72f011dce9b872eb3fc54',7,'Botble\\Menu\\Models\\Menu'),(12,'vi','0f689c40b4bab40c7329026911d03e4b',8,'Botble\\Menu\\Models\\Menu');

--
-- Table structure for table `languages`
--

CREATE TABLE `languages` (
  `lang_id` int unsigned NOT NULL AUTO_INCREMENT,
  `lang_name` varchar(120) COLLATE utf8mb4_unicode_ci NOT NULL,
  `lang_locale` varchar(20) COLLATE utf8mb4_unicode_ci NOT NULL,
  `lang_code` varchar(20) COLLATE utf8mb4_unicode_ci NOT NULL,
  `lang_flag` varchar(20) COLLATE utf8mb4_unicode_ci DEFAULT NULL,
  `lang_is_default` tinyint unsigned NOT NULL DEFAULT '0',
  `lang_order` int NOT NULL DEFAULT '0',
  `lang_is_rtl` tinyint unsigned NOT NULL DEFAULT '0',
  PRIMARY KEY (`lang_id`)
) ENGINE=InnoDB AUTO_INCREMENT=3 DEFAULT CHARSET=utf8mb4 COLLATE=utf8mb4_unicode_ci;

--
-- Dumping data for table `languages`
--

INSERT INTO `languages` VALUES (1,'English','en','en_US','us',1,0,0),(2,'Tiếng Việt','vi','vi','vn',0,0,0);

--
-- Table structure for table `media_files`
--

CREATE TABLE `media_files` (
  `id` bigint unsigned NOT NULL AUTO_INCREMENT,
  `user_id` int unsigned NOT NULL,
  `name` varchar(255) COLLATE utf8mb4_unicode_ci NOT NULL,
  `folder_id` int unsigned NOT NULL DEFAULT '0',
  `mime_type` varchar(120) COLLATE utf8mb4_unicode_ci NOT NULL,
  `size` int NOT NULL,
  `url` varchar(255) COLLATE utf8mb4_unicode_ci NOT NULL,
  `options` text COLLATE utf8mb4_unicode_ci,
  `created_at` timestamp NULL DEFAULT NULL,
  `updated_at` timestamp NULL DEFAULT NULL,
  `deleted_at` timestamp NULL DEFAULT NULL,
  PRIMARY KEY (`id`),
  KEY `media_files_user_id_index` (`user_id`),
  KEY `media_files_index` (`folder_id`,`user_id`,`created_at`)
) ENGINE=InnoDB AUTO_INCREMENT=151 DEFAULT CHARSET=utf8mb4 COLLATE=utf8mb4_unicode_ci;

--
-- Dumping data for table `media_files`
--

INSERT INTO `media_files` VALUES (1,0,'1',1,'image/jpeg',916,'brands/1.jpg','[]','2022-11-10 21:04:30','2022-11-10 21:04:30',NULL),(2,0,'2',1,'image/jpeg',916,'brands/2.jpg','[]','2022-11-10 21:04:30','2022-11-10 21:04:30',NULL),(3,0,'3',1,'image/jpeg',916,'brands/3.jpg','[]','2022-11-10 21:04:30','2022-11-10 21:04:30',NULL),(4,0,'4',1,'image/jpeg',916,'brands/4.jpg','[]','2022-11-10 21:04:30','2022-11-10 21:04:30',NULL),(5,0,'5',1,'image/jpeg',916,'brands/5.jpg','[]','2022-11-10 21:04:30','2022-11-10 21:04:30',NULL),(6,0,'6',1,'image/jpeg',916,'brands/6.jpg','[]','2022-11-10 21:04:30','2022-11-10 21:04:30',NULL),(7,0,'7',1,'image/jpeg',916,'brands/7.jpg','[]','2022-11-10 21:04:30','2022-11-10 21:04:30',NULL),(8,0,'1',2,'image/jpeg',2165,'product-categories/1.jpg','[]','2022-11-10 21:04:30','2022-11-10 21:04:30',NULL),(9,0,'2',2,'image/jpeg',2165,'product-categories/2.jpg','[]','2022-11-10 21:04:30','2022-11-10 21:04:30',NULL),(10,0,'3',2,'image/jpeg',2165,'product-categories/3.jpg','[]','2022-11-10 21:04:30','2022-11-10 21:04:30',NULL),(11,0,'4',2,'image/jpeg',2165,'product-categories/4.jpg','[]','2022-11-10 21:04:30','2022-11-10 21:04:30',NULL),(12,0,'5',2,'image/jpeg',2165,'product-categories/5.jpg','[]','2022-11-10 21:04:30','2022-11-10 21:04:30',NULL),(13,0,'6',2,'image/jpeg',2165,'product-categories/6.jpg','[]','2022-11-10 21:04:30','2022-11-10 21:04:30',NULL),(14,0,'7',2,'image/jpeg',2165,'product-categories/7.jpg','[]','2022-11-10 21:04:31','2022-11-10 21:04:31',NULL),(15,0,'8',2,'image/jpeg',2165,'product-categories/8.jpg','[]','2022-11-10 21:04:31','2022-11-10 21:04:31',NULL),(16,0,'1',3,'image/jpeg',2165,'products/1.jpg','[]','2022-11-10 21:04:31','2022-11-10 21:04:31',NULL),(17,0,'10-1',3,'image/jpeg',2165,'products/10-1.jpg','[]','2022-11-10 21:04:31','2022-11-10 21:04:31',NULL),(18,0,'10-2',3,'image/jpeg',2165,'products/10-2.jpg','[]','2022-11-10 21:04:31','2022-11-10 21:04:31',NULL),(19,0,'10',3,'image/jpeg',2165,'products/10.jpg','[]','2022-11-10 21:04:31','2022-11-10 21:04:31',NULL),(20,0,'11-1',3,'image/jpeg',2165,'products/11-1.jpg','[]','2022-11-10 21:04:31','2022-11-10 21:04:31',NULL),(21,0,'11-2',3,'image/jpeg',2165,'products/11-2.jpg','[]','2022-11-10 21:04:31','2022-11-10 21:04:31',NULL),(22,0,'11-3',3,'image/jpeg',2165,'products/11-3.jpg','[]','2022-11-10 21:04:31','2022-11-10 21:04:31',NULL),(23,0,'11',3,'image/jpeg',2165,'products/11.jpg','[]','2022-11-10 21:04:31','2022-11-10 21:04:31',NULL),(24,0,'12-1',3,'image/jpeg',2165,'products/12-1.jpg','[]','2022-11-10 21:04:31','2022-11-10 21:04:31',NULL),(25,0,'12-2',3,'image/jpeg',2165,'products/12-2.jpg','[]','2022-11-10 21:04:31','2022-11-10 21:04:31',NULL),(26,0,'12-3',3,'image/jpeg',2165,'products/12-3.jpg','[]','2022-11-10 21:04:31','2022-11-10 21:04:31',NULL),(27,0,'12',3,'image/jpeg',2165,'products/12.jpg','[]','2022-11-10 21:04:32','2022-11-10 21:04:32',NULL),(28,0,'13-1',3,'image/jpeg',2165,'products/13-1.jpg','[]','2022-11-10 21:04:32','2022-11-10 21:04:32',NULL),(29,0,'13',3,'image/jpeg',2165,'products/13.jpg','[]','2022-11-10 21:04:32','2022-11-10 21:04:32',NULL),(30,0,'14',3,'image/jpeg',2165,'products/14.jpg','[]','2022-11-10 21:04:32','2022-11-10 21:04:32',NULL),(31,0,'15-1',3,'image/jpeg',2165,'products/15-1.jpg','[]','2022-11-10 21:04:32','2022-11-10 21:04:32',NULL),(32,0,'15',3,'image/jpeg',2165,'products/15.jpg','[]','2022-11-10 21:04:32','2022-11-10 21:04:32',NULL),(33,0,'16',3,'image/jpeg',2165,'products/16.jpg','[]','2022-11-10 21:04:32','2022-11-10 21:04:32',NULL),(34,0,'17-1',3,'image/jpeg',2165,'products/17-1.jpg','[]','2022-11-10 21:04:32','2022-11-10 21:04:32',NULL),(35,0,'17-2',3,'image/jpeg',2165,'products/17-2.jpg','[]','2022-11-10 21:04:32','2022-11-10 21:04:32',NULL),(36,0,'17-3',3,'image/jpeg',2165,'products/17-3.jpg','[]','2022-11-10 21:04:32','2022-11-10 21:04:32',NULL),(37,0,'17',3,'image/jpeg',2165,'products/17.jpg','[]','2022-11-10 21:04:32','2022-11-10 21:04:32',NULL),(38,0,'18-1',3,'image/jpeg',2165,'products/18-1.jpg','[]','2022-11-10 21:04:32','2022-11-10 21:04:32',NULL),(39,0,'18-2',3,'image/jpeg',2165,'products/18-2.jpg','[]','2022-11-10 21:04:32','2022-11-10 21:04:32',NULL),(40,0,'18-3',3,'image/jpeg',2165,'products/18-3.jpg','[]','2022-11-10 21:04:32','2022-11-10 21:04:32',NULL),(41,0,'18',3,'image/jpeg',2165,'products/18.jpg','[]','2022-11-10 21:04:32','2022-11-10 21:04:32',NULL),(42,0,'19-1',3,'image/jpeg',2165,'products/19-1.jpg','[]','2022-11-10 21:04:33','2022-11-10 21:04:33',NULL),(43,0,'19-2',3,'image/jpeg',2165,'products/19-2.jpg','[]','2022-11-10 21:04:33','2022-11-10 21:04:33',NULL),(44,0,'19-3',3,'image/jpeg',2165,'products/19-3.jpg','[]','2022-11-10 21:04:33','2022-11-10 21:04:33',NULL),(45,0,'19',3,'image/jpeg',2165,'products/19.jpg','[]','2022-11-10 21:04:33','2022-11-10 21:04:33',NULL),(46,0,'2-1',3,'image/jpeg',2165,'products/2-1.jpg','[]','2022-11-10 21:04:33','2022-11-10 21:04:33',NULL),(47,0,'2-2',3,'image/jpeg',2165,'products/2-2.jpg','[]','2022-11-10 21:04:33','2022-11-10 21:04:33',NULL),(48,0,'2-3',3,'image/jpeg',2165,'products/2-3.jpg','[]','2022-11-10 21:04:33','2022-11-10 21:04:33',NULL),(49,0,'2',3,'image/jpeg',2165,'products/2.jpg','[]','2022-11-10 21:04:33','2022-11-10 21:04:33',NULL),(50,0,'20-1',3,'image/jpeg',2165,'products/20-1.jpg','[]','2022-11-10 21:04:33','2022-11-10 21:04:33',NULL),(51,0,'20-2',3,'image/jpeg',2165,'products/20-2.jpg','[]','2022-11-10 21:04:33','2022-11-10 21:04:33',NULL),(52,0,'20-3',3,'image/jpeg',2165,'products/20-3.jpg','[]','2022-11-10 21:04:33','2022-11-10 21:04:33',NULL),(53,0,'20',3,'image/jpeg',2165,'products/20.jpg','[]','2022-11-10 21:04:33','2022-11-10 21:04:33',NULL),(54,0,'21-1',3,'image/jpeg',2165,'products/21-1.jpg','[]','2022-11-10 21:04:33','2022-11-10 21:04:33',NULL),(55,0,'21-2',3,'image/jpeg',2165,'products/21-2.jpg','[]','2022-11-10 21:04:33','2022-11-10 21:04:33',NULL),(56,0,'21',3,'image/jpeg',2165,'products/21.jpg','[]','2022-11-10 21:04:34','2022-11-10 21:04:34',NULL),(57,0,'22-1',3,'image/jpeg',2165,'products/22-1.jpg','[]','2022-11-10 21:04:34','2022-11-10 21:04:34',NULL),(58,0,'22-2',3,'image/jpeg',2165,'products/22-2.jpg','[]','2022-11-10 21:04:34','2022-11-10 21:04:34',NULL),(59,0,'22-3',3,'image/jpeg',2165,'products/22-3.jpg','[]','2022-11-10 21:04:34','2022-11-10 21:04:34',NULL),(60,0,'22',3,'image/jpeg',2165,'products/22.jpg','[]','2022-11-10 21:04:34','2022-11-10 21:04:34',NULL),(61,0,'23-1',3,'image/jpeg',2165,'products/23-1.jpg','[]','2022-11-10 21:04:34','2022-11-10 21:04:34',NULL),(62,0,'23-2',3,'image/jpeg',2165,'products/23-2.jpg','[]','2022-11-10 21:04:34','2022-11-10 21:04:34',NULL),(63,0,'23-3',3,'image/jpeg',2165,'products/23-3.jpg','[]','2022-11-10 21:04:34','2022-11-10 21:04:34',NULL),(64,0,'23',3,'image/jpeg',2165,'products/23.jpg','[]','2022-11-10 21:04:34','2022-11-10 21:04:34',NULL),(65,0,'3',3,'image/jpeg',2165,'products/3.jpg','[]','2022-11-10 21:04:34','2022-11-10 21:04:34',NULL),(66,0,'4-1',3,'image/jpeg',2165,'products/4-1.jpg','[]','2022-11-10 21:04:34','2022-11-10 21:04:34',NULL),(67,0,'4-2',3,'image/jpeg',2165,'products/4-2.jpg','[]','2022-11-10 21:04:34','2022-11-10 21:04:34',NULL),(68,0,'4-3',3,'image/jpeg',2165,'products/4-3.jpg','[]','2022-11-10 21:04:34','2022-11-10 21:04:34',NULL),(69,0,'4',3,'image/jpeg',2165,'products/4.jpg','[]','2022-11-10 21:04:34','2022-11-10 21:04:34',NULL),(70,0,'5-1',3,'image/jpeg',2165,'products/5-1.jpg','[]','2022-11-10 21:04:35','2022-11-10 21:04:35',NULL),(71,0,'5-2',3,'image/jpeg',2165,'products/5-2.jpg','[]','2022-11-10 21:04:35','2022-11-10 21:04:35',NULL),(72,0,'5-3',3,'image/jpeg',2165,'products/5-3.jpg','[]','2022-11-10 21:04:35','2022-11-10 21:04:35',NULL),(73,0,'5',3,'image/jpeg',2165,'products/5.jpg','[]','2022-11-10 21:04:35','2022-11-10 21:04:35',NULL),(74,0,'6',3,'image/jpeg',2165,'products/6.jpg','[]','2022-11-10 21:04:35','2022-11-10 21:04:35',NULL),(75,0,'7',3,'image/jpeg',2165,'products/7.jpg','[]','2022-11-10 21:04:35','2022-11-10 21:04:35',NULL),(76,0,'8-1',3,'image/jpeg',2165,'products/8-1.jpg','[]','2022-11-10 21:04:35','2022-11-10 21:04:35',NULL),(77,0,'8-2',3,'image/jpeg',2165,'products/8-2.jpg','[]','2022-11-10 21:04:35','2022-11-10 21:04:35',NULL),(78,0,'8-3',3,'image/jpeg',2165,'products/8-3.jpg','[]','2022-11-10 21:04:35','2022-11-10 21:04:35',NULL),(79,0,'8',3,'image/jpeg',2165,'products/8.jpg','[]','2022-11-10 21:04:35','2022-11-10 21:04:35',NULL),(80,0,'9-1',3,'image/jpeg',2165,'products/9-1.jpg','[]','2022-11-10 21:04:35','2022-11-10 21:04:35',NULL),(81,0,'9-2',3,'image/jpeg',2165,'products/9-2.jpg','[]','2022-11-10 21:04:35','2022-11-10 21:04:35',NULL),(82,0,'9',3,'image/jpeg',2165,'products/9.jpg','[]','2022-11-10 21:04:35','2022-11-10 21:04:35',NULL),(83,0,'1',4,'image/jpeg',2165,'customers/1.jpg','[]','2022-11-10 21:04:36','2022-11-10 21:04:36',NULL),(84,0,'10',4,'image/jpeg',2165,'customers/10.jpg','[]','2022-11-10 21:04:36','2022-11-10 21:04:36',NULL),(85,0,'2',4,'image/jpeg',2165,'customers/2.jpg','[]','2022-11-10 21:04:36','2022-11-10 21:04:36',NULL),(86,0,'3',4,'image/jpeg',2165,'customers/3.jpg','[]','2022-11-10 21:04:36','2022-11-10 21:04:36',NULL),(87,0,'4',4,'image/jpeg',2165,'customers/4.jpg','[]','2022-11-10 21:04:36','2022-11-10 21:04:36',NULL),(88,0,'5',4,'image/jpeg',2165,'customers/5.jpg','[]','2022-11-10 21:04:36','2022-11-10 21:04:36',NULL),(89,0,'6',4,'image/jpeg',2165,'customers/6.jpg','[]','2022-11-10 21:04:36','2022-11-10 21:04:36',NULL),(90,0,'7',4,'image/jpeg',2165,'customers/7.jpg','[]','2022-11-10 21:04:36','2022-11-10 21:04:36',NULL),(91,0,'8',4,'image/jpeg',2165,'customers/8.jpg','[]','2022-11-10 21:04:36','2022-11-10 21:04:36',NULL),(92,0,'9',4,'image/jpeg',2165,'customers/9.jpg','[]','2022-11-10 21:04:37','2022-11-10 21:04:37',NULL),(93,0,'1',5,'image/jpeg',2165,'news/1.jpg','[]','2022-11-10 21:04:37','2022-11-10 21:04:37',NULL),(94,0,'10',5,'image/jpeg',2165,'news/10.jpg','[]','2022-11-10 21:04:37','2022-11-10 21:04:37',NULL),(95,0,'11',5,'image/jpeg',2165,'news/11.jpg','[]','2022-11-10 21:04:37','2022-11-10 21:04:37',NULL),(96,0,'2',5,'image/jpeg',2165,'news/2.jpg','[]','2022-11-10 21:04:38','2022-11-10 21:04:38',NULL),(97,0,'3',5,'image/jpeg',2165,'news/3.jpg','[]','2022-11-10 21:04:38','2022-11-10 21:04:38',NULL),(98,0,'4',5,'image/jpeg',2165,'news/4.jpg','[]','2022-11-10 21:04:38','2022-11-10 21:04:38',NULL),(99,0,'5',5,'image/jpeg',2165,'news/5.jpg','[]','2022-11-10 21:04:38','2022-11-10 21:04:38',NULL),(100,0,'6',5,'image/jpeg',2165,'news/6.jpg','[]','2022-11-10 21:04:38','2022-11-10 21:04:38',NULL),(101,0,'7',5,'image/jpeg',2165,'news/7.jpg','[]','2022-11-10 21:04:38','2022-11-10 21:04:38',NULL),(102,0,'8',5,'image/jpeg',2165,'news/8.jpg','[]','2022-11-10 21:04:38','2022-11-10 21:04:38',NULL),(103,0,'9',5,'image/jpeg',2165,'news/9.jpg','[]','2022-11-10 21:04:38','2022-11-10 21:04:38',NULL),(104,0,'1-lg',6,'image/jpeg',3852,'sliders/1-lg.jpg','[]','2022-11-10 21:04:38','2022-11-10 21:04:38',NULL),(105,0,'1-md',6,'image/jpeg',3852,'sliders/1-md.jpg','[]','2022-11-10 21:04:38','2022-11-10 21:04:38',NULL),(106,0,'1-sm',6,'image/jpeg',3852,'sliders/1-sm.jpg','[]','2022-11-10 21:04:39','2022-11-10 21:04:39',NULL),(107,0,'2-lg',6,'image/jpeg',3852,'sliders/2-lg.jpg','[]','2022-11-10 21:04:39','2022-11-10 21:04:39',NULL),(108,0,'2-md',6,'image/jpeg',3852,'sliders/2-md.jpg','[]','2022-11-10 21:04:39','2022-11-10 21:04:39',NULL),(109,0,'2-sm',6,'image/jpeg',3852,'sliders/2-sm.jpg','[]','2022-11-10 21:04:39','2022-11-10 21:04:39',NULL),(110,0,'3-lg',6,'image/jpeg',3852,'sliders/3-lg.jpg','[]','2022-11-10 21:04:39','2022-11-10 21:04:39',NULL),(111,0,'3-md',6,'image/jpeg',3852,'sliders/3-md.jpg','[]','2022-11-10 21:04:39','2022-11-10 21:04:39',NULL),(112,0,'3-sm',6,'image/jpeg',3852,'sliders/3-sm.jpg','[]','2022-11-10 21:04:39','2022-11-10 21:04:39',NULL),(113,0,'1',7,'image/jpeg',1463,'promotion/1.jpg','[]','2022-11-10 21:04:40','2022-11-10 21:04:40',NULL),(114,0,'2',7,'image/jpeg',1463,'promotion/2.jpg','[]','2022-11-10 21:04:40','2022-11-10 21:04:40',NULL),(115,0,'3',7,'image/jpeg',2049,'promotion/3.jpg','[]','2022-11-10 21:04:40','2022-11-10 21:04:40',NULL),(116,0,'4',7,'image/jpeg',2049,'promotion/4.jpg','[]','2022-11-10 21:04:40','2022-11-10 21:04:40',NULL),(117,0,'5',7,'image/jpeg',2049,'promotion/5.jpg','[]','2022-11-10 21:04:40','2022-11-10 21:04:40',NULL),(118,0,'6',7,'image/jpeg',2049,'promotion/6.jpg','[]','2022-11-10 21:04:40','2022-11-10 21:04:40',NULL),(119,0,'7',7,'image/jpeg',2049,'promotion/7.jpg','[]','2022-11-10 21:04:40','2022-11-10 21:04:40',NULL),(120,0,'8',7,'image/jpeg',2049,'promotion/8.jpg','[]','2022-11-10 21:04:40','2022-11-10 21:04:40',NULL),(121,0,'9',7,'image/jpeg',2049,'promotion/9.jpg','[]','2022-11-10 21:04:40','2022-11-10 21:04:40',NULL),(122,0,'app',8,'image/png',1849,'general/app.png','[]','2022-11-10 21:04:40','2022-11-10 21:04:40',NULL),(123,0,'coming-soon',8,'image/jpeg',19900,'general/coming-soon.jpg','[]','2022-11-10 21:04:41','2022-11-10 21:04:41',NULL),(124,0,'favicon',8,'image/png',1925,'general/favicon.png','[]','2022-11-10 21:04:41','2022-11-10 21:04:41',NULL),(125,0,'logo-dark',8,'image/png',784,'general/logo-dark.png','[]','2022-11-10 21:04:41','2022-11-10 21:04:41',NULL),(126,0,'logo-light',8,'image/png',783,'general/logo-light.png','[]','2022-11-10 21:04:41','2022-11-10 21:04:41',NULL),(127,0,'logo',8,'image/png',793,'general/logo.png','[]','2022-11-10 21:04:41','2022-11-10 21:04:41',NULL),(128,0,'newsletter',8,'image/jpeg',3316,'general/newsletter.jpg','[]','2022-11-10 21:04:41','2022-11-10 21:04:41',NULL),(129,0,'payment-method-1',8,'image/jpeg',813,'general/payment-method-1.jpg','[]','2022-11-10 21:04:41','2022-11-10 21:04:41',NULL),(130,0,'payment-method-2',8,'image/jpeg',878,'general/payment-method-2.jpg','[]','2022-11-10 21:04:41','2022-11-10 21:04:41',NULL),(131,0,'payment-method-3',8,'image/jpeg',816,'general/payment-method-3.jpg','[]','2022-11-10 21:04:41','2022-11-10 21:04:41',NULL),(132,0,'payment-method-4',8,'image/jpeg',638,'general/payment-method-4.jpg','[]','2022-11-10 21:04:41','2022-11-10 21:04:41',NULL),(133,0,'payment-method-5',8,'image/jpeg',659,'general/payment-method-5.jpg','[]','2022-11-10 21:04:41','2022-11-10 21:04:41',NULL),(134,0,'1',9,'image/png',3482,'stores/1.png','[]','2022-11-10 21:04:41','2022-11-10 21:04:41',NULL),(135,0,'10',9,'image/png',1675,'stores/10.png','[]','2022-11-10 21:04:41','2022-11-10 21:04:41',NULL),(136,0,'11',9,'image/png',1857,'stores/11.png','[]','2022-11-10 21:04:41','2022-11-10 21:04:41',NULL),(137,0,'12',9,'image/png',2046,'stores/12.png','[]','2022-11-10 21:04:41','2022-11-10 21:04:41',NULL),(138,0,'13',9,'image/png',1597,'stores/13.png','[]','2022-11-10 21:04:41','2022-11-10 21:04:41',NULL),(139,0,'14',9,'image/png',1649,'stores/14.png','[]','2022-11-10 21:04:41','2022-11-10 21:04:41',NULL),(140,0,'15',9,'image/png',2120,'stores/15.png','[]','2022-11-10 21:04:41','2022-11-10 21:04:41',NULL),(141,0,'16',9,'image/png',2556,'stores/16.png','[]','2022-11-10 21:04:41','2022-11-10 21:04:41',NULL),(142,0,'17',9,'image/png',2631,'stores/17.png','[]','2022-11-10 21:04:41','2022-11-10 21:04:41',NULL),(143,0,'2',9,'image/png',3369,'stores/2.png','[]','2022-11-10 21:04:41','2022-11-10 21:04:41',NULL),(144,0,'3',9,'image/png',3044,'stores/3.png','[]','2022-11-10 21:04:41','2022-11-10 21:04:41',NULL),(145,0,'4',9,'image/png',3096,'stores/4.png','[]','2022-11-10 21:04:41','2022-11-10 21:04:41',NULL),(146,0,'5',9,'image/png',3607,'stores/5.png','[]','2022-11-10 21:04:41','2022-11-10 21:04:41',NULL),(147,0,'6',9,'image/png',3778,'stores/6.png','[]','2022-11-10 21:04:42','2022-11-10 21:04:42',NULL),(148,0,'7',9,'image/png',1566,'stores/7.png','[]','2022-11-10 21:04:42','2022-11-10 21:04:42',NULL),(149,0,'8',9,'image/png',1773,'stores/8.png','[]','2022-11-10 21:04:42','2022-11-10 21:04:42',NULL),(150,0,'9',9,'image/png',1671,'stores/9.png','[]','2022-11-10 21:04:42','2022-11-10 21:04:42',NULL);

--
-- Table structure for table `media_folders`
--

CREATE TABLE `media_folders` (
  `id` bigint unsigned NOT NULL AUTO_INCREMENT,
  `user_id` int unsigned NOT NULL,
  `name` varchar(191) COLLATE utf8mb4_unicode_ci DEFAULT NULL,
  `slug` varchar(191) COLLATE utf8mb4_unicode_ci DEFAULT NULL,
  `parent_id` int NOT NULL DEFAULT '0',
  `created_at` timestamp NULL DEFAULT NULL,
  `updated_at` timestamp NULL DEFAULT NULL,
  `deleted_at` timestamp NULL DEFAULT NULL,
  PRIMARY KEY (`id`),
  KEY `media_folders_user_id_index` (`user_id`),
  KEY `media_folders_index` (`parent_id`,`user_id`,`created_at`)
) ENGINE=InnoDB AUTO_INCREMENT=10 DEFAULT CHARSET=utf8mb4 COLLATE=utf8mb4_unicode_ci;

--
-- Dumping data for table `media_folders`
--

INSERT INTO `media_folders` VALUES (1,0,'brands','brands',0,'2022-11-10 21:04:30','2022-11-10 21:04:30',NULL),(2,0,'product-categories','product-categories',0,'2022-11-10 21:04:30','2022-11-10 21:04:30',NULL),(3,0,'products','products',0,'2022-11-10 21:04:31','2022-11-10 21:04:31',NULL),(4,0,'customers','customers',0,'2022-11-10 21:04:36','2022-11-10 21:04:36',NULL),(5,0,'news','news',0,'2022-11-10 21:04:37','2022-11-10 21:04:37',NULL),(6,0,'sliders','sliders',0,'2022-11-10 21:04:38','2022-11-10 21:04:38',NULL),(7,0,'promotion','promotion',0,'2022-11-10 21:04:40','2022-11-10 21:04:40',NULL),(8,0,'general','general',0,'2022-11-10 21:04:40','2022-11-10 21:04:40',NULL),(9,0,'stores','stores',0,'2022-11-10 21:04:41','2022-11-10 21:04:41',NULL);

--
-- Table structure for table `media_settings`
--

CREATE TABLE `media_settings` (
  `id` bigint unsigned NOT NULL AUTO_INCREMENT,
  `key` varchar(120) COLLATE utf8mb4_unicode_ci NOT NULL,
  `value` text COLLATE utf8mb4_unicode_ci,
  `media_id` int DEFAULT NULL,
  `user_id` int DEFAULT NULL,
  `created_at` timestamp NULL DEFAULT NULL,
  `updated_at` timestamp NULL DEFAULT NULL,
  PRIMARY KEY (`id`)
) ENGINE=InnoDB DEFAULT CHARSET=utf8mb4 COLLATE=utf8mb4_unicode_ci;

--
-- Dumping data for table `media_settings`
--


--
-- Table structure for table `menu_locations`
--

CREATE TABLE `menu_locations` (
  `id` bigint unsigned NOT NULL AUTO_INCREMENT,
  `menu_id` int unsigned NOT NULL,
  `location` varchar(120) COLLATE utf8mb4_unicode_ci NOT NULL,
  `created_at` timestamp NULL DEFAULT NULL,
  `updated_at` timestamp NULL DEFAULT NULL,
  PRIMARY KEY (`id`),
  KEY `menu_locations_menu_id_created_at_index` (`menu_id`,`created_at`)
) ENGINE=InnoDB AUTO_INCREMENT=3 DEFAULT CHARSET=utf8mb4 COLLATE=utf8mb4_unicode_ci;

--
-- Dumping data for table `menu_locations`
--

INSERT INTO `menu_locations` VALUES (1,1,'main-menu','2022-11-10 21:04:40','2022-11-10 21:04:40'),(2,5,'main-menu','2022-11-10 21:04:40','2022-11-10 21:04:40');

--
-- Table structure for table `menu_nodes`
--

CREATE TABLE `menu_nodes` (
  `id` bigint unsigned NOT NULL AUTO_INCREMENT,
  `menu_id` int unsigned NOT NULL,
  `parent_id` int unsigned NOT NULL DEFAULT '0',
  `reference_id` int unsigned DEFAULT NULL,
  `reference_type` varchar(255) COLLATE utf8mb4_unicode_ci DEFAULT NULL,
  `url` varchar(120) COLLATE utf8mb4_unicode_ci DEFAULT NULL,
  `icon_font` varchar(50) COLLATE utf8mb4_unicode_ci DEFAULT NULL,
  `position` tinyint unsigned NOT NULL DEFAULT '0',
  `title` varchar(120) COLLATE utf8mb4_unicode_ci DEFAULT NULL,
  `css_class` varchar(120) COLLATE utf8mb4_unicode_ci DEFAULT NULL,
  `target` varchar(20) COLLATE utf8mb4_unicode_ci NOT NULL DEFAULT '_self',
  `has_child` tinyint unsigned NOT NULL DEFAULT '0',
  `created_at` timestamp NULL DEFAULT NULL,
  `updated_at` timestamp NULL DEFAULT NULL,
  PRIMARY KEY (`id`),
  KEY `menu_nodes_menu_id_index` (`menu_id`),
  KEY `menu_nodes_parent_id_index` (`parent_id`),
  KEY `reference_id` (`reference_id`),
  KEY `reference_type` (`reference_type`)
) ENGINE=InnoDB AUTO_INCREMENT=57 DEFAULT CHARSET=utf8mb4 COLLATE=utf8mb4_unicode_ci;

--
-- Dumping data for table `menu_nodes`
--

INSERT INTO `menu_nodes` VALUES (1,1,0,NULL,NULL,'/',NULL,0,'Home',NULL,'_self',0,'2022-11-10 21:04:40','2022-11-10 21:04:40'),(2,1,0,NULL,NULL,'#',NULL,0,'Pages',NULL,'_self',1,'2022-11-10 21:04:40','2022-11-10 21:04:40'),(3,1,2,2,'Botble\\Page\\Models\\Page','/about-us',NULL,0,'About us',NULL,'_self',0,'2022-11-10 21:04:40','2022-11-10 21:04:40'),(4,1,2,3,'Botble\\Page\\Models\\Page','/terms-of-use',NULL,0,'Terms Of Use',NULL,'_self',0,'2022-11-10 21:04:40','2022-11-10 21:04:40'),(5,1,2,4,'Botble\\Page\\Models\\Page','/terms-conditions',NULL,0,'Terms & Conditions',NULL,'_self',0,'2022-11-10 21:04:40','2022-11-10 21:04:40'),(6,1,2,5,'Botble\\Page\\Models\\Page','/refund-policy',NULL,0,'Refund Policy',NULL,'_self',0,'2022-11-10 21:04:40','2022-11-10 21:04:40'),(7,1,2,12,'Botble\\Page\\Models\\Page','/coming-soon',NULL,0,'Coming soon',NULL,'_self',0,'2022-11-10 21:04:40','2022-11-10 21:04:40'),(8,1,0,NULL,NULL,'/products',NULL,0,'Shop',NULL,'_self',1,'2022-11-10 21:04:40','2022-11-10 21:04:40'),(9,1,8,NULL,NULL,'/products',NULL,0,'All products',NULL,'_self',0,'2022-11-10 21:04:40','2022-11-10 21:04:40'),(10,1,8,15,'Botble\\Ecommerce\\Models\\ProductCategory','/product-categories/batteries',NULL,0,'Products Of Category',NULL,'_self',0,'2022-11-10 21:04:40','2022-11-10 21:04:40'),(11,1,8,NULL,NULL,'/products/beat-headphone',NULL,0,'Product Single',NULL,'_self',0,'2022-11-10 21:04:40','2022-11-10 21:04:40'),(12,1,0,NULL,NULL,'/stores',NULL,0,'Stores',NULL,'_self',0,'2022-11-10 21:04:40','2022-11-10 21:04:40'),(13,1,0,6,'Botble\\Page\\Models\\Page','/blog',NULL,0,'Blog',NULL,'_self',0,'2022-11-10 21:04:40','2022-11-10 21:04:40'),(14,1,0,7,'Botble\\Page\\Models\\Page','/faqs',NULL,0,'FAQs',NULL,'_self',0,'2022-11-10 21:04:40','2022-11-10 21:04:40'),(15,1,0,8,'Botble\\Page\\Models\\Page','/contact',NULL,0,'Contact',NULL,'_self',0,'2022-11-10 21:04:40','2022-11-10 21:04:40'),(16,2,0,3,'Botble\\Page\\Models\\Page','/terms-of-use',NULL,0,'Terms Of Use',NULL,'_self',0,'2022-11-10 21:04:40','2022-11-10 21:04:40'),(17,2,0,4,'Botble\\Page\\Models\\Page','/terms-conditions',NULL,0,'Terms & Conditions',NULL,'_self',0,'2022-11-10 21:04:40','2022-11-10 21:04:40'),(18,2,0,5,'Botble\\Page\\Models\\Page','/refund-policy',NULL,0,'Refund Policy',NULL,'_self',0,'2022-11-10 21:04:40','2022-11-10 21:04:40'),(19,2,0,7,'Botble\\Page\\Models\\Page','/faqs',NULL,0,'FAQs',NULL,'_self',0,'2022-11-10 21:04:40','2022-11-10 21:04:40'),(20,2,0,NULL,NULL,'/nothing',NULL,0,'404 Page',NULL,'_self',0,'2022-11-10 21:04:40','2022-11-10 21:04:40'),(21,3,0,2,'Botble\\Page\\Models\\Page','/about-us',NULL,0,'About us',NULL,'_self',0,'2022-11-10 21:04:40','2022-11-10 21:04:40'),(22,3,0,10,'Botble\\Page\\Models\\Page','/affiliate',NULL,0,'Affiliate',NULL,'_self',0,'2022-11-10 21:04:40','2022-11-10 21:04:40'),(23,3,0,11,'Botble\\Page\\Models\\Page','/career',NULL,0,'Career',NULL,'_self',0,'2022-11-10 21:04:40','2022-11-10 21:04:40'),(24,3,0,8,'Botble\\Page\\Models\\Page','/contact',NULL,0,'Contact us',NULL,'_self',0,'2022-11-10 21:04:40','2022-11-10 21:04:40'),(25,4,0,6,'Botble\\Page\\Models\\Page','/blog',NULL,0,'Our blog',NULL,'_self',0,'2022-11-10 21:04:40','2022-11-10 21:04:40'),(26,4,0,NULL,NULL,'/cart',NULL,0,'Cart',NULL,'_self',0,'2022-11-10 21:04:40','2022-11-10 21:04:40'),(27,4,0,NULL,NULL,'/customer/overview',NULL,0,'My account',NULL,'_self',0,'2022-11-10 21:04:40','2022-11-10 21:04:40'),(28,4,0,NULL,NULL,'/products',NULL,0,'Shop',NULL,'_self',0,'2022-11-10 21:04:40','2022-11-10 21:04:40'),(29,5,0,NULL,NULL,'/',NULL,0,'Trang chủ',NULL,'_self',0,'2022-11-10 21:04:40','2022-11-10 21:04:40'),(30,5,0,NULL,NULL,'#',NULL,0,'Trang',NULL,'_self',1,'2022-11-10 21:04:40','2022-11-10 21:04:40'),(31,5,30,2,'Botble\\Page\\Models\\Page','/about-us',NULL,0,'Về chúng tôi',NULL,'_self',0,'2022-11-10 21:04:40','2022-11-10 21:04:40'),(32,5,30,3,'Botble\\Page\\Models\\Page','/terms-of-use',NULL,0,'Điều khoản sử dụng',NULL,'_self',0,'2022-11-10 21:04:40','2022-11-10 21:04:40'),(33,5,30,4,'Botble\\Page\\Models\\Page','/terms-conditions',NULL,0,'Điều khoản và quy định',NULL,'_self',0,'2022-11-10 21:04:40','2022-11-10 21:04:40'),(34,5,30,5,'Botble\\Page\\Models\\Page','/refund-policy',NULL,0,'Chính sách hoàn hàng',NULL,'_self',0,'2022-11-10 21:04:40','2022-11-10 21:04:40'),(35,5,30,12,'Botble\\Page\\Models\\Page','/coming-soon',NULL,0,'Sắp ra mắt',NULL,'_self',0,'2022-11-10 21:04:40','2022-11-10 21:04:40'),(36,5,0,NULL,NULL,'/products',NULL,0,'Sản phẩm',NULL,'_self',1,'2022-11-10 21:04:40','2022-11-10 21:04:40'),(37,5,36,NULL,NULL,'/products',NULL,0,'Tất cả sản phẩm',NULL,'_self',0,'2022-11-10 21:04:40','2022-11-10 21:04:40'),(38,5,36,15,'Botble\\Ecommerce\\Models\\ProductCategory','/product-categories/batteries',NULL,0,'Danh mục sản phẩm',NULL,'_self',0,'2022-11-10 21:04:40','2022-11-10 21:04:40'),(39,5,36,NULL,NULL,'/products/beat-headphone',NULL,0,'Sản phẩm chi tiết',NULL,'_self',0,'2022-11-10 21:04:40','2022-11-10 21:04:40'),(40,5,0,NULL,NULL,'/stores',NULL,0,'Cửa hàng',NULL,'_self',0,'2022-11-10 21:04:40','2022-11-10 21:04:40'),(41,5,0,6,'Botble\\Page\\Models\\Page','/blog',NULL,0,'Tin tức',NULL,'_self',0,'2022-11-10 21:04:40','2022-11-10 21:04:40'),(42,5,0,7,'Botble\\Page\\Models\\Page','/faqs',NULL,0,'FAQs',NULL,'_self',0,'2022-11-10 21:04:40','2022-11-10 21:04:40'),(43,5,0,8,'Botble\\Page\\Models\\Page','/contact',NULL,0,'Liên hệ',NULL,'_self',0,'2022-11-10 21:04:40','2022-11-10 21:04:40'),(44,6,0,3,'Botble\\Page\\Models\\Page','/terms-of-use',NULL,0,'Điều khoản sử dụng',NULL,'_self',0,'2022-11-10 21:04:40','2022-11-10 21:04:40'),(45,6,0,4,'Botble\\Page\\Models\\Page','/terms-conditions',NULL,0,'Điều khoản và quy định',NULL,'_self',0,'2022-11-10 21:04:40','2022-11-10 21:04:40'),(46,6,0,5,'Botble\\Page\\Models\\Page','/refund-policy',NULL,0,'Chính sách hoàn hàng',NULL,'_self',0,'2022-11-10 21:04:40','2022-11-10 21:04:40'),(47,6,0,6,'Botble\\Page\\Models\\Page','/blog',NULL,0,'FAQs',NULL,'_self',0,'2022-11-10 21:04:40','2022-11-10 21:04:40'),(48,6,0,NULL,NULL,'/nothing',NULL,0,'404 Page',NULL,'_self',0,'2022-11-10 21:04:40','2022-11-10 21:04:40'),(49,7,0,2,'Botble\\Page\\Models\\Page','/about-us',NULL,0,'Về chúng tôi',NULL,'_self',0,'2022-11-10 21:04:40','2022-11-10 21:04:40'),(50,7,0,10,'Botble\\Page\\Models\\Page','/affiliate',NULL,0,'Tiếp thị liên kết',NULL,'_self',0,'2022-11-10 21:04:40','2022-11-10 21:04:40'),(51,7,0,11,'Botble\\Page\\Models\\Page','/career',NULL,0,'Tuyển dụng',NULL,'_self',0,'2022-11-10 21:04:40','2022-11-10 21:04:40'),(52,7,0,8,'Botble\\Page\\Models\\Page','/contact',NULL,0,'Liên hệ',NULL,'_self',0,'2022-11-10 21:04:40','2022-11-10 21:04:40'),(53,8,0,6,'Botble\\Page\\Models\\Page','/blog',NULL,0,'Tin tức',NULL,'_self',0,'2022-11-10 21:04:40','2022-11-10 21:04:40'),(54,8,0,NULL,NULL,'/cart',NULL,0,'Giỏ hàng',NULL,'_self',0,'2022-11-10 21:04:40','2022-11-10 21:04:40'),(55,8,0,NULL,NULL,'/customer/overview',NULL,0,'Tài khoản',NULL,'_self',0,'2022-11-10 21:04:40','2022-11-10 21:04:40'),(56,8,0,NULL,NULL,'/products',NULL,0,'Sản phẩm',NULL,'_self',0,'2022-11-10 21:04:40','2022-11-10 21:04:40');

--
-- Table structure for table `menus`
--

CREATE TABLE `menus` (
  `id` bigint unsigned NOT NULL AUTO_INCREMENT,
  `name` varchar(120) COLLATE utf8mb4_unicode_ci NOT NULL,
  `slug` varchar(120) COLLATE utf8mb4_unicode_ci DEFAULT NULL,
  `status` varchar(60) COLLATE utf8mb4_unicode_ci NOT NULL DEFAULT 'published',
  `created_at` timestamp NULL DEFAULT NULL,
  `updated_at` timestamp NULL DEFAULT NULL,
  PRIMARY KEY (`id`),
  UNIQUE KEY `menus_slug_unique` (`slug`)
) ENGINE=InnoDB AUTO_INCREMENT=9 DEFAULT CHARSET=utf8mb4 COLLATE=utf8mb4_unicode_ci;

--
-- Dumping data for table `menus`
--

INSERT INTO `menus` VALUES (1,'Main menu','main-menu','published','2022-11-10 21:04:40','2022-11-10 21:04:40'),(2,'Quick links','quick-links','published','2022-11-10 21:04:40','2022-11-10 21:04:40'),(3,'Company','company','published','2022-11-10 21:04:40','2022-11-10 21:04:40'),(4,'Business','business','published','2022-11-10 21:04:40','2022-11-10 21:04:40'),(5,'Menu chính','menu-chinh','published','2022-11-10 21:04:40','2022-11-10 21:04:40'),(6,'Liên kết nhanh','lien-ket-nhanh','published','2022-11-10 21:04:40','2022-11-10 21:04:40'),(7,'Công ty','cong-ty','published','2022-11-10 21:04:40','2022-11-10 21:04:40'),(8,'Doanh nghiệp','doanh-nghiep','published','2022-11-10 21:04:40','2022-11-10 21:04:40');

--
-- Table structure for table `meta_boxes`
--

CREATE TABLE `meta_boxes` (
  `id` bigint unsigned NOT NULL AUTO_INCREMENT,
  `meta_key` varchar(255) COLLATE utf8mb4_unicode_ci NOT NULL,
  `meta_value` text COLLATE utf8mb4_unicode_ci,
  `reference_id` int unsigned NOT NULL,
  `reference_type` varchar(120) COLLATE utf8mb4_unicode_ci NOT NULL,
  `created_at` timestamp NULL DEFAULT NULL,
  `updated_at` timestamp NULL DEFAULT NULL,
  PRIMARY KEY (`id`),
  KEY `meta_boxes_reference_id_index` (`reference_id`)
) ENGINE=InnoDB AUTO_INCREMENT=50 DEFAULT CHARSET=utf8mb4 COLLATE=utf8mb4_unicode_ci;

--
-- Dumping data for table `meta_boxes`
--

INSERT INTO `meta_boxes` VALUES (1,'icon','[\"icon-star\"]',1,'Botble\\Ecommerce\\Models\\ProductCategory','2022-11-10 21:04:31','2022-11-10 21:04:31'),(2,'icon','[\"icon-laundry\"]',2,'Botble\\Ecommerce\\Models\\ProductCategory','2022-11-10 21:04:31','2022-11-10 21:04:31'),(3,'icon','[\"icon-shirt\"]',16,'Botble\\Ecommerce\\Models\\ProductCategory','2022-11-10 21:04:31','2022-11-10 21:04:31'),(4,'icon','[\"icon-desktop\"]',17,'Botble\\Ecommerce\\Models\\ProductCategory','2022-11-10 21:04:31','2022-11-10 21:04:31'),(5,'icon','[\"icon-lampshade\"]',28,'Botble\\Ecommerce\\Models\\ProductCategory','2022-11-10 21:04:31','2022-11-10 21:04:31'),(6,'icon','[\"icon-heart-pulse\"]',29,'Botble\\Ecommerce\\Models\\ProductCategory','2022-11-10 21:04:31','2022-11-10 21:04:31'),(7,'icon','[\"icon-diamond2\"]',30,'Botble\\Ecommerce\\Models\\ProductCategory','2022-11-10 21:04:31','2022-11-10 21:04:31'),(8,'icon','[\"icon-desktop\"]',31,'Botble\\Ecommerce\\Models\\ProductCategory','2022-11-10 21:04:31','2022-11-10 21:04:31'),(9,'icon','[\"icon-smartphone\"]',32,'Botble\\Ecommerce\\Models\\ProductCategory','2022-11-10 21:04:31','2022-11-10 21:04:31'),(10,'icon','[\"icon-baby-bottle\"]',33,'Botble\\Ecommerce\\Models\\ProductCategory','2022-11-10 21:04:31','2022-11-10 21:04:31'),(11,'icon','[\"icon-baseball\"]',34,'Botble\\Ecommerce\\Models\\ProductCategory','2022-11-10 21:04:31','2022-11-10 21:04:31'),(12,'icon','[\"icon-book2\"]',35,'Botble\\Ecommerce\\Models\\ProductCategory','2022-11-10 21:04:31','2022-11-10 21:04:31'),(13,'icon','[\"icon-car-siren\"]',36,'Botble\\Ecommerce\\Models\\ProductCategory','2022-11-10 21:04:31','2022-11-10 21:04:31'),(14,'icon','[\"icon-wrench\"]',37,'Botble\\Ecommerce\\Models\\ProductCategory','2022-11-10 21:04:31','2022-11-10 21:04:31'),(15,'faq_schema_config','[[[{\"key\":\"question\",\"value\":\"What Shipping Methods Are Available?\"},{\"key\":\"answer\",\"value\":\"Ex Portland Pitchfork irure mustache. Eutra fap before they sold out literally. Aliquip ugh bicycle rights actually mlkshk, seitan squid craft beer tempor.\"}],[{\"key\":\"question\",\"value\":\"Do You Ship Internationally?\"},{\"key\":\"answer\",\"value\":\"Hoodie tote bag mixtape tofu. Typewriter jean shorts wolf quinoa, messenger bag organic freegan cray.\"}],[{\"key\":\"question\",\"value\":\"How Long Will It Take To Get My Package?\"},{\"key\":\"answer\",\"value\":\"Swag slow-carb quinoa VHS typewriter pork belly brunch, paleo single-origin coffee Wes Anderson. Flexitarian Pitchfork forage, literally paleo fap pour-over. Wes Anderson Pinterest YOLO fanny pack meggings, deep v XOXO chambray sustainable slow-carb raw denim church-key fap chillwave Etsy. +1 typewriter kitsch, American Apparel tofu Banksy Vice.\"}],[{\"key\":\"question\",\"value\":\"What Payment Methods Are Accepted?\"},{\"key\":\"answer\",\"value\":\"Fashion axe DIY jean shorts, swag kale chips meh polaroid kogi butcher Wes Anderson chambray next level semiotics gentrify yr. Voluptate photo booth fugiat Vice. Austin sed Williamsburg, ea labore raw denim voluptate cred proident mixtape excepteur mustache. Twee chia photo booth readymade food truck, hoodie roof party swag keytar PBR DIY.\"}],[{\"key\":\"question\",\"value\":\"Is Buying On-Line Safe?\"},{\"key\":\"answer\",\"value\":\"Art party authentic freegan semiotics jean shorts chia cred. Neutra Austin roof party Brooklyn, synth Thundercats swag 8-bit photo booth. Plaid letterpress leggings craft beer meh ethical Pinterest.\"}]]]',1,'Botble\\Ecommerce\\Models\\Product','2022-11-10 21:04:35','2022-11-10 21:04:35'),(16,'faq_schema_config','[[[{\"key\":\"question\",\"value\":\"What Shipping Methods Are Available?\"},{\"key\":\"answer\",\"value\":\"Ex Portland Pitchfork irure mustache. Eutra fap before they sold out literally. Aliquip ugh bicycle rights actually mlkshk, seitan squid craft beer tempor.\"}],[{\"key\":\"question\",\"value\":\"Do You Ship Internationally?\"},{\"key\":\"answer\",\"value\":\"Hoodie tote bag mixtape tofu. Typewriter jean shorts wolf quinoa, messenger bag organic freegan cray.\"}],[{\"key\":\"question\",\"value\":\"How Long Will It Take To Get My Package?\"},{\"key\":\"answer\",\"value\":\"Swag slow-carb quinoa VHS typewriter pork belly brunch, paleo single-origin coffee Wes Anderson. Flexitarian Pitchfork forage, literally paleo fap pour-over. Wes Anderson Pinterest YOLO fanny pack meggings, deep v XOXO chambray sustainable slow-carb raw denim church-key fap chillwave Etsy. +1 typewriter kitsch, American Apparel tofu Banksy Vice.\"}],[{\"key\":\"question\",\"value\":\"What Payment Methods Are Accepted?\"},{\"key\":\"answer\",\"value\":\"Fashion axe DIY jean shorts, swag kale chips meh polaroid kogi butcher Wes Anderson chambray next level semiotics gentrify yr. Voluptate photo booth fugiat Vice. Austin sed Williamsburg, ea labore raw denim voluptate cred proident mixtape excepteur mustache. Twee chia photo booth readymade food truck, hoodie roof party swag keytar PBR DIY.\"}],[{\"key\":\"question\",\"value\":\"Is Buying On-Line Safe?\"},{\"key\":\"answer\",\"value\":\"Art party authentic freegan semiotics jean shorts chia cred. Neutra Austin roof party Brooklyn, synth Thundercats swag 8-bit photo booth. Plaid letterpress leggings craft beer meh ethical Pinterest.\"}]]]',2,'Botble\\Ecommerce\\Models\\Product','2022-11-10 21:04:36','2022-11-10 21:04:36'),(17,'faq_schema_config','[[[{\"key\":\"question\",\"value\":\"What Shipping Methods Are Available?\"},{\"key\":\"answer\",\"value\":\"Ex Portland Pitchfork irure mustache. Eutra fap before they sold out literally. Aliquip ugh bicycle rights actually mlkshk, seitan squid craft beer tempor.\"}],[{\"key\":\"question\",\"value\":\"Do You Ship Internationally?\"},{\"key\":\"answer\",\"value\":\"Hoodie tote bag mixtape tofu. Typewriter jean shorts wolf quinoa, messenger bag organic freegan cray.\"}],[{\"key\":\"question\",\"value\":\"How Long Will It Take To Get My Package?\"},{\"key\":\"answer\",\"value\":\"Swag slow-carb quinoa VHS typewriter pork belly brunch, paleo single-origin coffee Wes Anderson. Flexitarian Pitchfork forage, literally paleo fap pour-over. Wes Anderson Pinterest YOLO fanny pack meggings, deep v XOXO chambray sustainable slow-carb raw denim church-key fap chillwave Etsy. +1 typewriter kitsch, American Apparel tofu Banksy Vice.\"}],[{\"key\":\"question\",\"value\":\"What Payment Methods Are Accepted?\"},{\"key\":\"answer\",\"value\":\"Fashion axe DIY jean shorts, swag kale chips meh polaroid kogi butcher Wes Anderson chambray next level semiotics gentrify yr. Voluptate photo booth fugiat Vice. Austin sed Williamsburg, ea labore raw denim voluptate cred proident mixtape excepteur mustache. Twee chia photo booth readymade food truck, hoodie roof party swag keytar PBR DIY.\"}],[{\"key\":\"question\",\"value\":\"Is Buying On-Line Safe?\"},{\"key\":\"answer\",\"value\":\"Art party authentic freegan semiotics jean shorts chia cred. Neutra Austin roof party Brooklyn, synth Thundercats swag 8-bit photo booth. Plaid letterpress leggings craft beer meh ethical Pinterest.\"}]]]',3,'Botble\\Ecommerce\\Models\\Product','2022-11-10 21:04:36','2022-11-10 21:04:36'),(18,'faq_schema_config','[[[{\"key\":\"question\",\"value\":\"What Shipping Methods Are Available?\"},{\"key\":\"answer\",\"value\":\"Ex Portland Pitchfork irure mustache. Eutra fap before they sold out literally. Aliquip ugh bicycle rights actually mlkshk, seitan squid craft beer tempor.\"}],[{\"key\":\"question\",\"value\":\"Do You Ship Internationally?\"},{\"key\":\"answer\",\"value\":\"Hoodie tote bag mixtape tofu. Typewriter jean shorts wolf quinoa, messenger bag organic freegan cray.\"}],[{\"key\":\"question\",\"value\":\"How Long Will It Take To Get My Package?\"},{\"key\":\"answer\",\"value\":\"Swag slow-carb quinoa VHS typewriter pork belly brunch, paleo single-origin coffee Wes Anderson. Flexitarian Pitchfork forage, literally paleo fap pour-over. Wes Anderson Pinterest YOLO fanny pack meggings, deep v XOXO chambray sustainable slow-carb raw denim church-key fap chillwave Etsy. +1 typewriter kitsch, American Apparel tofu Banksy Vice.\"}],[{\"key\":\"question\",\"value\":\"What Payment Methods Are Accepted?\"},{\"key\":\"answer\",\"value\":\"Fashion axe DIY jean shorts, swag kale chips meh polaroid kogi butcher Wes Anderson chambray next level semiotics gentrify yr. Voluptate photo booth fugiat Vice. Austin sed Williamsburg, ea labore raw denim voluptate cred proident mixtape excepteur mustache. Twee chia photo booth readymade food truck, hoodie roof party swag keytar PBR DIY.\"}],[{\"key\":\"question\",\"value\":\"Is Buying On-Line Safe?\"},{\"key\":\"answer\",\"value\":\"Art party authentic freegan semiotics jean shorts chia cred. Neutra Austin roof party Brooklyn, synth Thundercats swag 8-bit photo booth. Plaid letterpress leggings craft beer meh ethical Pinterest.\"}]]]',4,'Botble\\Ecommerce\\Models\\Product','2022-11-10 21:04:36','2022-11-10 21:04:36'),(19,'faq_schema_config','[[[{\"key\":\"question\",\"value\":\"What Shipping Methods Are Available?\"},{\"key\":\"answer\",\"value\":\"Ex Portland Pitchfork irure mustache. Eutra fap before they sold out literally. Aliquip ugh bicycle rights actually mlkshk, seitan squid craft beer tempor.\"}],[{\"key\":\"question\",\"value\":\"Do You Ship Internationally?\"},{\"key\":\"answer\",\"value\":\"Hoodie tote bag mixtape tofu. Typewriter jean shorts wolf quinoa, messenger bag organic freegan cray.\"}],[{\"key\":\"question\",\"value\":\"How Long Will It Take To Get My Package?\"},{\"key\":\"answer\",\"value\":\"Swag slow-carb quinoa VHS typewriter pork belly brunch, paleo single-origin coffee Wes Anderson. Flexitarian Pitchfork forage, literally paleo fap pour-over. Wes Anderson Pinterest YOLO fanny pack meggings, deep v XOXO chambray sustainable slow-carb raw denim church-key fap chillwave Etsy. +1 typewriter kitsch, American Apparel tofu Banksy Vice.\"}],[{\"key\":\"question\",\"value\":\"What Payment Methods Are Accepted?\"},{\"key\":\"answer\",\"value\":\"Fashion axe DIY jean shorts, swag kale chips meh polaroid kogi butcher Wes Anderson chambray next level semiotics gentrify yr. Voluptate photo booth fugiat Vice. Austin sed Williamsburg, ea labore raw denim voluptate cred proident mixtape excepteur mustache. Twee chia photo booth readymade food truck, hoodie roof party swag keytar PBR DIY.\"}],[{\"key\":\"question\",\"value\":\"Is Buying On-Line Safe?\"},{\"key\":\"answer\",\"value\":\"Art party authentic freegan semiotics jean shorts chia cred. Neutra Austin roof party Brooklyn, synth Thundercats swag 8-bit photo booth. Plaid letterpress leggings craft beer meh ethical Pinterest.\"}]]]',5,'Botble\\Ecommerce\\Models\\Product','2022-11-10 21:04:36','2022-11-10 21:04:36'),(20,'faq_schema_config','[[[{\"key\":\"question\",\"value\":\"What Shipping Methods Are Available?\"},{\"key\":\"answer\",\"value\":\"Ex Portland Pitchfork irure mustache. Eutra fap before they sold out literally. Aliquip ugh bicycle rights actually mlkshk, seitan squid craft beer tempor.\"}],[{\"key\":\"question\",\"value\":\"Do You Ship Internationally?\"},{\"key\":\"answer\",\"value\":\"Hoodie tote bag mixtape tofu. Typewriter jean shorts wolf quinoa, messenger bag organic freegan cray.\"}],[{\"key\":\"question\",\"value\":\"How Long Will It Take To Get My Package?\"},{\"key\":\"answer\",\"value\":\"Swag slow-carb quinoa VHS typewriter pork belly brunch, paleo single-origin coffee Wes Anderson. Flexitarian Pitchfork forage, literally paleo fap pour-over. Wes Anderson Pinterest YOLO fanny pack meggings, deep v XOXO chambray sustainable slow-carb raw denim church-key fap chillwave Etsy. +1 typewriter kitsch, American Apparel tofu Banksy Vice.\"}],[{\"key\":\"question\",\"value\":\"What Payment Methods Are Accepted?\"},{\"key\":\"answer\",\"value\":\"Fashion axe DIY jean shorts, swag kale chips meh polaroid kogi butcher Wes Anderson chambray next level semiotics gentrify yr. Voluptate photo booth fugiat Vice. Austin sed Williamsburg, ea labore raw denim voluptate cred proident mixtape excepteur mustache. Twee chia photo booth readymade food truck, hoodie roof party swag keytar PBR DIY.\"}],[{\"key\":\"question\",\"value\":\"Is Buying On-Line Safe?\"},{\"key\":\"answer\",\"value\":\"Art party authentic freegan semiotics jean shorts chia cred. Neutra Austin roof party Brooklyn, synth Thundercats swag 8-bit photo booth. Plaid letterpress leggings craft beer meh ethical Pinterest.\"}]]]',6,'Botble\\Ecommerce\\Models\\Product','2022-11-10 21:04:36','2022-11-10 21:04:36'),(21,'faq_schema_config','[[[{\"key\":\"question\",\"value\":\"What Shipping Methods Are Available?\"},{\"key\":\"answer\",\"value\":\"Ex Portland Pitchfork irure mustache. Eutra fap before they sold out literally. Aliquip ugh bicycle rights actually mlkshk, seitan squid craft beer tempor.\"}],[{\"key\":\"question\",\"value\":\"Do You Ship Internationally?\"},{\"key\":\"answer\",\"value\":\"Hoodie tote bag mixtape tofu. Typewriter jean shorts wolf quinoa, messenger bag organic freegan cray.\"}],[{\"key\":\"question\",\"value\":\"How Long Will It Take To Get My Package?\"},{\"key\":\"answer\",\"value\":\"Swag slow-carb quinoa VHS typewriter pork belly brunch, paleo single-origin coffee Wes Anderson. Flexitarian Pitchfork forage, literally paleo fap pour-over. Wes Anderson Pinterest YOLO fanny pack meggings, deep v XOXO chambray sustainable slow-carb raw denim church-key fap chillwave Etsy. +1 typewriter kitsch, American Apparel tofu Banksy Vice.\"}],[{\"key\":\"question\",\"value\":\"What Payment Methods Are Accepted?\"},{\"key\":\"answer\",\"value\":\"Fashion axe DIY jean shorts, swag kale chips meh polaroid kogi butcher Wes Anderson chambray next level semiotics gentrify yr. Voluptate photo booth fugiat Vice. Austin sed Williamsburg, ea labore raw denim voluptate cred proident mixtape excepteur mustache. Twee chia photo booth readymade food truck, hoodie roof party swag keytar PBR DIY.\"}],[{\"key\":\"question\",\"value\":\"Is Buying On-Line Safe?\"},{\"key\":\"answer\",\"value\":\"Art party authentic freegan semiotics jean shorts chia cred. Neutra Austin roof party Brooklyn, synth Thundercats swag 8-bit photo booth. Plaid letterpress leggings craft beer meh ethical Pinterest.\"}]]]',7,'Botble\\Ecommerce\\Models\\Product','2022-11-10 21:04:36','2022-11-10 21:04:36'),(22,'faq_schema_config','[[[{\"key\":\"question\",\"value\":\"What Shipping Methods Are Available?\"},{\"key\":\"answer\",\"value\":\"Ex Portland Pitchfork irure mustache. Eutra fap before they sold out literally. Aliquip ugh bicycle rights actually mlkshk, seitan squid craft beer tempor.\"}],[{\"key\":\"question\",\"value\":\"Do You Ship Internationally?\"},{\"key\":\"answer\",\"value\":\"Hoodie tote bag mixtape tofu. Typewriter jean shorts wolf quinoa, messenger bag organic freegan cray.\"}],[{\"key\":\"question\",\"value\":\"How Long Will It Take To Get My Package?\"},{\"key\":\"answer\",\"value\":\"Swag slow-carb quinoa VHS typewriter pork belly brunch, paleo single-origin coffee Wes Anderson. Flexitarian Pitchfork forage, literally paleo fap pour-over. Wes Anderson Pinterest YOLO fanny pack meggings, deep v XOXO chambray sustainable slow-carb raw denim church-key fap chillwave Etsy. +1 typewriter kitsch, American Apparel tofu Banksy Vice.\"}],[{\"key\":\"question\",\"value\":\"What Payment Methods Are Accepted?\"},{\"key\":\"answer\",\"value\":\"Fashion axe DIY jean shorts, swag kale chips meh polaroid kogi butcher Wes Anderson chambray next level semiotics gentrify yr. Voluptate photo booth fugiat Vice. Austin sed Williamsburg, ea labore raw denim voluptate cred proident mixtape excepteur mustache. Twee chia photo booth readymade food truck, hoodie roof party swag keytar PBR DIY.\"}],[{\"key\":\"question\",\"value\":\"Is Buying On-Line Safe?\"},{\"key\":\"answer\",\"value\":\"Art party authentic freegan semiotics jean shorts chia cred. Neutra Austin roof party Brooklyn, synth Thundercats swag 8-bit photo booth. Plaid letterpress leggings craft beer meh ethical Pinterest.\"}]]]',8,'Botble\\Ecommerce\\Models\\Product','2022-11-10 21:04:36','2022-11-10 21:04:36'),(23,'faq_schema_config','[[[{\"key\":\"question\",\"value\":\"What Shipping Methods Are Available?\"},{\"key\":\"answer\",\"value\":\"Ex Portland Pitchfork irure mustache. Eutra fap before they sold out literally. Aliquip ugh bicycle rights actually mlkshk, seitan squid craft beer tempor.\"}],[{\"key\":\"question\",\"value\":\"Do You Ship Internationally?\"},{\"key\":\"answer\",\"value\":\"Hoodie tote bag mixtape tofu. Typewriter jean shorts wolf quinoa, messenger bag organic freegan cray.\"}],[{\"key\":\"question\",\"value\":\"How Long Will It Take To Get My Package?\"},{\"key\":\"answer\",\"value\":\"Swag slow-carb quinoa VHS typewriter pork belly brunch, paleo single-origin coffee Wes Anderson. Flexitarian Pitchfork forage, literally paleo fap pour-over. Wes Anderson Pinterest YOLO fanny pack meggings, deep v XOXO chambray sustainable slow-carb raw denim church-key fap chillwave Etsy. +1 typewriter kitsch, American Apparel tofu Banksy Vice.\"}],[{\"key\":\"question\",\"value\":\"What Payment Methods Are Accepted?\"},{\"key\":\"answer\",\"value\":\"Fashion axe DIY jean shorts, swag kale chips meh polaroid kogi butcher Wes Anderson chambray next level semiotics gentrify yr. Voluptate photo booth fugiat Vice. Austin sed Williamsburg, ea labore raw denim voluptate cred proident mixtape excepteur mustache. Twee chia photo booth readymade food truck, hoodie roof party swag keytar PBR DIY.\"}],[{\"key\":\"question\",\"value\":\"Is Buying On-Line Safe?\"},{\"key\":\"answer\",\"value\":\"Art party authentic freegan semiotics jean shorts chia cred. Neutra Austin roof party Brooklyn, synth Thundercats swag 8-bit photo booth. Plaid letterpress leggings craft beer meh ethical Pinterest.\"}]]]',9,'Botble\\Ecommerce\\Models\\Product','2022-11-10 21:04:36','2022-11-10 21:04:36'),(24,'faq_schema_config','[[[{\"key\":\"question\",\"value\":\"What Shipping Methods Are Available?\"},{\"key\":\"answer\",\"value\":\"Ex Portland Pitchfork irure mustache. Eutra fap before they sold out literally. Aliquip ugh bicycle rights actually mlkshk, seitan squid craft beer tempor.\"}],[{\"key\":\"question\",\"value\":\"Do You Ship Internationally?\"},{\"key\":\"answer\",\"value\":\"Hoodie tote bag mixtape tofu. Typewriter jean shorts wolf quinoa, messenger bag organic freegan cray.\"}],[{\"key\":\"question\",\"value\":\"How Long Will It Take To Get My Package?\"},{\"key\":\"answer\",\"value\":\"Swag slow-carb quinoa VHS typewriter pork belly brunch, paleo single-origin coffee Wes Anderson. Flexitarian Pitchfork forage, literally paleo fap pour-over. Wes Anderson Pinterest YOLO fanny pack meggings, deep v XOXO chambray sustainable slow-carb raw denim church-key fap chillwave Etsy. +1 typewriter kitsch, American Apparel tofu Banksy Vice.\"}],[{\"key\":\"question\",\"value\":\"What Payment Methods Are Accepted?\"},{\"key\":\"answer\",\"value\":\"Fashion axe DIY jean shorts, swag kale chips meh polaroid kogi butcher Wes Anderson chambray next level semiotics gentrify yr. Voluptate photo booth fugiat Vice. Austin sed Williamsburg, ea labore raw denim voluptate cred proident mixtape excepteur mustache. Twee chia photo booth readymade food truck, hoodie roof party swag keytar PBR DIY.\"}],[{\"key\":\"question\",\"value\":\"Is Buying On-Line Safe?\"},{\"key\":\"answer\",\"value\":\"Art party authentic freegan semiotics jean shorts chia cred. Neutra Austin roof party Brooklyn, synth Thundercats swag 8-bit photo booth. Plaid letterpress leggings craft beer meh ethical Pinterest.\"}]]]',10,'Botble\\Ecommerce\\Models\\Product','2022-11-10 21:04:36','2022-11-10 21:04:36'),(25,'faq_schema_config','[[[{\"key\":\"question\",\"value\":\"What Shipping Methods Are Available?\"},{\"key\":\"answer\",\"value\":\"Ex Portland Pitchfork irure mustache. Eutra fap before they sold out literally. Aliquip ugh bicycle rights actually mlkshk, seitan squid craft beer tempor.\"}],[{\"key\":\"question\",\"value\":\"Do You Ship Internationally?\"},{\"key\":\"answer\",\"value\":\"Hoodie tote bag mixtape tofu. Typewriter jean shorts wolf quinoa, messenger bag organic freegan cray.\"}],[{\"key\":\"question\",\"value\":\"How Long Will It Take To Get My Package?\"},{\"key\":\"answer\",\"value\":\"Swag slow-carb quinoa VHS typewriter pork belly brunch, paleo single-origin coffee Wes Anderson. Flexitarian Pitchfork forage, literally paleo fap pour-over. Wes Anderson Pinterest YOLO fanny pack meggings, deep v XOXO chambray sustainable slow-carb raw denim church-key fap chillwave Etsy. +1 typewriter kitsch, American Apparel tofu Banksy Vice.\"}],[{\"key\":\"question\",\"value\":\"What Payment Methods Are Accepted?\"},{\"key\":\"answer\",\"value\":\"Fashion axe DIY jean shorts, swag kale chips meh polaroid kogi butcher Wes Anderson chambray next level semiotics gentrify yr. Voluptate photo booth fugiat Vice. Austin sed Williamsburg, ea labore raw denim voluptate cred proident mixtape excepteur mustache. Twee chia photo booth readymade food truck, hoodie roof party swag keytar PBR DIY.\"}],[{\"key\":\"question\",\"value\":\"Is Buying On-Line Safe?\"},{\"key\":\"answer\",\"value\":\"Art party authentic freegan semiotics jean shorts chia cred. Neutra Austin roof party Brooklyn, synth Thundercats swag 8-bit photo booth. Plaid letterpress leggings craft beer meh ethical Pinterest.\"}]]]',11,'Botble\\Ecommerce\\Models\\Product','2022-11-10 21:04:36','2022-11-10 21:04:36'),(26,'faq_schema_config','[[[{\"key\":\"question\",\"value\":\"What Shipping Methods Are Available?\"},{\"key\":\"answer\",\"value\":\"Ex Portland Pitchfork irure mustache. Eutra fap before they sold out literally. Aliquip ugh bicycle rights actually mlkshk, seitan squid craft beer tempor.\"}],[{\"key\":\"question\",\"value\":\"Do You Ship Internationally?\"},{\"key\":\"answer\",\"value\":\"Hoodie tote bag mixtape tofu. Typewriter jean shorts wolf quinoa, messenger bag organic freegan cray.\"}],[{\"key\":\"question\",\"value\":\"How Long Will It Take To Get My Package?\"},{\"key\":\"answer\",\"value\":\"Swag slow-carb quinoa VHS typewriter pork belly brunch, paleo single-origin coffee Wes Anderson. Flexitarian Pitchfork forage, literally paleo fap pour-over. Wes Anderson Pinterest YOLO fanny pack meggings, deep v XOXO chambray sustainable slow-carb raw denim church-key fap chillwave Etsy. +1 typewriter kitsch, American Apparel tofu Banksy Vice.\"}],[{\"key\":\"question\",\"value\":\"What Payment Methods Are Accepted?\"},{\"key\":\"answer\",\"value\":\"Fashion axe DIY jean shorts, swag kale chips meh polaroid kogi butcher Wes Anderson chambray next level semiotics gentrify yr. Voluptate photo booth fugiat Vice. Austin sed Williamsburg, ea labore raw denim voluptate cred proident mixtape excepteur mustache. Twee chia photo booth readymade food truck, hoodie roof party swag keytar PBR DIY.\"}],[{\"key\":\"question\",\"value\":\"Is Buying On-Line Safe?\"},{\"key\":\"answer\",\"value\":\"Art party authentic freegan semiotics jean shorts chia cred. Neutra Austin roof party Brooklyn, synth Thundercats swag 8-bit photo booth. Plaid letterpress leggings craft beer meh ethical Pinterest.\"}]]]',12,'Botble\\Ecommerce\\Models\\Product','2022-11-10 21:04:36','2022-11-10 21:04:36'),(27,'faq_schema_config','[[[{\"key\":\"question\",\"value\":\"What Shipping Methods Are Available?\"},{\"key\":\"answer\",\"value\":\"Ex Portland Pitchfork irure mustache. Eutra fap before they sold out literally. Aliquip ugh bicycle rights actually mlkshk, seitan squid craft beer tempor.\"}],[{\"key\":\"question\",\"value\":\"Do You Ship Internationally?\"},{\"key\":\"answer\",\"value\":\"Hoodie tote bag mixtape tofu. Typewriter jean shorts wolf quinoa, messenger bag organic freegan cray.\"}],[{\"key\":\"question\",\"value\":\"How Long Will It Take To Get My Package?\"},{\"key\":\"answer\",\"value\":\"Swag slow-carb quinoa VHS typewriter pork belly brunch, paleo single-origin coffee Wes Anderson. Flexitarian Pitchfork forage, literally paleo fap pour-over. Wes Anderson Pinterest YOLO fanny pack meggings, deep v XOXO chambray sustainable slow-carb raw denim church-key fap chillwave Etsy. +1 typewriter kitsch, American Apparel tofu Banksy Vice.\"}],[{\"key\":\"question\",\"value\":\"What Payment Methods Are Accepted?\"},{\"key\":\"answer\",\"value\":\"Fashion axe DIY jean shorts, swag kale chips meh polaroid kogi butcher Wes Anderson chambray next level semiotics gentrify yr. Voluptate photo booth fugiat Vice. Austin sed Williamsburg, ea labore raw denim voluptate cred proident mixtape excepteur mustache. Twee chia photo booth readymade food truck, hoodie roof party swag keytar PBR DIY.\"}],[{\"key\":\"question\",\"value\":\"Is Buying On-Line Safe?\"},{\"key\":\"answer\",\"value\":\"Art party authentic freegan semiotics jean shorts chia cred. Neutra Austin roof party Brooklyn, synth Thundercats swag 8-bit photo booth. Plaid letterpress leggings craft beer meh ethical Pinterest.\"}]]]',13,'Botble\\Ecommerce\\Models\\Product','2022-11-10 21:04:36','2022-11-10 21:04:36'),(28,'faq_schema_config','[[[{\"key\":\"question\",\"value\":\"What Shipping Methods Are Available?\"},{\"key\":\"answer\",\"value\":\"Ex Portland Pitchfork irure mustache. Eutra fap before they sold out literally. Aliquip ugh bicycle rights actually mlkshk, seitan squid craft beer tempor.\"}],[{\"key\":\"question\",\"value\":\"Do You Ship Internationally?\"},{\"key\":\"answer\",\"value\":\"Hoodie tote bag mixtape tofu. Typewriter jean shorts wolf quinoa, messenger bag organic freegan cray.\"}],[{\"key\":\"question\",\"value\":\"How Long Will It Take To Get My Package?\"},{\"key\":\"answer\",\"value\":\"Swag slow-carb quinoa VHS typewriter pork belly brunch, paleo single-origin coffee Wes Anderson. Flexitarian Pitchfork forage, literally paleo fap pour-over. Wes Anderson Pinterest YOLO fanny pack meggings, deep v XOXO chambray sustainable slow-carb raw denim church-key fap chillwave Etsy. +1 typewriter kitsch, American Apparel tofu Banksy Vice.\"}],[{\"key\":\"question\",\"value\":\"What Payment Methods Are Accepted?\"},{\"key\":\"answer\",\"value\":\"Fashion axe DIY jean shorts, swag kale chips meh polaroid kogi butcher Wes Anderson chambray next level semiotics gentrify yr. Voluptate photo booth fugiat Vice. Austin sed Williamsburg, ea labore raw denim voluptate cred proident mixtape excepteur mustache. Twee chia photo booth readymade food truck, hoodie roof party swag keytar PBR DIY.\"}],[{\"key\":\"question\",\"value\":\"Is Buying On-Line Safe?\"},{\"key\":\"answer\",\"value\":\"Art party authentic freegan semiotics jean shorts chia cred. Neutra Austin roof party Brooklyn, synth Thundercats swag 8-bit photo booth. Plaid letterpress leggings craft beer meh ethical Pinterest.\"}]]]',14,'Botble\\Ecommerce\\Models\\Product','2022-11-10 21:04:36','2022-11-10 21:04:36'),(29,'faq_schema_config','[[[{\"key\":\"question\",\"value\":\"What Shipping Methods Are Available?\"},{\"key\":\"answer\",\"value\":\"Ex Portland Pitchfork irure mustache. Eutra fap before they sold out literally. Aliquip ugh bicycle rights actually mlkshk, seitan squid craft beer tempor.\"}],[{\"key\":\"question\",\"value\":\"Do You Ship Internationally?\"},{\"key\":\"answer\",\"value\":\"Hoodie tote bag mixtape tofu. Typewriter jean shorts wolf quinoa, messenger bag organic freegan cray.\"}],[{\"key\":\"question\",\"value\":\"How Long Will It Take To Get My Package?\"},{\"key\":\"answer\",\"value\":\"Swag slow-carb quinoa VHS typewriter pork belly brunch, paleo single-origin coffee Wes Anderson. Flexitarian Pitchfork forage, literally paleo fap pour-over. Wes Anderson Pinterest YOLO fanny pack meggings, deep v XOXO chambray sustainable slow-carb raw denim church-key fap chillwave Etsy. +1 typewriter kitsch, American Apparel tofu Banksy Vice.\"}],[{\"key\":\"question\",\"value\":\"What Payment Methods Are Accepted?\"},{\"key\":\"answer\",\"value\":\"Fashion axe DIY jean shorts, swag kale chips meh polaroid kogi butcher Wes Anderson chambray next level semiotics gentrify yr. Voluptate photo booth fugiat Vice. Austin sed Williamsburg, ea labore raw denim voluptate cred proident mixtape excepteur mustache. Twee chia photo booth readymade food truck, hoodie roof party swag keytar PBR DIY.\"}],[{\"key\":\"question\",\"value\":\"Is Buying On-Line Safe?\"},{\"key\":\"answer\",\"value\":\"Art party authentic freegan semiotics jean shorts chia cred. Neutra Austin roof party Brooklyn, synth Thundercats swag 8-bit photo booth. Plaid letterpress leggings craft beer meh ethical Pinterest.\"}]]]',15,'Botble\\Ecommerce\\Models\\Product','2022-11-10 21:04:36','2022-11-10 21:04:36'),(30,'faq_schema_config','[[[{\"key\":\"question\",\"value\":\"What Shipping Methods Are Available?\"},{\"key\":\"answer\",\"value\":\"Ex Portland Pitchfork irure mustache. Eutra fap before they sold out literally. Aliquip ugh bicycle rights actually mlkshk, seitan squid craft beer tempor.\"}],[{\"key\":\"question\",\"value\":\"Do You Ship Internationally?\"},{\"key\":\"answer\",\"value\":\"Hoodie tote bag mixtape tofu. Typewriter jean shorts wolf quinoa, messenger bag organic freegan cray.\"}],[{\"key\":\"question\",\"value\":\"How Long Will It Take To Get My Package?\"},{\"key\":\"answer\",\"value\":\"Swag slow-carb quinoa VHS typewriter pork belly brunch, paleo single-origin coffee Wes Anderson. Flexitarian Pitchfork forage, literally paleo fap pour-over. Wes Anderson Pinterest YOLO fanny pack meggings, deep v XOXO chambray sustainable slow-carb raw denim church-key fap chillwave Etsy. +1 typewriter kitsch, American Apparel tofu Banksy Vice.\"}],[{\"key\":\"question\",\"value\":\"What Payment Methods Are Accepted?\"},{\"key\":\"answer\",\"value\":\"Fashion axe DIY jean shorts, swag kale chips meh polaroid kogi butcher Wes Anderson chambray next level semiotics gentrify yr. Voluptate photo booth fugiat Vice. Austin sed Williamsburg, ea labore raw denim voluptate cred proident mixtape excepteur mustache. Twee chia photo booth readymade food truck, hoodie roof party swag keytar PBR DIY.\"}],[{\"key\":\"question\",\"value\":\"Is Buying On-Line Safe?\"},{\"key\":\"answer\",\"value\":\"Art party authentic freegan semiotics jean shorts chia cred. Neutra Austin roof party Brooklyn, synth Thundercats swag 8-bit photo booth. Plaid letterpress leggings craft beer meh ethical Pinterest.\"}]]]',16,'Botble\\Ecommerce\\Models\\Product','2022-11-10 21:04:36','2022-11-10 21:04:36'),(31,'faq_schema_config','[[[{\"key\":\"question\",\"value\":\"What Shipping Methods Are Available?\"},{\"key\":\"answer\",\"value\":\"Ex Portland Pitchfork irure mustache. Eutra fap before they sold out literally. Aliquip ugh bicycle rights actually mlkshk, seitan squid craft beer tempor.\"}],[{\"key\":\"question\",\"value\":\"Do You Ship Internationally?\"},{\"key\":\"answer\",\"value\":\"Hoodie tote bag mixtape tofu. Typewriter jean shorts wolf quinoa, messenger bag organic freegan cray.\"}],[{\"key\":\"question\",\"value\":\"How Long Will It Take To Get My Package?\"},{\"key\":\"answer\",\"value\":\"Swag slow-carb quinoa VHS typewriter pork belly brunch, paleo single-origin coffee Wes Anderson. Flexitarian Pitchfork forage, literally paleo fap pour-over. Wes Anderson Pinterest YOLO fanny pack meggings, deep v XOXO chambray sustainable slow-carb raw denim church-key fap chillwave Etsy. +1 typewriter kitsch, American Apparel tofu Banksy Vice.\"}],[{\"key\":\"question\",\"value\":\"What Payment Methods Are Accepted?\"},{\"key\":\"answer\",\"value\":\"Fashion axe DIY jean shorts, swag kale chips meh polaroid kogi butcher Wes Anderson chambray next level semiotics gentrify yr. Voluptate photo booth fugiat Vice. Austin sed Williamsburg, ea labore raw denim voluptate cred proident mixtape excepteur mustache. Twee chia photo booth readymade food truck, hoodie roof party swag keytar PBR DIY.\"}],[{\"key\":\"question\",\"value\":\"Is Buying On-Line Safe?\"},{\"key\":\"answer\",\"value\":\"Art party authentic freegan semiotics jean shorts chia cred. Neutra Austin roof party Brooklyn, synth Thundercats swag 8-bit photo booth. Plaid letterpress leggings craft beer meh ethical Pinterest.\"}]]]',17,'Botble\\Ecommerce\\Models\\Product','2022-11-10 21:04:36','2022-11-10 21:04:36'),(32,'faq_schema_config','[[[{\"key\":\"question\",\"value\":\"What Shipping Methods Are Available?\"},{\"key\":\"answer\",\"value\":\"Ex Portland Pitchfork irure mustache. Eutra fap before they sold out literally. Aliquip ugh bicycle rights actually mlkshk, seitan squid craft beer tempor.\"}],[{\"key\":\"question\",\"value\":\"Do You Ship Internationally?\"},{\"key\":\"answer\",\"value\":\"Hoodie tote bag mixtape tofu. Typewriter jean shorts wolf quinoa, messenger bag organic freegan cray.\"}],[{\"key\":\"question\",\"value\":\"How Long Will It Take To Get My Package?\"},{\"key\":\"answer\",\"value\":\"Swag slow-carb quinoa VHS typewriter pork belly brunch, paleo single-origin coffee Wes Anderson. Flexitarian Pitchfork forage, literally paleo fap pour-over. Wes Anderson Pinterest YOLO fanny pack meggings, deep v XOXO chambray sustainable slow-carb raw denim church-key fap chillwave Etsy. +1 typewriter kitsch, American Apparel tofu Banksy Vice.\"}],[{\"key\":\"question\",\"value\":\"What Payment Methods Are Accepted?\"},{\"key\":\"answer\",\"value\":\"Fashion axe DIY jean shorts, swag kale chips meh polaroid kogi butcher Wes Anderson chambray next level semiotics gentrify yr. Voluptate photo booth fugiat Vice. Austin sed Williamsburg, ea labore raw denim voluptate cred proident mixtape excepteur mustache. Twee chia photo booth readymade food truck, hoodie roof party swag keytar PBR DIY.\"}],[{\"key\":\"question\",\"value\":\"Is Buying On-Line Safe?\"},{\"key\":\"answer\",\"value\":\"Art party authentic freegan semiotics jean shorts chia cred. Neutra Austin roof party Brooklyn, synth Thundercats swag 8-bit photo booth. Plaid letterpress leggings craft beer meh ethical Pinterest.\"}]]]',18,'Botble\\Ecommerce\\Models\\Product','2022-11-10 21:04:36','2022-11-10 21:04:36'),(33,'faq_schema_config','[[[{\"key\":\"question\",\"value\":\"What Shipping Methods Are Available?\"},{\"key\":\"answer\",\"value\":\"Ex Portland Pitchfork irure mustache. Eutra fap before they sold out literally. Aliquip ugh bicycle rights actually mlkshk, seitan squid craft beer tempor.\"}],[{\"key\":\"question\",\"value\":\"Do You Ship Internationally?\"},{\"key\":\"answer\",\"value\":\"Hoodie tote bag mixtape tofu. Typewriter jean shorts wolf quinoa, messenger bag organic freegan cray.\"}],[{\"key\":\"question\",\"value\":\"How Long Will It Take To Get My Package?\"},{\"key\":\"answer\",\"value\":\"Swag slow-carb quinoa VHS typewriter pork belly brunch, paleo single-origin coffee Wes Anderson. Flexitarian Pitchfork forage, literally paleo fap pour-over. Wes Anderson Pinterest YOLO fanny pack meggings, deep v XOXO chambray sustainable slow-carb raw denim church-key fap chillwave Etsy. +1 typewriter kitsch, American Apparel tofu Banksy Vice.\"}],[{\"key\":\"question\",\"value\":\"What Payment Methods Are Accepted?\"},{\"key\":\"answer\",\"value\":\"Fashion axe DIY jean shorts, swag kale chips meh polaroid kogi butcher Wes Anderson chambray next level semiotics gentrify yr. Voluptate photo booth fugiat Vice. Austin sed Williamsburg, ea labore raw denim voluptate cred proident mixtape excepteur mustache. Twee chia photo booth readymade food truck, hoodie roof party swag keytar PBR DIY.\"}],[{\"key\":\"question\",\"value\":\"Is Buying On-Line Safe?\"},{\"key\":\"answer\",\"value\":\"Art party authentic freegan semiotics jean shorts chia cred. Neutra Austin roof party Brooklyn, synth Thundercats swag 8-bit photo booth. Plaid letterpress leggings craft beer meh ethical Pinterest.\"}]]]',19,'Botble\\Ecommerce\\Models\\Product','2022-11-10 21:04:36','2022-11-10 21:04:36'),(34,'faq_schema_config','[[[{\"key\":\"question\",\"value\":\"What Shipping Methods Are Available?\"},{\"key\":\"answer\",\"value\":\"Ex Portland Pitchfork irure mustache. Eutra fap before they sold out literally. Aliquip ugh bicycle rights actually mlkshk, seitan squid craft beer tempor.\"}],[{\"key\":\"question\",\"value\":\"Do You Ship Internationally?\"},{\"key\":\"answer\",\"value\":\"Hoodie tote bag mixtape tofu. Typewriter jean shorts wolf quinoa, messenger bag organic freegan cray.\"}],[{\"key\":\"question\",\"value\":\"How Long Will It Take To Get My Package?\"},{\"key\":\"answer\",\"value\":\"Swag slow-carb quinoa VHS typewriter pork belly brunch, paleo single-origin coffee Wes Anderson. Flexitarian Pitchfork forage, literally paleo fap pour-over. Wes Anderson Pinterest YOLO fanny pack meggings, deep v XOXO chambray sustainable slow-carb raw denim church-key fap chillwave Etsy. +1 typewriter kitsch, American Apparel tofu Banksy Vice.\"}],[{\"key\":\"question\",\"value\":\"What Payment Methods Are Accepted?\"},{\"key\":\"answer\",\"value\":\"Fashion axe DIY jean shorts, swag kale chips meh polaroid kogi butcher Wes Anderson chambray next level semiotics gentrify yr. Voluptate photo booth fugiat Vice. Austin sed Williamsburg, ea labore raw denim voluptate cred proident mixtape excepteur mustache. Twee chia photo booth readymade food truck, hoodie roof party swag keytar PBR DIY.\"}],[{\"key\":\"question\",\"value\":\"Is Buying On-Line Safe?\"},{\"key\":\"answer\",\"value\":\"Art party authentic freegan semiotics jean shorts chia cred. Neutra Austin roof party Brooklyn, synth Thundercats swag 8-bit photo booth. Plaid letterpress leggings craft beer meh ethical Pinterest.\"}]]]',20,'Botble\\Ecommerce\\Models\\Product','2022-11-10 21:04:36','2022-11-10 21:04:36'),(35,'faq_schema_config','[[[{\"key\":\"question\",\"value\":\"What Shipping Methods Are Available?\"},{\"key\":\"answer\",\"value\":\"Ex Portland Pitchfork irure mustache. Eutra fap before they sold out literally. Aliquip ugh bicycle rights actually mlkshk, seitan squid craft beer tempor.\"}],[{\"key\":\"question\",\"value\":\"Do You Ship Internationally?\"},{\"key\":\"answer\",\"value\":\"Hoodie tote bag mixtape tofu. Typewriter jean shorts wolf quinoa, messenger bag organic freegan cray.\"}],[{\"key\":\"question\",\"value\":\"How Long Will It Take To Get My Package?\"},{\"key\":\"answer\",\"value\":\"Swag slow-carb quinoa VHS typewriter pork belly brunch, paleo single-origin coffee Wes Anderson. Flexitarian Pitchfork forage, literally paleo fap pour-over. Wes Anderson Pinterest YOLO fanny pack meggings, deep v XOXO chambray sustainable slow-carb raw denim church-key fap chillwave Etsy. +1 typewriter kitsch, American Apparel tofu Banksy Vice.\"}],[{\"key\":\"question\",\"value\":\"What Payment Methods Are Accepted?\"},{\"key\":\"answer\",\"value\":\"Fashion axe DIY jean shorts, swag kale chips meh polaroid kogi butcher Wes Anderson chambray next level semiotics gentrify yr. Voluptate photo booth fugiat Vice. Austin sed Williamsburg, ea labore raw denim voluptate cred proident mixtape excepteur mustache. Twee chia photo booth readymade food truck, hoodie roof party swag keytar PBR DIY.\"}],[{\"key\":\"question\",\"value\":\"Is Buying On-Line Safe?\"},{\"key\":\"answer\",\"value\":\"Art party authentic freegan semiotics jean shorts chia cred. Neutra Austin roof party Brooklyn, synth Thundercats swag 8-bit photo booth. Plaid letterpress leggings craft beer meh ethical Pinterest.\"}]]]',21,'Botble\\Ecommerce\\Models\\Product','2022-11-10 21:04:36','2022-11-10 21:04:36'),(36,'faq_schema_config','[[[{\"key\":\"question\",\"value\":\"What Shipping Methods Are Available?\"},{\"key\":\"answer\",\"value\":\"Ex Portland Pitchfork irure mustache. Eutra fap before they sold out literally. Aliquip ugh bicycle rights actually mlkshk, seitan squid craft beer tempor.\"}],[{\"key\":\"question\",\"value\":\"Do You Ship Internationally?\"},{\"key\":\"answer\",\"value\":\"Hoodie tote bag mixtape tofu. Typewriter jean shorts wolf quinoa, messenger bag organic freegan cray.\"}],[{\"key\":\"question\",\"value\":\"How Long Will It Take To Get My Package?\"},{\"key\":\"answer\",\"value\":\"Swag slow-carb quinoa VHS typewriter pork belly brunch, paleo single-origin coffee Wes Anderson. Flexitarian Pitchfork forage, literally paleo fap pour-over. Wes Anderson Pinterest YOLO fanny pack meggings, deep v XOXO chambray sustainable slow-carb raw denim church-key fap chillwave Etsy. +1 typewriter kitsch, American Apparel tofu Banksy Vice.\"}],[{\"key\":\"question\",\"value\":\"What Payment Methods Are Accepted?\"},{\"key\":\"answer\",\"value\":\"Fashion axe DIY jean shorts, swag kale chips meh polaroid kogi butcher Wes Anderson chambray next level semiotics gentrify yr. Voluptate photo booth fugiat Vice. Austin sed Williamsburg, ea labore raw denim voluptate cred proident mixtape excepteur mustache. Twee chia photo booth readymade food truck, hoodie roof party swag keytar PBR DIY.\"}],[{\"key\":\"question\",\"value\":\"Is Buying On-Line Safe?\"},{\"key\":\"answer\",\"value\":\"Art party authentic freegan semiotics jean shorts chia cred. Neutra Austin roof party Brooklyn, synth Thundercats swag 8-bit photo booth. Plaid letterpress leggings craft beer meh ethical Pinterest.\"}]]]',22,'Botble\\Ecommerce\\Models\\Product','2022-11-10 21:04:36','2022-11-10 21:04:36'),(37,'faq_schema_config','[[[{\"key\":\"question\",\"value\":\"What Shipping Methods Are Available?\"},{\"key\":\"answer\",\"value\":\"Ex Portland Pitchfork irure mustache. Eutra fap before they sold out literally. Aliquip ugh bicycle rights actually mlkshk, seitan squid craft beer tempor.\"}],[{\"key\":\"question\",\"value\":\"Do You Ship Internationally?\"},{\"key\":\"answer\",\"value\":\"Hoodie tote bag mixtape tofu. Typewriter jean shorts wolf quinoa, messenger bag organic freegan cray.\"}],[{\"key\":\"question\",\"value\":\"How Long Will It Take To Get My Package?\"},{\"key\":\"answer\",\"value\":\"Swag slow-carb quinoa VHS typewriter pork belly brunch, paleo single-origin coffee Wes Anderson. Flexitarian Pitchfork forage, literally paleo fap pour-over. Wes Anderson Pinterest YOLO fanny pack meggings, deep v XOXO chambray sustainable slow-carb raw denim church-key fap chillwave Etsy. +1 typewriter kitsch, American Apparel tofu Banksy Vice.\"}],[{\"key\":\"question\",\"value\":\"What Payment Methods Are Accepted?\"},{\"key\":\"answer\",\"value\":\"Fashion axe DIY jean shorts, swag kale chips meh polaroid kogi butcher Wes Anderson chambray next level semiotics gentrify yr. Voluptate photo booth fugiat Vice. Austin sed Williamsburg, ea labore raw denim voluptate cred proident mixtape excepteur mustache. Twee chia photo booth readymade food truck, hoodie roof party swag keytar PBR DIY.\"}],[{\"key\":\"question\",\"value\":\"Is Buying On-Line Safe?\"},{\"key\":\"answer\",\"value\":\"Art party authentic freegan semiotics jean shorts chia cred. Neutra Austin roof party Brooklyn, synth Thundercats swag 8-bit photo booth. Plaid letterpress leggings craft beer meh ethical Pinterest.\"}]]]',23,'Botble\\Ecommerce\\Models\\Product','2022-11-10 21:04:36','2022-11-10 21:04:36'),(38,'tablet_image','[\"sliders\\/1-md.jpg\"]',1,'Botble\\SimpleSlider\\Models\\SimpleSliderItem','2022-11-10 21:04:39','2022-11-10 21:04:39'),(39,'mobile_image','[\"sliders\\/1-sm.jpg\"]',1,'Botble\\SimpleSlider\\Models\\SimpleSliderItem','2022-11-10 21:04:39','2022-11-10 21:04:39'),(40,'tablet_image','[\"sliders\\/2-md.jpg\"]',2,'Botble\\SimpleSlider\\Models\\SimpleSliderItem','2022-11-10 21:04:39','2022-11-10 21:04:39'),(41,'mobile_image','[\"sliders\\/2-sm.jpg\"]',2,'Botble\\SimpleSlider\\Models\\SimpleSliderItem','2022-11-10 21:04:39','2022-11-10 21:04:39'),(42,'tablet_image','[\"sliders\\/3-md.jpg\"]',3,'Botble\\SimpleSlider\\Models\\SimpleSliderItem','2022-11-10 21:04:39','2022-11-10 21:04:39'),(43,'mobile_image','[\"sliders\\/3-sm.jpg\"]',3,'Botble\\SimpleSlider\\Models\\SimpleSliderItem','2022-11-10 21:04:39','2022-11-10 21:04:39'),(44,'tablet_image','[\"sliders\\/1-md.jpg\"]',4,'Botble\\SimpleSlider\\Models\\SimpleSliderItem','2022-11-10 21:04:39','2022-11-10 21:04:39'),(45,'mobile_image','[\"sliders\\/1-sm.jpg\"]',4,'Botble\\SimpleSlider\\Models\\SimpleSliderItem','2022-11-10 21:04:39','2022-11-10 21:04:39'),(46,'tablet_image','[\"sliders\\/2-md.jpg\"]',5,'Botble\\SimpleSlider\\Models\\SimpleSliderItem','2022-11-10 21:04:39','2022-11-10 21:04:39'),(47,'mobile_image','[\"sliders\\/2-sm.jpg\"]',5,'Botble\\SimpleSlider\\Models\\SimpleSliderItem','2022-11-10 21:04:39','2022-11-10 21:04:39'),(48,'tablet_image','[\"sliders\\/3-md.jpg\"]',6,'Botble\\SimpleSlider\\Models\\SimpleSliderItem','2022-11-10 21:04:39','2022-11-10 21:04:39'),(49,'mobile_image','[\"sliders\\/3-sm.jpg\"]',6,'Botble\\SimpleSlider\\Models\\SimpleSliderItem','2022-11-10 21:04:39','2022-11-10 21:04:39');

--
-- Table structure for table `migrations`
--

CREATE TABLE `migrations` (
  `id` int unsigned NOT NULL AUTO_INCREMENT,
  `migration` varchar(191) COLLATE utf8mb4_unicode_ci NOT NULL,
  `batch` int NOT NULL,
  PRIMARY KEY (`id`)
) ENGINE=InnoDB AUTO_INCREMENT=104 DEFAULT CHARSET=utf8mb4 COLLATE=utf8mb4_unicode_ci;

--
-- Dumping data for table `migrations`
--

INSERT INTO `migrations` VALUES (1,'2013_04_09_032329_create_base_tables',1),(2,'2013_04_09_062329_create_revisions_table',1),(3,'2014_10_12_000000_create_users_table',1),(4,'2014_10_12_100000_create_password_resets_table',1),(5,'2016_06_10_230148_create_acl_tables',1),(6,'2016_06_14_230857_create_menus_table',1),(7,'2016_06_28_221418_create_pages_table',1),(8,'2016_10_05_074239_create_setting_table',1),(9,'2016_11_28_032840_create_dashboard_widget_tables',1),(10,'2016_12_16_084601_create_widgets_table',1),(11,'2017_05_09_070343_create_media_tables',1),(12,'2017_11_03_070450_create_slug_table',1),(13,'2019_01_05_053554_create_jobs_table',1),(14,'2019_08_19_000000_create_failed_jobs_table',1),(15,'2019_12_14_000001_create_personal_access_tokens_table',1),(16,'2021_08_02_084121_fix_old_shortcode',1),(17,'2022_04_20_100851_add_index_to_media_table',1),(18,'2022_04_20_101046_add_index_to_menu_table',1),(19,'2022_07_10_034813_move_lang_folder_to_root',1),(20,'2022_08_04_051940_add_missing_column_expires_at',1),(21,'2022_10_14_024629_drop_column_is_featured',1),(22,'2020_11_18_150916_ads_create_ads_table',2),(23,'2021_12_02_035301_add_ads_translations_table',2),(24,'2015_06_29_025744_create_audit_history',3),(25,'2015_06_18_033822_create_blog_table',4),(26,'2021_02_16_092633_remove_default_value_for_author_type',4),(27,'2021_12_03_030600_create_blog_translations',4),(28,'2022_04_19_113923_add_index_to_table_posts',4),(29,'2016_06_17_091537_create_contacts_table',5),(30,'2020_03_05_041139_create_ecommerce_tables',6),(31,'2021_01_01_044147_ecommerce_create_flash_sale_table',6),(32,'2021_01_17_082713_add_column_is_featured_to_product_collections_table',6),(33,'2021_01_18_024333_add_zip_code_into_table_customer_addresses',6),(34,'2021_02_18_073505_update_table_ec_reviews',6),(35,'2021_03_10_024419_add_column_confirmed_at_to_table_ec_customers',6),(36,'2021_03_10_025153_change_column_tax_amount',6),(37,'2021_03_20_033103_add_column_availability_to_table_ec_products',6),(38,'2021_04_28_074008_ecommerce_create_product_label_table',6),(39,'2021_05_31_173037_ecommerce_create_ec_products_translations',6),(40,'2021_06_28_153141_correct_slugs_data',6),(41,'2021_08_17_105016_remove_column_currency_id_in_some_tables',6),(42,'2021_08_30_142128_add_images_column_to_ec_reviews_table',6),(43,'2021_09_01_115151_remove_unused_fields_in_ec_products',6),(44,'2021_10_04_030050_add_column_created_by_to_table_ec_products',6),(45,'2021_10_05_122616_add_status_column_to_ec_customers_table',6),(46,'2021_11_03_025806_nullable_phone_number_in_ec_customer_addresses',6),(47,'2021_11_23_071403_correct_languages_for_product_variations',6),(48,'2021_11_28_031808_add_product_tags_translations',6),(49,'2021_12_01_031123_add_featured_image_to_ec_products',6),(50,'2022_01_01_033107_update_table_ec_shipments',6),(51,'2022_02_16_042457_improve_product_attribute_sets',6),(52,'2022_03_22_075758_correct_product_name',6),(53,'2022_04_19_113334_add_index_to_ec_products',6),(54,'2022_04_28_144405_remove_unused_table',6),(55,'2022_05_05_115015_create_ec_customer_recently_viewed_products_table',6),(56,'2022_05_18_143720_add_index_to_table_ec_product_categories',6),(57,'2022_06_16_095633_add_index_to_some_tables',6),(58,'2022_06_30_035148_create_order_referrals_table',6),(59,'2022_07_24_153815_add_completed_at_to_ec_orders_table',6),(60,'2022_08_14_032836_create_ec_order_returns_table',6),(61,'2022_08_14_033554_create_ec_order_return_items_table',6),(62,'2022_08_15_040324_add_billing_address',6),(63,'2022_08_30_091114_support_digital_products_table',6),(64,'2022_09_13_095744_create_options_table',6),(65,'2022_09_13_104347_create_option_value_table',6),(66,'2022_10_05_163518_alter_table_ec_order_product',6),(67,'2022_10_12_041517_create_invoices_table',6),(68,'2022_10_12_142226_update_orders_table',6),(69,'2022_10_13_024916_update_table_order_returns',6),(70,'2022_10_21_030830_update_columns_in_ec_shipments_table',6),(71,'2018_07_09_221238_create_faq_table',7),(72,'2021_12_03_082134_create_faq_translations',7),(73,'2016_10_03_032336_create_languages_table',8),(74,'2021_10_25_021023_fix-priority-load-for-language-advanced',9),(75,'2021_12_03_075608_create_page_translations',9),(76,'2019_11_18_061011_create_country_table',10),(77,'2021_12_03_084118_create_location_translations',10),(78,'2021_12_03_094518_migrate_old_location_data',10),(79,'2021_12_10_034440_switch_plugin_location_to_use_language_advanced',10),(80,'2022_01_16_085908_improve_plugin_location',10),(81,'2022_08_04_052122_delete_location_backup_tables',10),(82,'2022_10_29_065232_increase_states_abbreviation_column',10),(83,'2022_11_06_061847_increase_state_translations_abbreviation_column',10),(84,'2021_07_06_030002_create_marketplace_table',11),(85,'2021_09_04_150137_add_vendor_verified_at_to_ec_customers_table',11),(86,'2021_10_04_033903_add_column_approved_by_into_table_ec_products',11),(87,'2021_10_06_124943_add_transaction_id_column_to_mp_customer_withdrawals_table',11),(88,'2021_10_10_054216_add_columns_to_mp_customer_revenues_table',11),(89,'2021_12_06_031304_update_table_mp_customer_revenues',11),(90,'2022_10_19_152916_add_columns_to_mp_stores_table',11),(91,'2022_10_20_062849_create_mp_category_sale_commissions_table',11),(92,'2022_11_02_071413_add_more_info_for_store',11),(93,'2022_11_02_080444_add_tax_info',11),(94,'2017_10_24_154832_create_newsletter_table',12),(95,'2017_05_18_080441_create_payment_tables',13),(96,'2021_03_27_144913_add_customer_type_into_table_payments',13),(97,'2021_05_24_034720_make_column_currency_nullable',13),(98,'2021_08_09_161302_add_metadata_column_to_payments_table',13),(99,'2021_10_19_020859_update_metadata_field',13),(100,'2022_06_28_151901_activate_paypal_stripe_plugin',13),(101,'2022_07_07_153354_update_charge_id_in_table_payments',13),(102,'2017_07_11_140018_create_simple_slider_table',14),(103,'2016_10_07_193005_create_translations_table',15);

--
-- Table structure for table `mp_category_sale_commissions`
--

CREATE TABLE `mp_category_sale_commissions` (
  `id` bigint unsigned NOT NULL AUTO_INCREMENT,
  `product_category_id` int unsigned NOT NULL,
  `commission_percentage` decimal(8,2) NOT NULL DEFAULT '0.00',
  PRIMARY KEY (`id`),
  UNIQUE KEY `mp_category_sale_commissions_product_category_id_unique` (`product_category_id`)
) ENGINE=InnoDB DEFAULT CHARSET=utf8mb4 COLLATE=utf8mb4_unicode_ci;

--
-- Dumping data for table `mp_category_sale_commissions`
--


--
-- Table structure for table `mp_customer_revenues`
--

CREATE TABLE `mp_customer_revenues` (
  `id` bigint unsigned NOT NULL AUTO_INCREMENT,
  `customer_id` int unsigned DEFAULT NULL,
  `order_id` int unsigned DEFAULT NULL,
  `sub_amount` decimal(15,2) DEFAULT '0.00',
  `fee` decimal(15,2) unsigned DEFAULT '0.00',
  `amount` decimal(15,2) DEFAULT '0.00',
  `current_balance` decimal(15,2) DEFAULT '0.00',
  `currency` varchar(120) COLLATE utf8mb4_unicode_ci DEFAULT NULL,
  `description` text COLLATE utf8mb4_unicode_ci,
  `created_at` timestamp NULL DEFAULT NULL,
  `updated_at` timestamp NULL DEFAULT NULL,
  `user_id` int unsigned NOT NULL DEFAULT '0',
  `type` varchar(60) COLLATE utf8mb4_unicode_ci DEFAULT NULL,
  PRIMARY KEY (`id`)
) ENGINE=InnoDB AUTO_INCREMENT=14 DEFAULT CHARSET=utf8mb4 COLLATE=utf8mb4_unicode_ci;

--
-- Dumping data for table `mp_customer_revenues`
--

INSERT INTO `mp_customer_revenues` VALUES (1,2,1,1698.80,0.00,1698.80,0.00,'USD',NULL,'2022-11-10 05:04:43','2022-11-10 05:04:43',0,NULL),(2,7,3,44.55,0.00,44.55,0.00,'USD',NULL,'2022-11-10 13:04:43','2022-11-10 13:04:43',0,NULL),(3,9,5,3884.30,0.00,3884.30,0.00,'USD',NULL,'2022-11-10 09:04:43','2022-11-10 09:04:43',0,NULL),(4,7,6,2374.60,0.00,2374.60,44.55,'USD',NULL,'2022-11-07 09:04:43','2022-11-07 09:04:43',0,NULL),(5,10,10,4769.90,0.00,4769.90,0.00,'USD',NULL,'2022-11-08 03:04:43','2022-11-08 03:04:43',0,NULL),(6,6,14,1875.30,0.00,1875.30,0.00,'USD',NULL,'2022-11-07 03:04:43','2022-11-07 03:04:43',0,NULL),(7,2,18,2608.20,0.00,2608.20,1698.80,'USD',NULL,'2022-10-27 15:04:43','2022-10-27 15:04:43',0,NULL),(8,10,23,1733.90,0.00,1733.90,4769.90,'USD',NULL,'2022-11-04 21:04:43','2022-11-04 21:04:43',0,NULL),(9,6,24,1664.70,0.00,1664.70,1875.30,'USD',NULL,'2022-10-27 07:04:43','2022-10-27 07:04:43',0,NULL),(10,6,28,1215.98,0.00,1215.98,3540.00,'USD',NULL,'2022-10-20 03:04:44','2022-10-20 03:04:44',0,NULL),(11,10,32,2437.30,0.00,2437.30,6503.80,'USD',NULL,'2022-11-02 15:04:44','2022-11-02 15:04:44',0,NULL),(12,10,39,589.60,0.00,589.60,8941.10,'USD',NULL,'2022-10-11 21:04:44','2022-10-11 21:04:44',0,NULL),(13,6,40,2507.40,0.00,2507.40,4755.98,'USD',NULL,'2022-11-04 01:04:44','2022-11-04 01:04:44',0,NULL);

--
-- Table structure for table `mp_customer_withdrawals`
--

CREATE TABLE `mp_customer_withdrawals` (
  `id` bigint unsigned NOT NULL AUTO_INCREMENT,
  `customer_id` int unsigned DEFAULT NULL,
  `fee` decimal(15,2) unsigned DEFAULT '0.00',
  `amount` decimal(15,2) unsigned DEFAULT '0.00',
  `current_balance` decimal(15,2) unsigned DEFAULT '0.00',
  `currency` varchar(120) COLLATE utf8mb4_unicode_ci DEFAULT NULL,
  `description` text COLLATE utf8mb4_unicode_ci,
  `bank_info` text COLLATE utf8mb4_unicode_ci,
  `payment_channel` varchar(60) COLLATE utf8mb4_unicode_ci DEFAULT NULL,
  `user_id` int unsigned NOT NULL DEFAULT '0',
  `status` varchar(60) COLLATE utf8mb4_unicode_ci NOT NULL DEFAULT 'pending',
  `images` text COLLATE utf8mb4_unicode_ci,
  `created_at` timestamp NULL DEFAULT NULL,
  `updated_at` timestamp NULL DEFAULT NULL,
  `transaction_id` varchar(60) COLLATE utf8mb4_unicode_ci DEFAULT NULL,
  PRIMARY KEY (`id`)
) ENGINE=InnoDB AUTO_INCREMENT=16 DEFAULT CHARSET=utf8mb4 COLLATE=utf8mb4_unicode_ci;

--
-- Dumping data for table `mp_customer_withdrawals`
--

INSERT INTO `mp_customer_withdrawals` VALUES (1,2,0.00,1391.00,4307.00,'USD','','{\"name\":\"Isaiah Hagenes\",\"number\":\"+12202699595\",\"full_name\":\"Prof. Don Pollich I\",\"description\":\"Braeden Schamberger\"}',NULL,0,'processing',NULL,'2022-11-10 21:04:44','2022-11-10 21:04:44',NULL),(2,2,0.00,601.00,2916.00,'USD','','{\"name\":\"Isaiah Hagenes\",\"number\":\"+12202699595\",\"full_name\":\"Prof. Don Pollich I\",\"description\":\"Braeden Schamberger\"}',NULL,0,'completed',NULL,'2022-11-10 21:04:44','2022-11-10 21:04:44',NULL),(3,2,0.00,374.00,2315.00,'USD','','{\"name\":\"Isaiah Hagenes\",\"number\":\"+12202699595\",\"full_name\":\"Prof. Don Pollich I\",\"description\":\"Braeden Schamberger\"}',NULL,0,'processing',NULL,'2022-11-10 21:04:44','2022-11-10 21:04:44',NULL),(4,6,0.00,2286.00,7263.38,'USD','','{\"name\":\"Miss Bernice Muller V\",\"number\":\"+15202592531\",\"full_name\":\"Prof. Monserrate Rogahn III\",\"description\":\"Jazmyne Lubowitz DVM\"}',NULL,0,'processing',NULL,'2022-11-10 21:04:44','2022-11-10 21:04:44',NULL),(5,6,0.00,1138.00,4977.38,'USD','','{\"name\":\"Miss Bernice Muller V\",\"number\":\"+15202592531\",\"full_name\":\"Prof. Monserrate Rogahn III\",\"description\":\"Jazmyne Lubowitz DVM\"}',NULL,0,'pending',NULL,'2022-11-10 21:04:45','2022-11-10 21:04:45',NULL),(6,7,0.00,179.00,2419.15,'USD','','{\"name\":\"Brigitte Hirthe II\",\"number\":\"+17013809047\",\"full_name\":\"Mrs. Sienna Christiansen I\",\"description\":\"Nikita Labadie\"}',NULL,0,'completed',NULL,'2022-11-10 21:04:45','2022-11-10 21:04:45',NULL),(7,7,0.00,526.00,2240.15,'USD','','{\"name\":\"Brigitte Hirthe II\",\"number\":\"+17013809047\",\"full_name\":\"Mrs. Sienna Christiansen I\",\"description\":\"Nikita Labadie\"}',NULL,0,'pending',NULL,'2022-11-10 21:04:45','2022-11-10 21:04:45',NULL),(8,7,0.00,174.00,1714.15,'USD','','{\"name\":\"Brigitte Hirthe II\",\"number\":\"+17013809047\",\"full_name\":\"Mrs. Sienna Christiansen I\",\"description\":\"Nikita Labadie\"}',NULL,0,'completed',NULL,'2022-11-10 21:04:45','2022-11-10 21:04:45',NULL),(9,9,0.00,1210.00,3884.30,'USD','','{\"name\":\"Triston Greenfelder\",\"number\":\"+13344152343\",\"full_name\":\"Casey Lemke II\",\"description\":\"Maribel Corkery II\"}',NULL,0,'processing',NULL,'2022-11-10 21:04:45','2022-11-10 21:04:45',NULL),(10,9,0.00,691.00,2674.30,'USD','','{\"name\":\"Triston Greenfelder\",\"number\":\"+13344152343\",\"full_name\":\"Casey Lemke II\",\"description\":\"Maribel Corkery II\"}',NULL,0,'processing',NULL,'2022-11-10 21:04:45','2022-11-10 21:04:45',NULL),(11,9,0.00,432.00,1983.30,'USD','','{\"name\":\"Triston Greenfelder\",\"number\":\"+13344152343\",\"full_name\":\"Casey Lemke II\",\"description\":\"Maribel Corkery II\"}',NULL,0,'completed',NULL,'2022-11-10 21:04:45','2022-11-10 21:04:45',NULL),(12,10,0.00,2316.00,9530.70,'USD','','{\"name\":\"Mr. Rex Yost Jr.\",\"number\":\"+15519742548\",\"full_name\":\"Prof. Dock Tromp II\",\"description\":\"Hailee Erdman DDS\"}',NULL,0,'pending',NULL,'2022-11-10 21:04:45','2022-11-10 21:04:45',NULL),(13,10,0.00,1073.00,7214.70,'USD','','{\"name\":\"Mr. Rex Yost Jr.\",\"number\":\"+15519742548\",\"full_name\":\"Prof. Dock Tromp II\",\"description\":\"Hailee Erdman DDS\"}',NULL,0,'pending',NULL,'2022-11-10 21:04:46','2022-11-10 21:04:46',NULL),(14,10,0.00,1090.00,6141.70,'USD','','{\"name\":\"Mr. Rex Yost Jr.\",\"number\":\"+15519742548\",\"full_name\":\"Prof. Dock Tromp II\",\"description\":\"Hailee Erdman DDS\"}',NULL,0,'pending',NULL,'2022-11-10 21:04:46','2022-11-10 21:04:46',NULL),(15,10,0.00,1198.00,5051.70,'USD','','{\"name\":\"Mr. Rex Yost Jr.\",\"number\":\"+15519742548\",\"full_name\":\"Prof. Dock Tromp II\",\"description\":\"Hailee Erdman DDS\"}',NULL,0,'processing',NULL,'2022-11-10 21:04:46','2022-11-10 21:04:46',NULL);

--
-- Table structure for table `mp_stores`
--

CREATE TABLE `mp_stores` (
  `id` bigint unsigned NOT NULL AUTO_INCREMENT,
  `name` varchar(255) COLLATE utf8mb4_unicode_ci NOT NULL,
  `email` varchar(60) COLLATE utf8mb4_unicode_ci DEFAULT NULL,
  `phone` varchar(20) COLLATE utf8mb4_unicode_ci DEFAULT NULL,
  `address` varchar(255) COLLATE utf8mb4_unicode_ci DEFAULT NULL,
  `country` varchar(120) COLLATE utf8mb4_unicode_ci DEFAULT NULL,
  `state` varchar(120) COLLATE utf8mb4_unicode_ci DEFAULT NULL,
  `city` varchar(120) COLLATE utf8mb4_unicode_ci DEFAULT NULL,
  `customer_id` int unsigned DEFAULT NULL,
  `logo` varchar(255) COLLATE utf8mb4_unicode_ci DEFAULT NULL,
  `description` varchar(400) COLLATE utf8mb4_unicode_ci DEFAULT NULL,
  `content` longtext COLLATE utf8mb4_unicode_ci,
  `status` varchar(60) COLLATE utf8mb4_unicode_ci NOT NULL DEFAULT 'published',
  `vendor_verified_at` datetime DEFAULT NULL,
  `created_at` timestamp NULL DEFAULT NULL,
  `updated_at` timestamp NULL DEFAULT NULL,
  `zip_code` varchar(20) COLLATE utf8mb4_unicode_ci DEFAULT NULL,
  `company` varchar(255) COLLATE utf8mb4_unicode_ci DEFAULT NULL,
  PRIMARY KEY (`id`)
) ENGINE=InnoDB AUTO_INCREMENT=7 DEFAULT CHARSET=utf8mb4 COLLATE=utf8mb4_unicode_ci;

--
-- Dumping data for table `mp_stores`
--

INSERT INTO `mp_stores` VALUES (1,'GoPro','okuneva.kallie@example.net','+12409825833','258 Candelario Mews Suite 032','SM','Montana','North Burnice',2,'stores/1.png','Molestiae cumque soluta minima corrupti vel.','Repudiandae et dolores eaque voluptatem omnis. Est eveniet ipsa animi provident consequatur rerum. Qui facilis qui sapiente vero voluptates quo.','published',NULL,'2022-11-10 21:04:42','2022-11-10 21:04:42',NULL,NULL),(2,'Global Office','haskell87@example.com','+13528723934','105 Hintz Harbor','NC','Wisconsin','Port Noe',5,'stores/2.png','Ut omnis corporis est nobis et aut odit.','Impedit ratione occaecati qui aut. Possimus ut fugit repellat ut voluptatem aliquid ut. Quisquam id accusamus commodi eaque minus voluptas et.','published',NULL,'2022-11-10 21:04:42','2022-11-10 21:04:42',NULL,NULL),(3,'Young Shop','lrogahn@example.com','+14804881497','89306 Emily Road','CR','Kansas','Herzogside',6,'stores/3.png','Dignissimos nulla laborum accusamus.','Aperiam reiciendis tenetur amet eum accusantium aut eos corrupti. Rerum sunt doloremque ut omnis. Aut dignissimos et id sed. Sit aut quo eaque eos.','published',NULL,'2022-11-10 21:04:42','2022-11-10 21:04:42',NULL,NULL),(4,'Global Store','devan.rice@example.org','+19373396572','67660 Kip Shores Suite 499','AX','Oklahoma','West Bart',7,'stores/4.png','Et velit dolores unde natus quae fuga sit et.','Minus et hic quaerat mollitia. Doloribus harum et et. Tenetur iusto vel ut nesciunt. Ut quod debitis ab saepe ipsum ipsam maxime.','published',NULL,'2022-11-10 21:04:42','2022-11-10 21:04:42',NULL,NULL),(5,'Robert’s Store','kblanda@example.net','+13168983155','52604 Chaya Drive','GG','Vermont','Lake Deon',9,'stores/5.png','Et temporibus debitis laboriosam.','Ipsum dolorem sequi quos eaque porro. Et quis debitis et vel et et dolor.','published',NULL,'2022-11-10 21:04:42','2022-11-10 21:04:42',NULL,NULL),(6,'Stouffer','sohara@example.org','+16315060565','424 Kristopher Fall','SN','Pennsylvania','McDermottside',10,'stores/6.png','Atque et quo blanditiis qui deserunt.','Dignissimos dolor ut reprehenderit qui. Natus explicabo natus temporibus ut sit voluptatem. Molestiae tempora consequuntur voluptas iusto officia.','published',NULL,'2022-11-10 21:04:42','2022-11-10 21:04:42',NULL,NULL);

--
-- Table structure for table `mp_vendor_info`
--

CREATE TABLE `mp_vendor_info` (
  `id` bigint unsigned NOT NULL AUTO_INCREMENT,
  `customer_id` int unsigned NOT NULL DEFAULT '0',
  `balance` decimal(15,2) NOT NULL DEFAULT '0.00',
  `total_fee` decimal(15,2) NOT NULL DEFAULT '0.00',
  `total_revenue` decimal(15,2) NOT NULL DEFAULT '0.00',
  `signature` varchar(255) COLLATE utf8mb4_unicode_ci DEFAULT NULL,
  `bank_info` text COLLATE utf8mb4_unicode_ci,
  `created_at` timestamp NULL DEFAULT NULL,
  `updated_at` timestamp NULL DEFAULT NULL,
  `payout_payment_method` varchar(120) COLLATE utf8mb4_unicode_ci DEFAULT 'bank_transfer',
  `tax_info` text COLLATE utf8mb4_unicode_ci,
  PRIMARY KEY (`id`)
) ENGINE=InnoDB AUTO_INCREMENT=7 DEFAULT CHARSET=utf8mb4 COLLATE=utf8mb4_unicode_ci;

--
-- Dumping data for table `mp_vendor_info`
--

INSERT INTO `mp_vendor_info` VALUES (1,2,1941.00,0.00,4307.00,'$2y$10$DgFt0uVNStdVlxggZL4J6OpcxGzlJBUReOzybzNRHVSN3eBZ2A71a','{\"name\":\"Isaiah Hagenes\",\"number\":\"+12202699595\",\"full_name\":\"Prof. Don Pollich I\",\"description\":\"Braeden Schamberger\"}','2022-11-10 21:04:42','2022-11-10 21:04:44','bank_transfer',NULL),(2,5,0.00,0.00,0.00,'$2y$10$ivAEZbTXTyp4LfS7k3PLhulxLoPrFHXG.lzXsWH5h5IqcGK/m1xsi','{\"name\":\"Heidi Douglas MD\",\"number\":\"+18603044572\",\"full_name\":\"Braeden Marks\",\"description\":\"Foster Emmerich\"}','2022-11-10 21:04:42','2022-11-10 21:04:42','bank_transfer',NULL),(3,6,3839.38,0.00,7263.38,'$2y$10$E9UJLGa8uF0OOFrzDLHPgu2MT6j83z0niXXXe0QITO/4pGFT8bEYq','{\"name\":\"Miss Bernice Muller V\",\"number\":\"+15202592531\",\"full_name\":\"Prof. Monserrate Rogahn III\",\"description\":\"Jazmyne Lubowitz DVM\"}','2022-11-10 21:04:42','2022-11-10 21:04:45','bank_transfer',NULL),(4,7,1540.15,0.00,2419.15,'$2y$10$2OnFDarPLCU6AkfGNP7JMu9P8RW7DFb7v8/GbRV2aRVSeteA.Zboq','{\"name\":\"Brigitte Hirthe II\",\"number\":\"+17013809047\",\"full_name\":\"Mrs. Sienna Christiansen I\",\"description\":\"Nikita Labadie\"}','2022-11-10 21:04:42','2022-11-10 21:04:45','bank_transfer',NULL),(5,9,1551.30,0.00,3884.30,'$2y$10$ePT8zmh31ICFVgd.RTH4C.olEIn03b5brtovavAyrA27L07u/MjoK','{\"name\":\"Triston Greenfelder\",\"number\":\"+13344152343\",\"full_name\":\"Casey Lemke II\",\"description\":\"Maribel Corkery II\"}','2022-11-10 21:04:42','2022-11-10 21:04:45','bank_transfer',NULL),(6,10,3853.70,0.00,9530.70,'$2y$10$JDCtEnlq28C2vcEEnt3UGOZtZN7wiPGuSW3RJTu.fadaLE7Ir4u/a','{\"name\":\"Mr. Rex Yost Jr.\",\"number\":\"+15519742548\",\"full_name\":\"Prof. Dock Tromp II\",\"description\":\"Hailee Erdman DDS\"}','2022-11-10 21:04:42','2022-11-10 21:04:46','bank_transfer',NULL);

--
-- Table structure for table `newsletters`
--

CREATE TABLE `newsletters` (
  `id` bigint unsigned NOT NULL AUTO_INCREMENT,
  `email` varchar(120) COLLATE utf8mb4_unicode_ci NOT NULL,
  `name` varchar(120) COLLATE utf8mb4_unicode_ci DEFAULT NULL,
  `status` varchar(60) COLLATE utf8mb4_unicode_ci NOT NULL DEFAULT 'subscribed',
  `created_at` timestamp NULL DEFAULT NULL,
  `updated_at` timestamp NULL DEFAULT NULL,
  PRIMARY KEY (`id`)
) ENGINE=InnoDB DEFAULT CHARSET=utf8mb4 COLLATE=utf8mb4_unicode_ci;

--
-- Dumping data for table `newsletters`
--


--
-- Table structure for table `pages`
--

CREATE TABLE `pages` (
  `id` bigint unsigned NOT NULL AUTO_INCREMENT,
  `name` varchar(120) COLLATE utf8mb4_unicode_ci NOT NULL,
  `content` longtext COLLATE utf8mb4_unicode_ci,
  `user_id` int NOT NULL,
  `image` varchar(255) COLLATE utf8mb4_unicode_ci DEFAULT NULL,
  `template` varchar(60) COLLATE utf8mb4_unicode_ci DEFAULT NULL,
  `description` varchar(400) COLLATE utf8mb4_unicode_ci DEFAULT NULL,
  `status` varchar(60) COLLATE utf8mb4_unicode_ci NOT NULL DEFAULT 'published',
  `created_at` timestamp NULL DEFAULT NULL,
  `updated_at` timestamp NULL DEFAULT NULL,
  PRIMARY KEY (`id`)
) ENGINE=InnoDB AUTO_INCREMENT=13 DEFAULT CHARSET=utf8mb4 COLLATE=utf8mb4_unicode_ci;

--
-- Dumping data for table `pages`
--

INSERT INTO `pages` VALUES (1,'Home','<div>[simple-slider key=\"home-slider\" ads_1=\"VC2C8Q1UGCBG\" ads_2=\"NBDWRXTSVZ8N\"][/simple-slider]</div><div>[site-features icon1=\"icon-rocket\" title1=\"Free Delivery\" subtitle1=\"For all orders over $99\" icon2=\"icon-sync\" title2=\"90 Days Return\" subtitle2=\"If goods have problems\" icon3=\"icon-credit-card\" title3=\"Secure Payment\" subtitle3=\"100% secure payment\" icon4=\"icon-bubbles\" title4=\"24/7 Support\" subtitle4=\"Dedicated support\" icon5=\"icon-gift\" title5=\"Gift Service\" subtitle5=\"Support gift service\"][/site-features]</div><div>[flash-sale title=\"Deal of the day\" flash_sale_id=\"1\"][/flash-sale]</div><div>[featured-product-categories title=\"Top Categories\"][/featured-product-categories]</div><div>[theme-ads key_1=\"IZ6WU8KUALYD\" key_2=\"ILSFJVYFGCPZ\" key_3=\"ZDOZUZZIU7FT\"][/theme-ads]</div><div>[featured-products title=\"Featured products\"][/featured-products]</div><div>[theme-ads key_1=\"Q9YDUIC9HSWS\" key_2=\"IZ6WU8KUALYE\"][/theme-ads]</div><div>[product-collections title=\"Exclusive Products\"][/product-collections]</div><div>[product-category-products category_id=\"18\"][/product-category-products]</div><div>[download-app title=\"Download Martfury App Now!\" subtitle=\"Shopping fastly and easily more with our app. Get a link to download the app on your phone.\" screenshot=\"general/app.png\" android_app_url=\"https://www.appstore.com\" ios_app_url=\"https://play.google.com/store\"][/download-app]</div><div>[product-category-products category_id=\"23\"][/product-category-products]</div><div>[newsletter-form title=\"Join Our Newsletter Now\" subtitle=\"Subscribe to get information about products and coupons\"][/newsletter-form]</div>',1,NULL,'homepage',NULL,'published','2022-11-10 21:04:39','2022-11-10 21:04:39'),(2,'About us','<p>Alice panted as she went on to her ear, and whispered \'She\'s under sentence of execution.\' \'What for?\' said the Hatter with a little hot tea upon its forehead (the position in dancing.\' Alice said; \'there\'s a large rabbit-hole under the sea--\' (\'I haven\'t,\' said Alice)--\'and perhaps you haven\'t found it advisable--\"\' \'Found WHAT?\' said the Gryphon. \'The reason is,\' said the Cat, \'a dog\'s not mad. You grant that?\' \'I suppose they are the jurors.\' She said the White Rabbit was no more of it had.</p><p>I hadn\'t mentioned Dinah!\' she said this, she came upon a Gryphon, lying fast asleep in the sky. Alice went timidly up to Alice, and her eyes to see that queer little toss of her head to keep back the wandering hair that curled all over with fright. \'Oh, I beg your pardon!\' cried Alice again, for this time the Queen to-day?\' \'I should like it put the Dormouse turned out, and, by the English, who wanted leaders, and had just succeeded in curving it down \'important,\' and some \'unimportant.\'.</p><p>Alice said very politely, feeling quite pleased to have the experiment tried. \'Very true,\' said the Duchess, as she could for sneezing. There was no longer to be patted on the door of which was immediately suppressed by the Hatter, \'you wouldn\'t talk about wasting IT. It\'s HIM.\' \'I don\'t see any wine,\' she remarked. \'It tells the day and night! You see the Queen. \'Their heads are gone, if it makes me grow smaller, I suppose.\' So she was about a thousand times as large as the rest of my own.</p><p>LITTLE BUSY BEE,\" but it had struck her foot! She was moving them about as much as she was saying, and the Dormouse sulkily remarked, \'If you can\'t help it,\' she thought, \'it\'s sure to do THAT in a deep voice, \'are done with blacking, I believe.\' \'Boots and shoes under the sea--\' (\'I haven\'t,\' said Alice)--\'and perhaps you were down here till I\'m somebody else\"--but, oh dear!\' cried Alice in a minute, trying to put everything upon Bill! I wouldn\'t say anything about it, you may nurse it a.</p>',1,NULL,'default',NULL,'published','2022-11-10 21:04:39','2022-11-10 21:04:39'),(3,'Terms Of Use','<p>Majesty must cross-examine THIS witness.\' \'Well, if I shall be punished for it to make out that she wasn\'t a bit hurt, and she had found her way into that lovely garden. I think I may as well say,\' added the Dormouse, and repeated her question. \'Why did they draw?\' said Alice, always ready to talk to.\' \'How are you getting on now, my dear?\' it continued, turning to the general conclusion, that wherever you go on? It\'s by far the most curious thing I ever heard!\' \'Yes, I think I can say.\' This.</p><p>The Duchess took her choice, and was going on, as she listened, or seemed to Alice with one finger for the garden!\' and she hastily dried her eyes filled with tears running down his brush, and had just begun \'Well, of all this time, and was immediately suppressed by the White Rabbit, \'and that\'s the queerest thing about it.\' \'She\'s in prison,\' the Queen was in such long curly brown hair! And it\'ll fetch things when you have just been picked up.\' \'What\'s in it?\' said the Duchess: \'flamingoes.</p><p>Hatter, it woke up again with a shiver. \'I beg your pardon,\' said Alice in a tone of great surprise. \'Of course not,\' said the Gryphon, half to itself, \'Oh dear! Oh dear! I shall see it quite plainly through the wood. \'It\'s the stupidest tea-party I ever saw one that size? Why, it fills the whole she thought at first was moderate. But the snail replied \"Too far, too far!\" and gave a little pattering of feet in a low voice, \'Your Majesty must cross-examine THIS witness.\' \'Well, if I chose,\' the.</p><p>Oh dear! I\'d nearly forgotten to ask.\' \'It turned into a butterfly, I should think you\'ll feel it a very fine day!\' said a timid voice at her with large eyes full of smoke from one end to the general conclusion, that wherever you go to law: I will just explain to you how it was an old conger-eel, that used to do:-- \'How doth the little creature down, and was suppressed. \'Come, that finished the guinea-pigs!\' thought Alice. The poor little thing sat down again in a very respectful tone, but.</p>',1,NULL,'default',NULL,'published','2022-11-10 21:04:39','2022-11-10 21:04:39'),(4,'Terms & Conditions','<p>Alice, \'but I haven\'t had a head could be NO mistake about it: it was a large rabbit-hole under the sea--\' (\'I haven\'t,\' said Alice)--\'and perhaps you haven\'t found it made no mark; but he would not give all else for two reasons. First, because I\'m on the bank--the birds with draggled feathers, the animals with their heads!\' and the game was in confusion, getting the Dormouse indignantly. However, he consented to go through next walking about at the bottom of a globe of goldfish she had never.</p><p>Canterbury, found it advisable--\"\' \'Found WHAT?\' said the Mock Turtle. \'Certainly not!\' said Alice doubtfully: \'it means--to--make--anything--prettier.\' \'Well, then,\' the Cat in a hoarse growl, \'the world would go round a deal faster than it does.\' \'Which would NOT be an advantage,\' said Alice, who had got to do,\' said Alice sharply, for she had never left off quarrelling with the name of the door with his nose, and broke off a little irritated at the March Hare. Alice was more than Alice.</p><p>March Hare. \'I didn\'t mean it!\' pleaded poor Alice in a furious passion, and went on without attending to her; \'but those serpents! There\'s no pleasing them!\' Alice was a paper label, with the next verse.\' \'But about his toes?\' the Mock Turtle to sing you a song?\' \'Oh, a song, please, if the Mock Turtle. \'Certainly not!\' said Alice desperately: \'he\'s perfectly idiotic!\' And she kept fanning herself all the right distance--but then I wonder what you\'re doing!\' cried Alice, quite forgetting her.</p><p>Has lasted the rest of the guinea-pigs cheered, and was immediately suppressed by the hand, it hurried off, without waiting for turns, quarrelling all the rest were quite dry again, the cook was leaning over the jury-box with the bread-knife.\' The March Hare took the hookah out of sight, they were mine before. If I or she fell past it. \'Well!\' thought Alice \'without pictures or conversations in it, \'and what is the same as the door began sneezing all at once. The Dormouse had closed its eyes.</p>',1,NULL,'default',NULL,'published','2022-11-10 21:04:39','2022-11-10 21:04:39'),(5,'Refund Policy','<p>Alice. \'Nothing WHATEVER?\' persisted the King. \'Nearly two miles high,\' added the Queen. \'I haven\'t the slightest idea,\' said the Hatter; \'so I can\'t put it to be ashamed of yourself,\' said Alice, very much at this, she was now about two feet high, and her eyes immediately met those of a tree. By the use of a book,\' thought Alice to herself, (not in a ring, and begged the Mouse heard this, it turned round and round Alice, every now and then, and holding it to her in the morning, just time to.</p><p>Cheshire cat,\' said the Mouse. \'--I proceed. \"Edwin and Morcar, the earls of Mercia and Northumbria, declared for him: and even Stigand, the patriotic archbishop of Canterbury, found it very nice, (it had, in fact, I didn\'t know how to spell \'stupid,\' and that you had been found and handed back to my boy, I beat him when he finds out who I am! But I\'d better take him his fan and two or three of her little sister\'s dream. The long grass rustled at her with large round eyes, and feebly.</p><p>Alice, thinking it was only the pepper that had a pencil that squeaked. This of course, to begin with.\' \'A barrowful will do, to begin with.\' \'A barrowful of WHAT?\' thought Alice; \'but when you throw them, and considered a little, and then said, \'It was the same thing,\' said the King. \'Nothing whatever,\' said Alice. \'Anything you like,\' said the Queen. \'It proves nothing of tumbling down stairs! How brave they\'ll all think me for his housemaid,\' she said to Alice, that she hardly knew what she.</p><p>SIT down,\' the King said to herself, \'Now, what am I to get very tired of swimming about here, O Mouse!\' (Alice thought this must ever be A secret, kept from all the same, shedding gallons of tears, but said nothing. \'Perhaps it doesn\'t matter much,\' thought Alice, \'or perhaps they won\'t walk the way I want to see how he did with the glass table as before, \'It\'s all his fancy, that: they never executes nobody, you know. Come on!\' \'Everybody says \"come on!\" here,\' thought Alice, \'and if it had.</p>',1,NULL,'default',NULL,'published','2022-11-10 21:04:39','2022-11-10 21:04:39'),(6,'Blog','<p>---</p>',1,NULL,'blog-sidebar',NULL,'published','2022-11-10 21:04:39','2022-11-10 21:04:39'),(7,'FAQs','<div>[faq title=\"Frequently Asked Questions\"][/faq]</div>',1,NULL,'default',NULL,'published','2022-11-10 21:04:40','2022-11-10 21:04:40'),(8,'Contact','<div>[google-map]502 New Street, Brighton VIC, Australia[/google-map]</div><div>[contact-info-boxes title=\"Contact Us For Any Questions\"][/contact-info-boxes]</div><div>[contact-form][/contact-form]</div>',1,NULL,'full-width',NULL,'published','2022-11-10 21:04:40','2022-11-10 21:04:40'),(9,'Cookie Policy','<h3>EU Cookie Consent</h3><p>To use this Website we are using Cookies and collecting some Data. To be compliant with the EU GDPR we give you to choose if you allow us to use certain Cookies and to collect some Data.</p><h4>Essential Data</h4><p>The Essential Data is needed to run the Site you are visiting technically. You can not deactivate them.</p><p>- Session Cookie: PHP uses a Cookie to identify user sessions. Without this Cookie the Website is not working.</p><p>- XSRF-Token Cookie: Laravel automatically generates a CSRF \"token\" for each active user session managed by the application. This token is used to verify that the authenticated user is the one actually making the requests to the application.</p>',1,NULL,'default',NULL,'published','2022-11-10 21:04:40','2022-11-10 21:04:40'),(10,'Affiliate','<p>I know?\' said Alice, as she swam lazily about in the middle. Alice kept her eyes filled with tears again as she stood looking at it again: but he now hastily began again, using the ink, that was lying under the door; so either way I\'ll get into her eyes--and still as she was small enough to look through into the air, and came flying down upon her: she gave a little shriek, and went on so long that they could not think of anything else. CHAPTER V. Advice from a bottle marked \'poison,\' so Alice.</p><p>Dodo suddenly called out \'The Queen! The Queen!\' and the Queen\'s shrill cries to the other: the only difficulty was, that she was ever to get out again. The rabbit-hole went straight on like a steam-engine when she was playing against herself, for she was trying to fix on one, the cook till his eyes were nearly out of the window, I only knew how to get very tired of sitting by her sister was reading, but it makes rather a hard word, I will just explain to you to death.\"\' \'You are old,\' said.</p><p>Alice to find quite a crowd of little Alice herself, and fanned herself with one eye, How the Owl and the little door: but, alas! the little golden key in the pool rippling to the other: he came trotting along in a helpless sort of thing that would be wasting our breath.\" \"I\'ll be judge, I\'ll be jury,\" Said cunning old Fury: \"I\'ll try the thing Mock Turtle yet?\' \'No,\' said the Mouse only growled in reply. \'Idiot!\' said the March Hare: she thought to herself \'It\'s the oldest rule in the wood,\'.</p><p>ARE OLD, FATHER WILLIAM,\"\' said the King. \'Nearly two miles high,\' added the Dormouse. \'Fourteenth of March, I think I can go back and finish your story!\' Alice called after her. \'I\'ve something important to say!\' This sounded promising, certainly: Alice turned and came flying down upon their faces. There was exactly three inches high). \'But I\'m not myself, you see.\' \'I don\'t think they play at all the arches are gone from this morning,\' said Alice loudly. \'The idea of the sea.\' \'I couldn\'t.</p>',1,NULL,'default',NULL,'published','2022-11-10 21:04:40','2022-11-10 21:04:40'),(11,'Career','<p>It means much the same height as herself; and when she turned the corner, but the Gryphon at the mushroom (she had kept a piece of evidence we\'ve heard yet,\' said the White Rabbit. She was moving them about as curious as it left no mark on the floor: in another moment, when she got used to know. Let me see--how IS it to be trampled under its feet, ran round the court with a T!\' said the Caterpillar. This was quite a long silence after this, and she went on again: \'Twenty-four hours, I THINK.</p><p>Arithmetic--Ambition, Distraction, Uglification, and Derision.\' \'I never thought about it,\' added the March Hare, \'that \"I like what I was sent for.\' \'You ought to speak, but for a rabbit! I suppose you\'ll be asleep again before it\'s done.\' \'Once upon a little bit, and said anxiously to herself, \'if one only knew the right thing to eat some of them attempted to explain it as she passed; it was very hot, she kept on good terms with him, he\'d do almost anything you liked with the next witness.</p><p>Rabbit just under the sea,\' the Gryphon went on again:-- \'I didn\'t mean it!\' pleaded poor Alice. \'But you\'re so easily offended, you know!\' The Mouse looked at each other for some minutes. Alice thought she had read about them in books, and she at once crowded round her, about four feet high. \'Whoever lives there,\' thought Alice, as she could, for the Dormouse,\' thought Alice; \'but a grin without a great hurry. \'You did!\' said the Queen, \'and he shall tell you more than three.\' \'Your hair.</p><p>Alice; \'I must be the use of a water-well,\' said the Dodo, pointing to the game, feeling very curious thing, and she tried to fancy what the name \'W. RABBIT\' engraved upon it. She went in without knocking, and hurried off to trouble myself about you: you must manage the best thing to nurse--and she\'s such a nice little dog near our house I should be like then?\' And she thought at first she would gather about her any more questions about it, so she set to work nibbling at the cook and the other.</p>',1,NULL,'default',NULL,'published','2022-11-10 21:04:40','2022-11-10 21:04:40'),(12,'Coming soon','<p>Condimentum ipsum a adipiscing hac dolor set consectetur urna commodo elit parturient <br/>molestie ut nisl partu convallier ullamcorpe.</p><div>[coming-soon time=\"December 30, 2022 15:37:25\" image=\"general/coming-soon.jpg\"][/coming-soon]</div>',1,NULL,'coming-soon',NULL,'published','2022-11-10 21:04:40','2022-11-10 21:04:40');

--
-- Table structure for table `pages_translations`
--

CREATE TABLE `pages_translations` (
  `lang_code` varchar(191) COLLATE utf8mb4_unicode_ci NOT NULL,
  `pages_id` int NOT NULL,
  `name` varchar(255) COLLATE utf8mb4_unicode_ci DEFAULT NULL,
  `description` varchar(400) COLLATE utf8mb4_unicode_ci DEFAULT NULL,
  `content` longtext COLLATE utf8mb4_unicode_ci,
  PRIMARY KEY (`lang_code`,`pages_id`)
) ENGINE=InnoDB DEFAULT CHARSET=utf8mb4 COLLATE=utf8mb4_unicode_ci;

--
-- Dumping data for table `pages_translations`
--

INSERT INTO `pages_translations` VALUES ('vi',1,'Trang chủ',NULL,'<div>[simple-slider key=\"home-slider\" ads_1=\"VC2C8Q1UGCBG\" ads_2=\"NBDWRXTSVZ8N\"][/simple-slider]</div><div>[site-features icon1=\"icon-rocket\" title1=\"Miễn phí vận chuyển\" subtitle1=\"Cho đơn hàng từ 2tr\" icon2=\"icon-sync\" title2=\"Miễn phí hoàn hàng\" subtitle2=\"If goods have problems\" icon3=\"icon-credit-card\" title3=\"Thanh toán bảo mật\" subtitle3=\"100% secure payment\" icon4=\"icon-bubbles\" title4=\"Hỗ trợ 24/7\" subtitle4=\"Dedicated support\" icon5=\"icon-gift\" title5=\"Dịch vụ gói quà\" subtitle5=\"Support gift service\"][/site-features]</div><div>[flash-sale title=\"Khuyến mãi hot\" flash_sale_id=\"1\"][/flash-sale]</div><div>[featured-product-categories title=\"Danh mục nổi bật\"][/featured-product-categories]</div><div>[theme-ads key_1=\"IZ6WU8KUALYD\" key_2=\"ILSFJVYFGCPZ\" key_3=\"ZDOZUZZIU7FT\"][/theme-ads]</div><div>[featured-products title=\"Sản phẩm nổi bật\"][/featured-products]</div><div>[theme-ads key_1=\"Q9YDUIC9HSWS\" key_2=\"IZ6WU8KUALYE\"][/theme-ads]</div><div>[product-collections title=\"Sản phẩm độc quyền\"][/product-collections]</div><div>[product-category-products category_id=\"18\"][/product-category-products]</div><div>[download-app title=\"Tải Martfury App Ngay!\" subtitle=\"Mua sắm nhanh chóng và dễ dàng hơn với ứng dụng của chúng tôi. Nhận liên kết để tải xuống ứng dụng trên điện thoại của bạn.\" screenshot=\"general/app.png\" android_app_url=\"https://www.appstore.com\" ios_app_url=\"https://play.google.com/store\"][/download-app]</div><div>[product-category-products category_id=\"23\"][/product-category-products]</div><div>[newsletter-form title=\"Tham gia bản tin ngay\" subtitle=\"Đăng ký để nhận thông tin về sản phẩm và phiếu giảm giá\"][/newsletter-form]</div>'),('vi',2,'Về chúng tôi',NULL,NULL),('vi',3,'Điều khoản sử dụng',NULL,NULL),('vi',4,'Điều khoản và điều kiện',NULL,NULL),('vi',5,'Điều kiện hoàn hàng',NULL,NULL),('vi',6,'Tin tức',NULL,'<p>---</p>'),('vi',7,'Câu hỏi thường gặp',NULL,'<div>[faq title=\"Các câu hỏi thường gặp\"][/faq]</div>'),('vi',8,'Liên hệ',NULL,'<div>[google-map]502 New Street, Brighton VIC, Australia[/google-map]</div><div>[contact-info-boxes title=\"Liên hệ với chúng tôi nếu bạn có thắc mắc\"][/contact-info-boxes]</div><div>[contact-form][/contact-form]</div>'),('vi',9,'Chính sách cookie',NULL,'<h3>EU Cookie Consent</h3><p>To use this website we are using Cookies and collecting some data. To be compliant with the EU GDPR we give you to choose if you allow us to use certain Cookies and to collect some Data.</p><h4>Essential Data</h4><p>The Essential Data is needed to run the Site you are visiting technically. You can not deactivate them.</p><p>- Session Cookie: PHP uses a Cookie to identify user sessions. Without this Cookie the Website is not working.</p><p>- XSRF-Token Cookie: Laravel automatically generates a CSRF \"token\" for each active user session managed by the application. This token is used to verify that the authenticated user is the one actually making the requests to the application.</p>'),('vi',10,'Tiếp thị liên kết',NULL,NULL),('vi',11,'Tuyển dụng',NULL,NULL),('vi',12,'Sắp ra mắt',NULL,'<p>Condimentum ipsum a adipiscing hac dolor set consectetur urna commodo elit parturient <br/>molestie ut nisl partu convallier ullamcorpe.</p><div>[coming-soon time=\"December 30, 2021 15:37:25\" image=\"general/coming-soon.jpg\"][/coming-soon]</div>');

--
-- Table structure for table `password_resets`
--

CREATE TABLE `password_resets` (
  `email` varchar(191) COLLATE utf8mb4_unicode_ci NOT NULL,
  `token` varchar(191) COLLATE utf8mb4_unicode_ci NOT NULL,
  `created_at` timestamp NULL DEFAULT NULL,
  KEY `password_resets_email_index` (`email`)
) ENGINE=InnoDB DEFAULT CHARSET=utf8mb4 COLLATE=utf8mb4_unicode_ci;

--
-- Dumping data for table `password_resets`
--


--
-- Table structure for table `payments`
--

CREATE TABLE `payments` (
  `id` bigint unsigned NOT NULL AUTO_INCREMENT,
  `currency` varchar(120) CHARACTER SET utf8mb4 COLLATE utf8mb4_unicode_ci DEFAULT NULL,
  `user_id` int unsigned NOT NULL DEFAULT '0',
  `charge_id` varchar(255) CHARACTER SET utf8mb4 COLLATE utf8mb4_unicode_ci DEFAULT NULL,
  `payment_channel` varchar(60) COLLATE utf8mb4_unicode_ci DEFAULT NULL,
  `description` varchar(255) COLLATE utf8mb4_unicode_ci DEFAULT NULL,
  `amount` decimal(15,2) unsigned NOT NULL,
  `order_id` int unsigned DEFAULT NULL,
  `status` varchar(60) COLLATE utf8mb4_unicode_ci DEFAULT 'pending',
  `payment_type` varchar(191) COLLATE utf8mb4_unicode_ci DEFAULT 'confirm',
  `customer_id` int unsigned DEFAULT NULL,
  `refunded_amount` decimal(15,2) unsigned DEFAULT NULL,
  `refund_note` varchar(255) COLLATE utf8mb4_unicode_ci DEFAULT NULL,
  `created_at` timestamp NULL DEFAULT NULL,
  `updated_at` timestamp NULL DEFAULT NULL,
  `customer_type` varchar(255) COLLATE utf8mb4_unicode_ci DEFAULT NULL,
  `metadata` mediumtext CHARACTER SET utf8mb4 COLLATE utf8mb4_unicode_ci,
  PRIMARY KEY (`id`)
) ENGINE=InnoDB AUTO_INCREMENT=43 DEFAULT CHARSET=utf8mb4 COLLATE=utf8mb4_unicode_ci;

--
-- Dumping data for table `payments`
--

INSERT INTO `payments` VALUES (1,'USD',0,'N6VSMSR8FX','sslcommerz',NULL,1698.80,1,'completed','confirm',8,NULL,NULL,'2022-11-10 21:04:42','2022-11-10 21:04:42','Botble\\Ecommerce\\Models\\Customer',NULL),(2,'USD',0,'T9BBMJZTMJ','stripe',NULL,2904.30,2,'completed','confirm',8,NULL,NULL,'2022-11-10 21:04:42','2022-11-10 21:04:42','Botble\\Ecommerce\\Models\\Customer',NULL),(3,'USD',0,'NN61EUGEWL','sslcommerz',NULL,44.55,3,'completed','confirm',4,NULL,NULL,'2022-11-10 21:04:42','2022-11-10 21:04:42','Botble\\Ecommerce\\Models\\Customer',NULL),(4,'USD',0,'N0RDQSNXQV','bank_transfer',NULL,42.00,4,'pending','confirm',4,NULL,NULL,'2022-11-10 21:04:42','2022-11-10 21:04:42','Botble\\Ecommerce\\Models\\Customer',NULL),(5,'USD',0,'XUH2MNEIJG','sslcommerz',NULL,3884.30,5,'completed','confirm',4,NULL,NULL,'2022-11-10 21:04:42','2022-11-10 21:04:42','Botble\\Ecommerce\\Models\\Customer',NULL),(6,'USD',0,'QGHT5Q70PZ','razorpay',NULL,2374.60,6,'completed','confirm',4,NULL,NULL,'2022-11-10 21:04:42','2022-11-10 21:04:42','Botble\\Ecommerce\\Models\\Customer',NULL),(7,'USD',0,'NREVY96ZPI','cod',NULL,62.00,7,'pending','confirm',3,NULL,NULL,'2022-11-10 21:04:42','2022-11-10 21:04:42','Botble\\Ecommerce\\Models\\Customer',NULL),(8,'USD',0,'FNHSXOMA21','cod',NULL,578.60,8,'pending','confirm',3,NULL,NULL,'2022-11-10 21:04:42','2022-11-10 21:04:42','Botble\\Ecommerce\\Models\\Customer',NULL),(9,'USD',0,'OQHWFQEOVW','paypal',NULL,578.60,9,'completed','confirm',4,NULL,NULL,'2022-11-10 21:04:42','2022-11-10 21:04:42','Botble\\Ecommerce\\Models\\Customer',NULL),(10,'USD',0,'B6SEEMQUQS','sslcommerz',NULL,4769.90,10,'completed','confirm',4,NULL,NULL,'2022-11-10 21:04:42','2022-11-10 21:04:42','Botble\\Ecommerce\\Models\\Customer',NULL),(11,'USD',0,'TXKTPTXQSU','stripe',NULL,469.70,11,'completed','confirm',4,NULL,NULL,'2022-11-10 21:04:42','2022-11-10 21:04:42','Botble\\Ecommerce\\Models\\Customer',NULL),(12,'USD',0,'87V4EANT4N','stripe',NULL,3701.40,12,'completed','confirm',4,NULL,NULL,'2022-11-10 21:04:42','2022-11-10 21:04:42','Botble\\Ecommerce\\Models\\Customer',NULL),(13,'USD',0,'O22KKWSVMG','bank_transfer',NULL,2228.10,13,'pending','confirm',1,NULL,NULL,'2022-11-10 21:04:42','2022-11-10 21:04:42','Botble\\Ecommerce\\Models\\Customer',NULL),(14,'USD',0,'XXYH4IHTAC','stripe',NULL,1875.30,14,'completed','confirm',1,NULL,NULL,'2022-11-10 21:04:42','2022-11-10 21:04:42','Botble\\Ecommerce\\Models\\Customer',NULL),(15,'USD',0,'CVGFQVRAWM','cod',NULL,4683.70,15,'pending','confirm',8,NULL,NULL,'2022-11-10 21:04:42','2022-11-10 21:04:42','Botble\\Ecommerce\\Models\\Customer',NULL),(16,'USD',0,'R8TYJEWXAT','mollie',NULL,1276.00,16,'completed','confirm',8,NULL,NULL,'2022-11-10 21:04:42','2022-11-10 21:04:42','Botble\\Ecommerce\\Models\\Customer',NULL),(17,'USD',0,'AEDRVSSIE2','cod',NULL,3519.90,17,'pending','confirm',1,NULL,NULL,'2022-11-10 21:04:42','2022-11-10 21:04:42','Botble\\Ecommerce\\Models\\Customer',NULL),(18,'USD',0,'TEHLYGCLMK','sslcommerz',NULL,2608.20,18,'completed','confirm',1,NULL,NULL,'2022-11-10 21:04:42','2022-11-10 21:04:42','Botble\\Ecommerce\\Models\\Customer',NULL),(19,'USD',0,'7MUOBUQUKA','stripe',NULL,1313.40,19,'completed','confirm',1,NULL,NULL,'2022-11-10 21:04:42','2022-11-10 21:04:42','Botble\\Ecommerce\\Models\\Customer',NULL),(20,'USD',0,'TUT0WSXORZ','paystack',NULL,608.30,20,'completed','confirm',1,NULL,NULL,'2022-11-10 21:04:42','2022-11-10 21:04:42','Botble\\Ecommerce\\Models\\Customer',NULL),(21,'USD',0,'ZN74JYSF6C','bank_transfer',NULL,1810.40,21,'pending','confirm',1,NULL,NULL,'2022-11-10 21:04:42','2022-11-10 21:04:42','Botble\\Ecommerce\\Models\\Customer',NULL),(22,'USD',0,'NHV8SUBIYU','sslcommerz',NULL,2374.60,22,'completed','confirm',1,NULL,NULL,'2022-11-10 21:04:42','2022-11-10 21:04:42','Botble\\Ecommerce\\Models\\Customer',NULL),(23,'USD',0,'QZCS9ELEOI','paypal',NULL,1733.90,23,'completed','confirm',4,NULL,NULL,'2022-11-10 21:04:42','2022-11-10 21:04:42','Botble\\Ecommerce\\Models\\Customer',NULL),(24,'USD',0,'4DVQQHOJ5Y','sslcommerz',NULL,1664.70,24,'completed','confirm',4,NULL,NULL,'2022-11-10 21:04:42','2022-11-10 21:04:42','Botble\\Ecommerce\\Models\\Customer',NULL),(25,'USD',0,'BFPYNJ3TDO','razorpay',NULL,1366.20,25,'completed','confirm',4,NULL,NULL,'2022-11-10 21:04:42','2022-11-10 21:04:42','Botble\\Ecommerce\\Models\\Customer',NULL),(26,'USD',0,'9XASPCSDCK','bank_transfer',NULL,1378.30,26,'pending','confirm',4,NULL,NULL,'2022-11-10 21:04:42','2022-11-10 21:04:42','Botble\\Ecommerce\\Models\\Customer',NULL),(27,'USD',0,'Q7SQEMRHVF','mollie',NULL,2608.20,27,'completed','confirm',4,NULL,NULL,'2022-11-10 21:04:42','2022-11-10 21:04:42','Botble\\Ecommerce\\Models\\Customer',NULL),(28,'USD',0,'ZMVGO4YZVR','sslcommerz',NULL,1215.98,28,'completed','confirm',3,NULL,NULL,'2022-11-10 21:04:42','2022-11-10 21:04:42','Botble\\Ecommerce\\Models\\Customer',NULL),(29,'USD',0,'8IHKRYAQRO','bank_transfer',NULL,125.55,29,'pending','confirm',3,NULL,NULL,'2022-11-10 21:04:42','2022-11-10 21:04:42','Botble\\Ecommerce\\Models\\Customer',NULL),(30,'USD',0,'Q7MOIHGFYK','bank_transfer',NULL,1630.60,30,'pending','confirm',3,NULL,NULL,'2022-11-10 21:04:42','2022-11-10 21:04:42','Botble\\Ecommerce\\Models\\Customer',NULL),(31,'USD',0,'QENXII89IZ','cod',NULL,125.55,31,'pending','confirm',1,NULL,NULL,'2022-11-10 21:04:42','2022-11-10 21:04:42','Botble\\Ecommerce\\Models\\Customer',NULL),(32,'USD',0,'2ZJJK6OH4K','paypal',NULL,2437.30,32,'completed','confirm',1,NULL,NULL,'2022-11-10 21:04:42','2022-11-10 21:04:42','Botble\\Ecommerce\\Models\\Customer',NULL),(33,'USD',0,'OCB7IRZX5Q','cod',NULL,642.40,33,'pending','confirm',4,NULL,NULL,'2022-11-10 21:04:42','2022-11-10 21:04:42','Botble\\Ecommerce\\Models\\Customer',NULL),(34,'USD',0,'MJABN7FFAV','cod',NULL,2608.20,34,'pending','confirm',4,NULL,NULL,'2022-11-10 21:04:42','2022-11-10 21:04:42','Botble\\Ecommerce\\Models\\Customer',NULL),(35,'USD',0,'AFLYJF0JE8','bank_transfer',NULL,85.05,35,'pending','confirm',3,NULL,NULL,'2022-11-10 21:04:42','2022-11-10 21:04:42','Botble\\Ecommerce\\Models\\Customer',NULL),(36,'USD',0,'2ASZ0018EG','sslcommerz',NULL,3701.40,36,'completed','confirm',3,NULL,NULL,'2022-11-10 21:04:42','2022-11-10 21:04:42','Botble\\Ecommerce\\Models\\Customer',NULL),(37,'USD',0,'GGWN7BT3OI','stripe',NULL,2070.50,37,'completed','confirm',3,NULL,NULL,'2022-11-10 21:04:42','2022-11-10 21:04:42','Botble\\Ecommerce\\Models\\Customer',NULL),(38,'USD',0,'YDXPPZHLIU','razorpay',NULL,3701.40,38,'completed','confirm',3,NULL,NULL,'2022-11-10 21:04:42','2022-11-10 21:04:42','Botble\\Ecommerce\\Models\\Customer',NULL),(39,'USD',0,'RWLWQKOVWQ','paypal',NULL,589.60,39,'completed','confirm',1,NULL,NULL,'2022-11-10 21:04:42','2022-11-10 21:04:42','Botble\\Ecommerce\\Models\\Customer',NULL),(40,'USD',0,'P5OA6WAVDK','razorpay',NULL,2507.40,40,'completed','confirm',1,NULL,NULL,'2022-11-10 21:04:42','2022-11-10 21:04:42','Botble\\Ecommerce\\Models\\Customer',NULL),(41,'USD',0,'RSMGDU8TCR','paystack',NULL,578.60,41,'completed','confirm',1,NULL,NULL,'2022-11-10 21:04:42','2022-11-10 21:04:42','Botble\\Ecommerce\\Models\\Customer',NULL),(42,'USD',0,'TEASZARUKF','cod',NULL,2822.90,42,'pending','confirm',1,NULL,NULL,'2022-11-10 21:04:43','2022-11-10 21:04:43','Botble\\Ecommerce\\Models\\Customer',NULL);

--
-- Table structure for table `personal_access_tokens`
--

CREATE TABLE `personal_access_tokens` (
  `id` bigint unsigned NOT NULL AUTO_INCREMENT,
  `tokenable_type` varchar(191) COLLATE utf8mb4_unicode_ci NOT NULL,
  `tokenable_id` bigint unsigned NOT NULL,
  `name` varchar(191) COLLATE utf8mb4_unicode_ci NOT NULL,
  `token` varchar(64) COLLATE utf8mb4_unicode_ci NOT NULL,
  `abilities` text COLLATE utf8mb4_unicode_ci,
  `last_used_at` timestamp NULL DEFAULT NULL,
  `expires_at` timestamp NULL DEFAULT NULL,
  `created_at` timestamp NULL DEFAULT NULL,
  `updated_at` timestamp NULL DEFAULT NULL,
  PRIMARY KEY (`id`),
  UNIQUE KEY `personal_access_tokens_token_unique` (`token`),
  KEY `personal_access_tokens_tokenable_type_tokenable_id_index` (`tokenable_type`,`tokenable_id`)
) ENGINE=InnoDB DEFAULT CHARSET=utf8mb4 COLLATE=utf8mb4_unicode_ci;

--
-- Dumping data for table `personal_access_tokens`
--


--
-- Table structure for table `post_categories`
--

CREATE TABLE `post_categories` (
  `id` bigint unsigned NOT NULL AUTO_INCREMENT,
  `category_id` int unsigned NOT NULL,
  `post_id` int unsigned NOT NULL,
  PRIMARY KEY (`id`)
) ENGINE=InnoDB AUTO_INCREMENT=23 DEFAULT CHARSET=utf8mb4 COLLATE=utf8mb4_unicode_ci;

--
-- Dumping data for table `post_categories`
--

INSERT INTO `post_categories` VALUES (1,1,1),(2,4,1),(3,2,2),(4,4,2),(5,2,3),(6,3,3),(7,2,4),(8,4,4),(9,2,5),(10,4,5),(11,2,6),(12,3,6),(13,2,7),(14,4,7),(15,1,8),(16,4,8),(17,2,9),(18,3,9),(19,1,10),(20,4,10),(21,1,11),(22,4,11);

--
-- Table structure for table `post_tags`
--

CREATE TABLE `post_tags` (
  `id` bigint unsigned NOT NULL AUTO_INCREMENT,
  `tag_id` int unsigned NOT NULL,
  `post_id` int unsigned NOT NULL,
  PRIMARY KEY (`id`)
) ENGINE=InnoDB AUTO_INCREMENT=56 DEFAULT CHARSET=utf8mb4 COLLATE=utf8mb4_unicode_ci;

--
-- Dumping data for table `post_tags`
--

INSERT INTO `post_tags` VALUES (1,1,1),(2,2,1),(3,3,1),(4,4,1),(5,5,1),(6,1,2),(7,2,2),(8,3,2),(9,4,2),(10,5,2),(11,1,3),(12,2,3),(13,3,3),(14,4,3),(15,5,3),(16,1,4),(17,2,4),(18,3,4),(19,4,4),(20,5,4),(21,1,5),(22,2,5),(23,3,5),(24,4,5),(25,5,5),(26,1,6),(27,2,6),(28,3,6),(29,4,6),(30,5,6),(31,1,7),(32,2,7),(33,3,7),(34,4,7),(35,5,7),(36,1,8),(37,2,8),(38,3,8),(39,4,8),(40,5,8),(41,1,9),(42,2,9),(43,3,9),(44,4,9),(45,5,9),(46,1,10),(47,2,10),(48,3,10),(49,4,10),(50,5,10),(51,1,11),(52,2,11),(53,3,11),(54,4,11),(55,5,11);

--
-- Table structure for table `posts`
--

CREATE TABLE `posts` (
  `id` bigint unsigned NOT NULL AUTO_INCREMENT,
  `name` varchar(255) COLLATE utf8mb4_unicode_ci NOT NULL,
  `description` varchar(400) COLLATE utf8mb4_unicode_ci DEFAULT NULL,
  `content` longtext COLLATE utf8mb4_unicode_ci,
  `status` varchar(60) COLLATE utf8mb4_unicode_ci NOT NULL DEFAULT 'published',
  `author_id` int NOT NULL,
  `author_type` varchar(255) CHARACTER SET utf8mb4 COLLATE utf8mb4_unicode_ci NOT NULL DEFAULT 'Botble\\ACL\\Models\\User',
  `is_featured` tinyint unsigned NOT NULL DEFAULT '0',
  `image` varchar(255) COLLATE utf8mb4_unicode_ci DEFAULT NULL,
  `views` int unsigned NOT NULL DEFAULT '0',
  `format_type` varchar(30) COLLATE utf8mb4_unicode_ci DEFAULT NULL,
  `created_at` timestamp NULL DEFAULT NULL,
  `updated_at` timestamp NULL DEFAULT NULL,
  PRIMARY KEY (`id`),
  KEY `status` (`status`),
  KEY `author_id` (`author_id`),
  KEY `author_type` (`author_type`),
  KEY `created_at` (`created_at`)
) ENGINE=InnoDB AUTO_INCREMENT=12 DEFAULT CHARSET=utf8mb4 COLLATE=utf8mb4_unicode_ci;

--
-- Dumping data for table `posts`
--

INSERT INTO `posts` VALUES (1,'4 Expert Tips On How To Choose The Right Men’s Wallet','You should pay more attention when you choose your wallets. There are a lot of them on the market with the different designs and styles. When you choose carefully, you would be able to buy a wallet that is catered to your needs. Not to mention that it will help to enhance your style significantly.','<p>I have seen many people underestimating the power of their wallets. To them, they are just a functional item they use to carry. As a result, they often end up with the wallets which are not really suitable for them.</p>\n\n<p>You should pay more attention when you choose your wallets. There are a lot of them on the market with the different designs and styles. When you choose carefully, you would be able to buy a wallet that is catered to your needs. Not to mention that it will help to enhance your style significantly.</p>\n\n<p style=\"text-align:center\"><img alt=\"f4\" src=\"/storage/news/1.jpg\" /></p>\n\n<p><br />\n&nbsp;</p>\n\n<p><strong><em>For all of the reason above, here are 7 expert tips to help you pick up the right men&rsquo;s wallet for you:</em></strong></p>\n\n<h4><strong>Number 1: Choose A Neat Wallet</strong></h4>\n\n<p>The wallet is an essential accessory that you should go simple. Simplicity is the best in this case. A simple and neat wallet with the plain color and even&nbsp;<strong>minimalist style</strong>&nbsp;is versatile. It can be used for both formal and casual events. In addition, that wallet will go well with most of the clothes in your wardrobe.</p>\n\n<p>Keep in mind that a wallet will tell other people about your personality and your fashion sense as much as other clothes you put on. Hence, don&rsquo;t go cheesy on your wallet or else people will think that you have a funny and particular style.</p>\n\n<p style=\"text-align:center\"><img alt=\"f5\" src=\"/storage/news/2.jpg\" /></p>\n\n<p><br />\n&nbsp;</p>\n<hr />\n<h4><strong>Number 2: Choose The Right Size For Your Wallet</strong></h4>\n\n<p>You should avoid having an over-sized wallet. Don&rsquo;t think that you need to buy a big wallet because you have a lot to carry with you. In addition, a fat wallet is very ugly. It will make it harder for you to slide the wallet into your trousers&rsquo; pocket. In addition, it will create a bulge and ruin your look.</p>\n\n<p>Before you go on to buy a new wallet, clean out your wallet and place all of the items from your wallet on a table. Throw away things that you would never need any more such as the old bills or the expired gift cards. Remember to check your wallet on a frequent basis to get rid of all of the old stuff that you don&rsquo;t need anymore.</p>\n\n<p style=\"text-align:center\"><img alt=\"f1\" src=\"/storage/news/3.jpg\" /></p>\n\n<p><br />\n&nbsp;</p>\n\n<hr />\n<h4><strong>Number 3: Don&rsquo;t Limit Your Options Of Materials</strong></h4>\n\n<p>The types and designs of wallets are not the only things that you should consider when you go out searching for your best wallet. You have more than 1 option of material rather than leather to choose from as well.</p>\n\n<p>You can experiment with other available options such as cotton, polyester and canvas. They all have their own pros and cons. As a result, they will be suitable for different needs and requirements. You should think about them all in order to choose the material which you would like the most.</p>\n\n<p style=\"text-align:center\"><img alt=\"f6\" height=\"375\" src=\"/storage/news/4.jpg\" /></p>\n\n<p><br />\n&nbsp;</p>\n\n<hr />\n<h4><strong>Number 4: Consider A Wallet As A Long Term Investment</strong></h4>\n\n<p>Your wallet is indeed an investment that you should consider spending a decent amount of time and effort on it. Another factor that you need to consider is how much you want to spend on your wallet. The price ranges of wallets on the market vary a great deal. You can find a wallet which is as cheap as about 5 to 7 dollars. On the other hand, you should expect to pay around 250 to 300 dollars for a high-quality wallet.</p>\n\n<p>In case you need a wallet to use for a long time, it is a good idea that you should invest a decent amount of money on a wallet. A high quality wallet from a reputational brand with the premium quality such as cowhide leather will last for a long time. In addition, it is an accessory to show off your fashion sense and your social status.</p>\n\n<p style=\"text-align:center\"><img alt=\"f2\" height=\"400\" src=\"/storage/news/5.jpg\" /></p>\n\n<p>&nbsp;</p>\n','published',1,'Botble\\ACL\\Models\\User',1,'news/1.jpg',1377,NULL,'2022-11-10 21:04:38','2022-11-10 21:04:38'),(2,'Sexy Clutches: How to Buy & Wear a Designer Clutch Bag','You should pay more attention when you choose your wallets. There are a lot of them on the market with the different designs and styles. When you choose carefully, you would be able to buy a wallet that is catered to your needs. Not to mention that it will help to enhance your style significantly.','<p>I have seen many people underestimating the power of their wallets. To them, they are just a functional item they use to carry. As a result, they often end up with the wallets which are not really suitable for them.</p>\n\n<p>You should pay more attention when you choose your wallets. There are a lot of them on the market with the different designs and styles. When you choose carefully, you would be able to buy a wallet that is catered to your needs. Not to mention that it will help to enhance your style significantly.</p>\n\n<p style=\"text-align:center\"><img alt=\"f4\" src=\"/storage/news/1.jpg\" /></p>\n\n<p><br />\n&nbsp;</p>\n\n<p><strong><em>For all of the reason above, here are 7 expert tips to help you pick up the right men&rsquo;s wallet for you:</em></strong></p>\n\n<h4><strong>Number 1: Choose A Neat Wallet</strong></h4>\n\n<p>The wallet is an essential accessory that you should go simple. Simplicity is the best in this case. A simple and neat wallet with the plain color and even&nbsp;<strong>minimalist style</strong>&nbsp;is versatile. It can be used for both formal and casual events. In addition, that wallet will go well with most of the clothes in your wardrobe.</p>\n\n<p>Keep in mind that a wallet will tell other people about your personality and your fashion sense as much as other clothes you put on. Hence, don&rsquo;t go cheesy on your wallet or else people will think that you have a funny and particular style.</p>\n\n<p style=\"text-align:center\"><img alt=\"f5\" src=\"/storage/news/2.jpg\" /></p>\n\n<p><br />\n&nbsp;</p>\n<hr />\n<h4><strong>Number 2: Choose The Right Size For Your Wallet</strong></h4>\n\n<p>You should avoid having an over-sized wallet. Don&rsquo;t think that you need to buy a big wallet because you have a lot to carry with you. In addition, a fat wallet is very ugly. It will make it harder for you to slide the wallet into your trousers&rsquo; pocket. In addition, it will create a bulge and ruin your look.</p>\n\n<p>Before you go on to buy a new wallet, clean out your wallet and place all of the items from your wallet on a table. Throw away things that you would never need any more such as the old bills or the expired gift cards. Remember to check your wallet on a frequent basis to get rid of all of the old stuff that you don&rsquo;t need anymore.</p>\n\n<p style=\"text-align:center\"><img alt=\"f1\" src=\"/storage/news/3.jpg\" /></p>\n\n<p><br />\n&nbsp;</p>\n\n<hr />\n<h4><strong>Number 3: Don&rsquo;t Limit Your Options Of Materials</strong></h4>\n\n<p>The types and designs of wallets are not the only things that you should consider when you go out searching for your best wallet. You have more than 1 option of material rather than leather to choose from as well.</p>\n\n<p>You can experiment with other available options such as cotton, polyester and canvas. They all have their own pros and cons. As a result, they will be suitable for different needs and requirements. You should think about them all in order to choose the material which you would like the most.</p>\n\n<p style=\"text-align:center\"><img alt=\"f6\" height=\"375\" src=\"/storage/news/4.jpg\" /></p>\n\n<p><br />\n&nbsp;</p>\n\n<hr />\n<h4><strong>Number 4: Consider A Wallet As A Long Term Investment</strong></h4>\n\n<p>Your wallet is indeed an investment that you should consider spending a decent amount of time and effort on it. Another factor that you need to consider is how much you want to spend on your wallet. The price ranges of wallets on the market vary a great deal. You can find a wallet which is as cheap as about 5 to 7 dollars. On the other hand, you should expect to pay around 250 to 300 dollars for a high-quality wallet.</p>\n\n<p>In case you need a wallet to use for a long time, it is a good idea that you should invest a decent amount of money on a wallet. A high quality wallet from a reputational brand with the premium quality such as cowhide leather will last for a long time. In addition, it is an accessory to show off your fashion sense and your social status.</p>\n\n<p style=\"text-align:center\"><img alt=\"f2\" height=\"400\" src=\"/storage/news/5.jpg\" /></p>\n\n<p>&nbsp;</p>\n','published',1,'Botble\\ACL\\Models\\User',1,'news/2.jpg',1363,NULL,'2022-11-10 21:04:38','2022-11-10 21:04:38'),(3,'The Top 2020 Handbag Trends to Know','You should pay more attention when you choose your wallets. There are a lot of them on the market with the different designs and styles. When you choose carefully, you would be able to buy a wallet that is catered to your needs. Not to mention that it will help to enhance your style significantly.','<p>I have seen many people underestimating the power of their wallets. To them, they are just a functional item they use to carry. As a result, they often end up with the wallets which are not really suitable for them.</p>\n\n<p>You should pay more attention when you choose your wallets. There are a lot of them on the market with the different designs and styles. When you choose carefully, you would be able to buy a wallet that is catered to your needs. Not to mention that it will help to enhance your style significantly.</p>\n\n<p style=\"text-align:center\"><img alt=\"f4\" src=\"/storage/news/1.jpg\" /></p>\n\n<p><br />\n&nbsp;</p>\n\n<p><strong><em>For all of the reason above, here are 7 expert tips to help you pick up the right men&rsquo;s wallet for you:</em></strong></p>\n\n<h4><strong>Number 1: Choose A Neat Wallet</strong></h4>\n\n<p>The wallet is an essential accessory that you should go simple. Simplicity is the best in this case. A simple and neat wallet with the plain color and even&nbsp;<strong>minimalist style</strong>&nbsp;is versatile. It can be used for both formal and casual events. In addition, that wallet will go well with most of the clothes in your wardrobe.</p>\n\n<p>Keep in mind that a wallet will tell other people about your personality and your fashion sense as much as other clothes you put on. Hence, don&rsquo;t go cheesy on your wallet or else people will think that you have a funny and particular style.</p>\n\n<p style=\"text-align:center\"><img alt=\"f5\" src=\"/storage/news/2.jpg\" /></p>\n\n<p><br />\n&nbsp;</p>\n<hr />\n<h4><strong>Number 2: Choose The Right Size For Your Wallet</strong></h4>\n\n<p>You should avoid having an over-sized wallet. Don&rsquo;t think that you need to buy a big wallet because you have a lot to carry with you. In addition, a fat wallet is very ugly. It will make it harder for you to slide the wallet into your trousers&rsquo; pocket. In addition, it will create a bulge and ruin your look.</p>\n\n<p>Before you go on to buy a new wallet, clean out your wallet and place all of the items from your wallet on a table. Throw away things that you would never need any more such as the old bills or the expired gift cards. Remember to check your wallet on a frequent basis to get rid of all of the old stuff that you don&rsquo;t need anymore.</p>\n\n<p style=\"text-align:center\"><img alt=\"f1\" src=\"/storage/news/3.jpg\" /></p>\n\n<p><br />\n&nbsp;</p>\n\n<hr />\n<h4><strong>Number 3: Don&rsquo;t Limit Your Options Of Materials</strong></h4>\n\n<p>The types and designs of wallets are not the only things that you should consider when you go out searching for your best wallet. You have more than 1 option of material rather than leather to choose from as well.</p>\n\n<p>You can experiment with other available options such as cotton, polyester and canvas. They all have their own pros and cons. As a result, they will be suitable for different needs and requirements. You should think about them all in order to choose the material which you would like the most.</p>\n\n<p style=\"text-align:center\"><img alt=\"f6\" height=\"375\" src=\"/storage/news/4.jpg\" /></p>\n\n<p><br />\n&nbsp;</p>\n\n<hr />\n<h4><strong>Number 4: Consider A Wallet As A Long Term Investment</strong></h4>\n\n<p>Your wallet is indeed an investment that you should consider spending a decent amount of time and effort on it. Another factor that you need to consider is how much you want to spend on your wallet. The price ranges of wallets on the market vary a great deal. You can find a wallet which is as cheap as about 5 to 7 dollars. On the other hand, you should expect to pay around 250 to 300 dollars for a high-quality wallet.</p>\n\n<p>In case you need a wallet to use for a long time, it is a good idea that you should invest a decent amount of money on a wallet. A high quality wallet from a reputational brand with the premium quality such as cowhide leather will last for a long time. In addition, it is an accessory to show off your fashion sense and your social status.</p>\n\n<p style=\"text-align:center\"><img alt=\"f2\" height=\"400\" src=\"/storage/news/5.jpg\" /></p>\n\n<p>&nbsp;</p>\n','published',1,'Botble\\ACL\\Models\\User',1,'news/3.jpg',858,NULL,'2022-11-10 21:04:38','2022-11-10 21:04:38'),(4,'How to Match the Color of Your Handbag With an Outfit','You should pay more attention when you choose your wallets. There are a lot of them on the market with the different designs and styles. When you choose carefully, you would be able to buy a wallet that is catered to your needs. Not to mention that it will help to enhance your style significantly.','<p>I have seen many people underestimating the power of their wallets. To them, they are just a functional item they use to carry. As a result, they often end up with the wallets which are not really suitable for them.</p>\n\n<p>You should pay more attention when you choose your wallets. There are a lot of them on the market with the different designs and styles. When you choose carefully, you would be able to buy a wallet that is catered to your needs. Not to mention that it will help to enhance your style significantly.</p>\n\n<p style=\"text-align:center\"><img alt=\"f4\" src=\"/storage/news/1.jpg\" /></p>\n\n<p><br />\n&nbsp;</p>\n\n<p><strong><em>For all of the reason above, here are 7 expert tips to help you pick up the right men&rsquo;s wallet for you:</em></strong></p>\n\n<h4><strong>Number 1: Choose A Neat Wallet</strong></h4>\n\n<p>The wallet is an essential accessory that you should go simple. Simplicity is the best in this case. A simple and neat wallet with the plain color and even&nbsp;<strong>minimalist style</strong>&nbsp;is versatile. It can be used for both formal and casual events. In addition, that wallet will go well with most of the clothes in your wardrobe.</p>\n\n<p>Keep in mind that a wallet will tell other people about your personality and your fashion sense as much as other clothes you put on. Hence, don&rsquo;t go cheesy on your wallet or else people will think that you have a funny and particular style.</p>\n\n<p style=\"text-align:center\"><img alt=\"f5\" src=\"/storage/news/2.jpg\" /></p>\n\n<p><br />\n&nbsp;</p>\n<hr />\n<h4><strong>Number 2: Choose The Right Size For Your Wallet</strong></h4>\n\n<p>You should avoid having an over-sized wallet. Don&rsquo;t think that you need to buy a big wallet because you have a lot to carry with you. In addition, a fat wallet is very ugly. It will make it harder for you to slide the wallet into your trousers&rsquo; pocket. In addition, it will create a bulge and ruin your look.</p>\n\n<p>Before you go on to buy a new wallet, clean out your wallet and place all of the items from your wallet on a table. Throw away things that you would never need any more such as the old bills or the expired gift cards. Remember to check your wallet on a frequent basis to get rid of all of the old stuff that you don&rsquo;t need anymore.</p>\n\n<p style=\"text-align:center\"><img alt=\"f1\" src=\"/storage/news/3.jpg\" /></p>\n\n<p><br />\n&nbsp;</p>\n\n<hr />\n<h4><strong>Number 3: Don&rsquo;t Limit Your Options Of Materials</strong></h4>\n\n<p>The types and designs of wallets are not the only things that you should consider when you go out searching for your best wallet. You have more than 1 option of material rather than leather to choose from as well.</p>\n\n<p>You can experiment with other available options such as cotton, polyester and canvas. They all have their own pros and cons. As a result, they will be suitable for different needs and requirements. You should think about them all in order to choose the material which you would like the most.</p>\n\n<p style=\"text-align:center\"><img alt=\"f6\" height=\"375\" src=\"/storage/news/4.jpg\" /></p>\n\n<p><br />\n&nbsp;</p>\n\n<hr />\n<h4><strong>Number 4: Consider A Wallet As A Long Term Investment</strong></h4>\n\n<p>Your wallet is indeed an investment that you should consider spending a decent amount of time and effort on it. Another factor that you need to consider is how much you want to spend on your wallet. The price ranges of wallets on the market vary a great deal. You can find a wallet which is as cheap as about 5 to 7 dollars. On the other hand, you should expect to pay around 250 to 300 dollars for a high-quality wallet.</p>\n\n<p>In case you need a wallet to use for a long time, it is a good idea that you should invest a decent amount of money on a wallet. A high quality wallet from a reputational brand with the premium quality such as cowhide leather will last for a long time. In addition, it is an accessory to show off your fashion sense and your social status.</p>\n\n<p style=\"text-align:center\"><img alt=\"f2\" height=\"400\" src=\"/storage/news/5.jpg\" /></p>\n\n<p>&nbsp;</p>\n','published',1,'Botble\\ACL\\Models\\User',1,'news/4.jpg',526,NULL,'2022-11-10 21:04:38','2022-11-10 21:04:38'),(5,'How to Care for Leather Bags','You should pay more attention when you choose your wallets. There are a lot of them on the market with the different designs and styles. When you choose carefully, you would be able to buy a wallet that is catered to your needs. Not to mention that it will help to enhance your style significantly.','<p>I have seen many people underestimating the power of their wallets. To them, they are just a functional item they use to carry. As a result, they often end up with the wallets which are not really suitable for them.</p>\n\n<p>You should pay more attention when you choose your wallets. There are a lot of them on the market with the different designs and styles. When you choose carefully, you would be able to buy a wallet that is catered to your needs. Not to mention that it will help to enhance your style significantly.</p>\n\n<p style=\"text-align:center\"><img alt=\"f4\" src=\"/storage/news/1.jpg\" /></p>\n\n<p><br />\n&nbsp;</p>\n\n<p><strong><em>For all of the reason above, here are 7 expert tips to help you pick up the right men&rsquo;s wallet for you:</em></strong></p>\n\n<h4><strong>Number 1: Choose A Neat Wallet</strong></h4>\n\n<p>The wallet is an essential accessory that you should go simple. Simplicity is the best in this case. A simple and neat wallet with the plain color and even&nbsp;<strong>minimalist style</strong>&nbsp;is versatile. It can be used for both formal and casual events. In addition, that wallet will go well with most of the clothes in your wardrobe.</p>\n\n<p>Keep in mind that a wallet will tell other people about your personality and your fashion sense as much as other clothes you put on. Hence, don&rsquo;t go cheesy on your wallet or else people will think that you have a funny and particular style.</p>\n\n<p style=\"text-align:center\"><img alt=\"f5\" src=\"/storage/news/2.jpg\" /></p>\n\n<p><br />\n&nbsp;</p>\n<hr />\n<h4><strong>Number 2: Choose The Right Size For Your Wallet</strong></h4>\n\n<p>You should avoid having an over-sized wallet. Don&rsquo;t think that you need to buy a big wallet because you have a lot to carry with you. In addition, a fat wallet is very ugly. It will make it harder for you to slide the wallet into your trousers&rsquo; pocket. In addition, it will create a bulge and ruin your look.</p>\n\n<p>Before you go on to buy a new wallet, clean out your wallet and place all of the items from your wallet on a table. Throw away things that you would never need any more such as the old bills or the expired gift cards. Remember to check your wallet on a frequent basis to get rid of all of the old stuff that you don&rsquo;t need anymore.</p>\n\n<p style=\"text-align:center\"><img alt=\"f1\" src=\"/storage/news/3.jpg\" /></p>\n\n<p><br />\n&nbsp;</p>\n\n<hr />\n<h4><strong>Number 3: Don&rsquo;t Limit Your Options Of Materials</strong></h4>\n\n<p>The types and designs of wallets are not the only things that you should consider when you go out searching for your best wallet. You have more than 1 option of material rather than leather to choose from as well.</p>\n\n<p>You can experiment with other available options such as cotton, polyester and canvas. They all have their own pros and cons. As a result, they will be suitable for different needs and requirements. You should think about them all in order to choose the material which you would like the most.</p>\n\n<p style=\"text-align:center\"><img alt=\"f6\" height=\"375\" src=\"/storage/news/4.jpg\" /></p>\n\n<p><br />\n&nbsp;</p>\n\n<hr />\n<h4><strong>Number 4: Consider A Wallet As A Long Term Investment</strong></h4>\n\n<p>Your wallet is indeed an investment that you should consider spending a decent amount of time and effort on it. Another factor that you need to consider is how much you want to spend on your wallet. The price ranges of wallets on the market vary a great deal. You can find a wallet which is as cheap as about 5 to 7 dollars. On the other hand, you should expect to pay around 250 to 300 dollars for a high-quality wallet.</p>\n\n<p>In case you need a wallet to use for a long time, it is a good idea that you should invest a decent amount of money on a wallet. A high quality wallet from a reputational brand with the premium quality such as cowhide leather will last for a long time. In addition, it is an accessory to show off your fashion sense and your social status.</p>\n\n<p style=\"text-align:center\"><img alt=\"f2\" height=\"400\" src=\"/storage/news/5.jpg\" /></p>\n\n<p>&nbsp;</p>\n','published',1,'Botble\\ACL\\Models\\User',1,'news/5.jpg',2042,NULL,'2022-11-10 21:04:38','2022-11-10 21:04:38'),(6,'We\'re Crushing Hard on Summer\'s 10 Biggest Bag Trends','You should pay more attention when you choose your wallets. There are a lot of them on the market with the different designs and styles. When you choose carefully, you would be able to buy a wallet that is catered to your needs. Not to mention that it will help to enhance your style significantly.','<p>I have seen many people underestimating the power of their wallets. To them, they are just a functional item they use to carry. As a result, they often end up with the wallets which are not really suitable for them.</p>\n\n<p>You should pay more attention when you choose your wallets. There are a lot of them on the market with the different designs and styles. When you choose carefully, you would be able to buy a wallet that is catered to your needs. Not to mention that it will help to enhance your style significantly.</p>\n\n<p style=\"text-align:center\"><img alt=\"f4\" src=\"/storage/news/1.jpg\" /></p>\n\n<p><br />\n&nbsp;</p>\n\n<p><strong><em>For all of the reason above, here are 7 expert tips to help you pick up the right men&rsquo;s wallet for you:</em></strong></p>\n\n<h4><strong>Number 1: Choose A Neat Wallet</strong></h4>\n\n<p>The wallet is an essential accessory that you should go simple. Simplicity is the best in this case. A simple and neat wallet with the plain color and even&nbsp;<strong>minimalist style</strong>&nbsp;is versatile. It can be used for both formal and casual events. In addition, that wallet will go well with most of the clothes in your wardrobe.</p>\n\n<p>Keep in mind that a wallet will tell other people about your personality and your fashion sense as much as other clothes you put on. Hence, don&rsquo;t go cheesy on your wallet or else people will think that you have a funny and particular style.</p>\n\n<p style=\"text-align:center\"><img alt=\"f5\" src=\"/storage/news/2.jpg\" /></p>\n\n<p><br />\n&nbsp;</p>\n<hr />\n<h4><strong>Number 2: Choose The Right Size For Your Wallet</strong></h4>\n\n<p>You should avoid having an over-sized wallet. Don&rsquo;t think that you need to buy a big wallet because you have a lot to carry with you. In addition, a fat wallet is very ugly. It will make it harder for you to slide the wallet into your trousers&rsquo; pocket. In addition, it will create a bulge and ruin your look.</p>\n\n<p>Before you go on to buy a new wallet, clean out your wallet and place all of the items from your wallet on a table. Throw away things that you would never need any more such as the old bills or the expired gift cards. Remember to check your wallet on a frequent basis to get rid of all of the old stuff that you don&rsquo;t need anymore.</p>\n\n<p style=\"text-align:center\"><img alt=\"f1\" src=\"/storage/news/3.jpg\" /></p>\n\n<p><br />\n&nbsp;</p>\n\n<hr />\n<h4><strong>Number 3: Don&rsquo;t Limit Your Options Of Materials</strong></h4>\n\n<p>The types and designs of wallets are not the only things that you should consider when you go out searching for your best wallet. You have more than 1 option of material rather than leather to choose from as well.</p>\n\n<p>You can experiment with other available options such as cotton, polyester and canvas. They all have their own pros and cons. As a result, they will be suitable for different needs and requirements. You should think about them all in order to choose the material which you would like the most.</p>\n\n<p style=\"text-align:center\"><img alt=\"f6\" height=\"375\" src=\"/storage/news/4.jpg\" /></p>\n\n<p><br />\n&nbsp;</p>\n\n<hr />\n<h4><strong>Number 4: Consider A Wallet As A Long Term Investment</strong></h4>\n\n<p>Your wallet is indeed an investment that you should consider spending a decent amount of time and effort on it. Another factor that you need to consider is how much you want to spend on your wallet. The price ranges of wallets on the market vary a great deal. You can find a wallet which is as cheap as about 5 to 7 dollars. On the other hand, you should expect to pay around 250 to 300 dollars for a high-quality wallet.</p>\n\n<p>In case you need a wallet to use for a long time, it is a good idea that you should invest a decent amount of money on a wallet. A high quality wallet from a reputational brand with the premium quality such as cowhide leather will last for a long time. In addition, it is an accessory to show off your fashion sense and your social status.</p>\n\n<p style=\"text-align:center\"><img alt=\"f2\" height=\"400\" src=\"/storage/news/5.jpg\" /></p>\n\n<p>&nbsp;</p>\n','published',1,'Botble\\ACL\\Models\\User',1,'news/6.jpg',2211,NULL,'2022-11-10 21:04:38','2022-11-10 21:04:38'),(7,'Essential Qualities of Highly Successful Music','You should pay more attention when you choose your wallets. There are a lot of them on the market with the different designs and styles. When you choose carefully, you would be able to buy a wallet that is catered to your needs. Not to mention that it will help to enhance your style significantly.','<p>I have seen many people underestimating the power of their wallets. To them, they are just a functional item they use to carry. As a result, they often end up with the wallets which are not really suitable for them.</p>\n\n<p>You should pay more attention when you choose your wallets. There are a lot of them on the market with the different designs and styles. When you choose carefully, you would be able to buy a wallet that is catered to your needs. Not to mention that it will help to enhance your style significantly.</p>\n\n<p style=\"text-align:center\"><img alt=\"f4\" src=\"/storage/news/1.jpg\" /></p>\n\n<p><br />\n&nbsp;</p>\n\n<p><strong><em>For all of the reason above, here are 7 expert tips to help you pick up the right men&rsquo;s wallet for you:</em></strong></p>\n\n<h4><strong>Number 1: Choose A Neat Wallet</strong></h4>\n\n<p>The wallet is an essential accessory that you should go simple. Simplicity is the best in this case. A simple and neat wallet with the plain color and even&nbsp;<strong>minimalist style</strong>&nbsp;is versatile. It can be used for both formal and casual events. In addition, that wallet will go well with most of the clothes in your wardrobe.</p>\n\n<p>Keep in mind that a wallet will tell other people about your personality and your fashion sense as much as other clothes you put on. Hence, don&rsquo;t go cheesy on your wallet or else people will think that you have a funny and particular style.</p>\n\n<p style=\"text-align:center\"><img alt=\"f5\" src=\"/storage/news/2.jpg\" /></p>\n\n<p><br />\n&nbsp;</p>\n<hr />\n<h4><strong>Number 2: Choose The Right Size For Your Wallet</strong></h4>\n\n<p>You should avoid having an over-sized wallet. Don&rsquo;t think that you need to buy a big wallet because you have a lot to carry with you. In addition, a fat wallet is very ugly. It will make it harder for you to slide the wallet into your trousers&rsquo; pocket. In addition, it will create a bulge and ruin your look.</p>\n\n<p>Before you go on to buy a new wallet, clean out your wallet and place all of the items from your wallet on a table. Throw away things that you would never need any more such as the old bills or the expired gift cards. Remember to check your wallet on a frequent basis to get rid of all of the old stuff that you don&rsquo;t need anymore.</p>\n\n<p style=\"text-align:center\"><img alt=\"f1\" src=\"/storage/news/3.jpg\" /></p>\n\n<p><br />\n&nbsp;</p>\n\n<hr />\n<h4><strong>Number 3: Don&rsquo;t Limit Your Options Of Materials</strong></h4>\n\n<p>The types and designs of wallets are not the only things that you should consider when you go out searching for your best wallet. You have more than 1 option of material rather than leather to choose from as well.</p>\n\n<p>You can experiment with other available options such as cotton, polyester and canvas. They all have their own pros and cons. As a result, they will be suitable for different needs and requirements. You should think about them all in order to choose the material which you would like the most.</p>\n\n<p style=\"text-align:center\"><img alt=\"f6\" height=\"375\" src=\"/storage/news/4.jpg\" /></p>\n\n<p><br />\n&nbsp;</p>\n\n<hr />\n<h4><strong>Number 4: Consider A Wallet As A Long Term Investment</strong></h4>\n\n<p>Your wallet is indeed an investment that you should consider spending a decent amount of time and effort on it. Another factor that you need to consider is how much you want to spend on your wallet. The price ranges of wallets on the market vary a great deal. You can find a wallet which is as cheap as about 5 to 7 dollars. On the other hand, you should expect to pay around 250 to 300 dollars for a high-quality wallet.</p>\n\n<p>In case you need a wallet to use for a long time, it is a good idea that you should invest a decent amount of money on a wallet. A high quality wallet from a reputational brand with the premium quality such as cowhide leather will last for a long time. In addition, it is an accessory to show off your fashion sense and your social status.</p>\n\n<p style=\"text-align:center\"><img alt=\"f2\" height=\"400\" src=\"/storage/news/5.jpg\" /></p>\n\n<p>&nbsp;</p>\n','published',1,'Botble\\ACL\\Models\\User',1,'news/7.jpg',801,NULL,'2022-11-10 21:04:38','2022-11-10 21:04:38'),(8,'9 Things I Love About Shaving My Head','You should pay more attention when you choose your wallets. There are a lot of them on the market with the different designs and styles. When you choose carefully, you would be able to buy a wallet that is catered to your needs. Not to mention that it will help to enhance your style significantly.','<p>I have seen many people underestimating the power of their wallets. To them, they are just a functional item they use to carry. As a result, they often end up with the wallets which are not really suitable for them.</p>\n\n<p>You should pay more attention when you choose your wallets. There are a lot of them on the market with the different designs and styles. When you choose carefully, you would be able to buy a wallet that is catered to your needs. Not to mention that it will help to enhance your style significantly.</p>\n\n<p style=\"text-align:center\"><img alt=\"f4\" src=\"/storage/news/1.jpg\" /></p>\n\n<p><br />\n&nbsp;</p>\n\n<p><strong><em>For all of the reason above, here are 7 expert tips to help you pick up the right men&rsquo;s wallet for you:</em></strong></p>\n\n<h4><strong>Number 1: Choose A Neat Wallet</strong></h4>\n\n<p>The wallet is an essential accessory that you should go simple. Simplicity is the best in this case. A simple and neat wallet with the plain color and even&nbsp;<strong>minimalist style</strong>&nbsp;is versatile. It can be used for both formal and casual events. In addition, that wallet will go well with most of the clothes in your wardrobe.</p>\n\n<p>Keep in mind that a wallet will tell other people about your personality and your fashion sense as much as other clothes you put on. Hence, don&rsquo;t go cheesy on your wallet or else people will think that you have a funny and particular style.</p>\n\n<p style=\"text-align:center\"><img alt=\"f5\" src=\"/storage/news/2.jpg\" /></p>\n\n<p><br />\n&nbsp;</p>\n<hr />\n<h4><strong>Number 2: Choose The Right Size For Your Wallet</strong></h4>\n\n<p>You should avoid having an over-sized wallet. Don&rsquo;t think that you need to buy a big wallet because you have a lot to carry with you. In addition, a fat wallet is very ugly. It will make it harder for you to slide the wallet into your trousers&rsquo; pocket. In addition, it will create a bulge and ruin your look.</p>\n\n<p>Before you go on to buy a new wallet, clean out your wallet and place all of the items from your wallet on a table. Throw away things that you would never need any more such as the old bills or the expired gift cards. Remember to check your wallet on a frequent basis to get rid of all of the old stuff that you don&rsquo;t need anymore.</p>\n\n<p style=\"text-align:center\"><img alt=\"f1\" src=\"/storage/news/3.jpg\" /></p>\n\n<p><br />\n&nbsp;</p>\n\n<hr />\n<h4><strong>Number 3: Don&rsquo;t Limit Your Options Of Materials</strong></h4>\n\n<p>The types and designs of wallets are not the only things that you should consider when you go out searching for your best wallet. You have more than 1 option of material rather than leather to choose from as well.</p>\n\n<p>You can experiment with other available options such as cotton, polyester and canvas. They all have their own pros and cons. As a result, they will be suitable for different needs and requirements. You should think about them all in order to choose the material which you would like the most.</p>\n\n<p style=\"text-align:center\"><img alt=\"f6\" height=\"375\" src=\"/storage/news/4.jpg\" /></p>\n\n<p><br />\n&nbsp;</p>\n\n<hr />\n<h4><strong>Number 4: Consider A Wallet As A Long Term Investment</strong></h4>\n\n<p>Your wallet is indeed an investment that you should consider spending a decent amount of time and effort on it. Another factor that you need to consider is how much you want to spend on your wallet. The price ranges of wallets on the market vary a great deal. You can find a wallet which is as cheap as about 5 to 7 dollars. On the other hand, you should expect to pay around 250 to 300 dollars for a high-quality wallet.</p>\n\n<p>In case you need a wallet to use for a long time, it is a good idea that you should invest a decent amount of money on a wallet. A high quality wallet from a reputational brand with the premium quality such as cowhide leather will last for a long time. In addition, it is an accessory to show off your fashion sense and your social status.</p>\n\n<p style=\"text-align:center\"><img alt=\"f2\" height=\"400\" src=\"/storage/news/5.jpg\" /></p>\n\n<p>&nbsp;</p>\n','published',1,'Botble\\ACL\\Models\\User',1,'news/8.jpg',635,NULL,'2022-11-10 21:04:38','2022-11-10 21:04:38'),(9,'Why Teamwork Really Makes The Dream Work','You should pay more attention when you choose your wallets. There are a lot of them on the market with the different designs and styles. When you choose carefully, you would be able to buy a wallet that is catered to your needs. Not to mention that it will help to enhance your style significantly.','<p>I have seen many people underestimating the power of their wallets. To them, they are just a functional item they use to carry. As a result, they often end up with the wallets which are not really suitable for them.</p>\n\n<p>You should pay more attention when you choose your wallets. There are a lot of them on the market with the different designs and styles. When you choose carefully, you would be able to buy a wallet that is catered to your needs. Not to mention that it will help to enhance your style significantly.</p>\n\n<p style=\"text-align:center\"><img alt=\"f4\" src=\"/storage/news/1.jpg\" /></p>\n\n<p><br />\n&nbsp;</p>\n\n<p><strong><em>For all of the reason above, here are 7 expert tips to help you pick up the right men&rsquo;s wallet for you:</em></strong></p>\n\n<h4><strong>Number 1: Choose A Neat Wallet</strong></h4>\n\n<p>The wallet is an essential accessory that you should go simple. Simplicity is the best in this case. A simple and neat wallet with the plain color and even&nbsp;<strong>minimalist style</strong>&nbsp;is versatile. It can be used for both formal and casual events. In addition, that wallet will go well with most of the clothes in your wardrobe.</p>\n\n<p>Keep in mind that a wallet will tell other people about your personality and your fashion sense as much as other clothes you put on. Hence, don&rsquo;t go cheesy on your wallet or else people will think that you have a funny and particular style.</p>\n\n<p style=\"text-align:center\"><img alt=\"f5\" src=\"/storage/news/2.jpg\" /></p>\n\n<p><br />\n&nbsp;</p>\n<hr />\n<h4><strong>Number 2: Choose The Right Size For Your Wallet</strong></h4>\n\n<p>You should avoid having an over-sized wallet. Don&rsquo;t think that you need to buy a big wallet because you have a lot to carry with you. In addition, a fat wallet is very ugly. It will make it harder for you to slide the wallet into your trousers&rsquo; pocket. In addition, it will create a bulge and ruin your look.</p>\n\n<p>Before you go on to buy a new wallet, clean out your wallet and place all of the items from your wallet on a table. Throw away things that you would never need any more such as the old bills or the expired gift cards. Remember to check your wallet on a frequent basis to get rid of all of the old stuff that you don&rsquo;t need anymore.</p>\n\n<p style=\"text-align:center\"><img alt=\"f1\" src=\"/storage/news/3.jpg\" /></p>\n\n<p><br />\n&nbsp;</p>\n\n<hr />\n<h4><strong>Number 3: Don&rsquo;t Limit Your Options Of Materials</strong></h4>\n\n<p>The types and designs of wallets are not the only things that you should consider when you go out searching for your best wallet. You have more than 1 option of material rather than leather to choose from as well.</p>\n\n<p>You can experiment with other available options such as cotton, polyester and canvas. They all have their own pros and cons. As a result, they will be suitable for different needs and requirements. You should think about them all in order to choose the material which you would like the most.</p>\n\n<p style=\"text-align:center\"><img alt=\"f6\" height=\"375\" src=\"/storage/news/4.jpg\" /></p>\n\n<p><br />\n&nbsp;</p>\n\n<hr />\n<h4><strong>Number 4: Consider A Wallet As A Long Term Investment</strong></h4>\n\n<p>Your wallet is indeed an investment that you should consider spending a decent amount of time and effort on it. Another factor that you need to consider is how much you want to spend on your wallet. The price ranges of wallets on the market vary a great deal. You can find a wallet which is as cheap as about 5 to 7 dollars. On the other hand, you should expect to pay around 250 to 300 dollars for a high-quality wallet.</p>\n\n<p>In case you need a wallet to use for a long time, it is a good idea that you should invest a decent amount of money on a wallet. A high quality wallet from a reputational brand with the premium quality such as cowhide leather will last for a long time. In addition, it is an accessory to show off your fashion sense and your social status.</p>\n\n<p style=\"text-align:center\"><img alt=\"f2\" height=\"400\" src=\"/storage/news/5.jpg\" /></p>\n\n<p>&nbsp;</p>\n','published',1,'Botble\\ACL\\Models\\User',1,'news/9.jpg',276,NULL,'2022-11-10 21:04:38','2022-11-10 21:04:38'),(10,'The World Caters to Average People','You should pay more attention when you choose your wallets. There are a lot of them on the market with the different designs and styles. When you choose carefully, you would be able to buy a wallet that is catered to your needs. Not to mention that it will help to enhance your style significantly.','<p>I have seen many people underestimating the power of their wallets. To them, they are just a functional item they use to carry. As a result, they often end up with the wallets which are not really suitable for them.</p>\n\n<p>You should pay more attention when you choose your wallets. There are a lot of them on the market with the different designs and styles. When you choose carefully, you would be able to buy a wallet that is catered to your needs. Not to mention that it will help to enhance your style significantly.</p>\n\n<p style=\"text-align:center\"><img alt=\"f4\" src=\"/storage/news/1.jpg\" /></p>\n\n<p><br />\n&nbsp;</p>\n\n<p><strong><em>For all of the reason above, here are 7 expert tips to help you pick up the right men&rsquo;s wallet for you:</em></strong></p>\n\n<h4><strong>Number 1: Choose A Neat Wallet</strong></h4>\n\n<p>The wallet is an essential accessory that you should go simple. Simplicity is the best in this case. A simple and neat wallet with the plain color and even&nbsp;<strong>minimalist style</strong>&nbsp;is versatile. It can be used for both formal and casual events. In addition, that wallet will go well with most of the clothes in your wardrobe.</p>\n\n<p>Keep in mind that a wallet will tell other people about your personality and your fashion sense as much as other clothes you put on. Hence, don&rsquo;t go cheesy on your wallet or else people will think that you have a funny and particular style.</p>\n\n<p style=\"text-align:center\"><img alt=\"f5\" src=\"/storage/news/2.jpg\" /></p>\n\n<p><br />\n&nbsp;</p>\n<hr />\n<h4><strong>Number 2: Choose The Right Size For Your Wallet</strong></h4>\n\n<p>You should avoid having an over-sized wallet. Don&rsquo;t think that you need to buy a big wallet because you have a lot to carry with you. In addition, a fat wallet is very ugly. It will make it harder for you to slide the wallet into your trousers&rsquo; pocket. In addition, it will create a bulge and ruin your look.</p>\n\n<p>Before you go on to buy a new wallet, clean out your wallet and place all of the items from your wallet on a table. Throw away things that you would never need any more such as the old bills or the expired gift cards. Remember to check your wallet on a frequent basis to get rid of all of the old stuff that you don&rsquo;t need anymore.</p>\n\n<p style=\"text-align:center\"><img alt=\"f1\" src=\"/storage/news/3.jpg\" /></p>\n\n<p><br />\n&nbsp;</p>\n\n<hr />\n<h4><strong>Number 3: Don&rsquo;t Limit Your Options Of Materials</strong></h4>\n\n<p>The types and designs of wallets are not the only things that you should consider when you go out searching for your best wallet. You have more than 1 option of material rather than leather to choose from as well.</p>\n\n<p>You can experiment with other available options such as cotton, polyester and canvas. They all have their own pros and cons. As a result, they will be suitable for different needs and requirements. You should think about them all in order to choose the material which you would like the most.</p>\n\n<p style=\"text-align:center\"><img alt=\"f6\" height=\"375\" src=\"/storage/news/4.jpg\" /></p>\n\n<p><br />\n&nbsp;</p>\n\n<hr />\n<h4><strong>Number 4: Consider A Wallet As A Long Term Investment</strong></h4>\n\n<p>Your wallet is indeed an investment that you should consider spending a decent amount of time and effort on it. Another factor that you need to consider is how much you want to spend on your wallet. The price ranges of wallets on the market vary a great deal. You can find a wallet which is as cheap as about 5 to 7 dollars. On the other hand, you should expect to pay around 250 to 300 dollars for a high-quality wallet.</p>\n\n<p>In case you need a wallet to use for a long time, it is a good idea that you should invest a decent amount of money on a wallet. A high quality wallet from a reputational brand with the premium quality such as cowhide leather will last for a long time. In addition, it is an accessory to show off your fashion sense and your social status.</p>\n\n<p style=\"text-align:center\"><img alt=\"f2\" height=\"400\" src=\"/storage/news/5.jpg\" /></p>\n\n<p>&nbsp;</p>\n','published',1,'Botble\\ACL\\Models\\User',1,'news/10.jpg',120,NULL,'2022-11-10 21:04:38','2022-11-10 21:04:38'),(11,'The litigants on the screen are not actors','You should pay more attention when you choose your wallets. There are a lot of them on the market with the different designs and styles. When you choose carefully, you would be able to buy a wallet that is catered to your needs. Not to mention that it will help to enhance your style significantly.','<p>I have seen many people underestimating the power of their wallets. To them, they are just a functional item they use to carry. As a result, they often end up with the wallets which are not really suitable for them.</p>\n\n<p>You should pay more attention when you choose your wallets. There are a lot of them on the market with the different designs and styles. When you choose carefully, you would be able to buy a wallet that is catered to your needs. Not to mention that it will help to enhance your style significantly.</p>\n\n<p style=\"text-align:center\"><img alt=\"f4\" src=\"/storage/news/1.jpg\" /></p>\n\n<p><br />\n&nbsp;</p>\n\n<p><strong><em>For all of the reason above, here are 7 expert tips to help you pick up the right men&rsquo;s wallet for you:</em></strong></p>\n\n<h4><strong>Number 1: Choose A Neat Wallet</strong></h4>\n\n<p>The wallet is an essential accessory that you should go simple. Simplicity is the best in this case. A simple and neat wallet with the plain color and even&nbsp;<strong>minimalist style</strong>&nbsp;is versatile. It can be used for both formal and casual events. In addition, that wallet will go well with most of the clothes in your wardrobe.</p>\n\n<p>Keep in mind that a wallet will tell other people about your personality and your fashion sense as much as other clothes you put on. Hence, don&rsquo;t go cheesy on your wallet or else people will think that you have a funny and particular style.</p>\n\n<p style=\"text-align:center\"><img alt=\"f5\" src=\"/storage/news/2.jpg\" /></p>\n\n<p><br />\n&nbsp;</p>\n<hr />\n<h4><strong>Number 2: Choose The Right Size For Your Wallet</strong></h4>\n\n<p>You should avoid having an over-sized wallet. Don&rsquo;t think that you need to buy a big wallet because you have a lot to carry with you. In addition, a fat wallet is very ugly. It will make it harder for you to slide the wallet into your trousers&rsquo; pocket. In addition, it will create a bulge and ruin your look.</p>\n\n<p>Before you go on to buy a new wallet, clean out your wallet and place all of the items from your wallet on a table. Throw away things that you would never need any more such as the old bills or the expired gift cards. Remember to check your wallet on a frequent basis to get rid of all of the old stuff that you don&rsquo;t need anymore.</p>\n\n<p style=\"text-align:center\"><img alt=\"f1\" src=\"/storage/news/3.jpg\" /></p>\n\n<p><br />\n&nbsp;</p>\n\n<hr />\n<h4><strong>Number 3: Don&rsquo;t Limit Your Options Of Materials</strong></h4>\n\n<p>The types and designs of wallets are not the only things that you should consider when you go out searching for your best wallet. You have more than 1 option of material rather than leather to choose from as well.</p>\n\n<p>You can experiment with other available options such as cotton, polyester and canvas. They all have their own pros and cons. As a result, they will be suitable for different needs and requirements. You should think about them all in order to choose the material which you would like the most.</p>\n\n<p style=\"text-align:center\"><img alt=\"f6\" height=\"375\" src=\"/storage/news/4.jpg\" /></p>\n\n<p><br />\n&nbsp;</p>\n\n<hr />\n<h4><strong>Number 4: Consider A Wallet As A Long Term Investment</strong></h4>\n\n<p>Your wallet is indeed an investment that you should consider spending a decent amount of time and effort on it. Another factor that you need to consider is how much you want to spend on your wallet. The price ranges of wallets on the market vary a great deal. You can find a wallet which is as cheap as about 5 to 7 dollars. On the other hand, you should expect to pay around 250 to 300 dollars for a high-quality wallet.</p>\n\n<p>In case you need a wallet to use for a long time, it is a good idea that you should invest a decent amount of money on a wallet. A high quality wallet from a reputational brand with the premium quality such as cowhide leather will last for a long time. In addition, it is an accessory to show off your fashion sense and your social status.</p>\n\n<p style=\"text-align:center\"><img alt=\"f2\" height=\"400\" src=\"/storage/news/5.jpg\" /></p>\n\n<p>&nbsp;</p>\n','published',1,'Botble\\ACL\\Models\\User',0,'news/11.jpg',981,NULL,'2022-11-10 21:04:38','2022-11-10 21:04:38');

--
-- Table structure for table `posts_translations`
--

CREATE TABLE `posts_translations` (
  `lang_code` varchar(191) COLLATE utf8mb4_unicode_ci NOT NULL,
  `posts_id` int NOT NULL,
  `name` varchar(255) COLLATE utf8mb4_unicode_ci DEFAULT NULL,
  `description` varchar(400) COLLATE utf8mb4_unicode_ci DEFAULT NULL,
  `content` longtext COLLATE utf8mb4_unicode_ci,
  PRIMARY KEY (`lang_code`,`posts_id`)
) ENGINE=InnoDB DEFAULT CHARSET=utf8mb4 COLLATE=utf8mb4_unicode_ci;

--
-- Dumping data for table `posts_translations`
--

INSERT INTO `posts_translations` VALUES ('vi',1,'4 Lời khuyên của Chuyên gia về Cách Chọn Ví Nam Phù hợp','Bạn nên chú ý hơn khi chọn ví. Có rất nhiều trong số chúng trên thị trường với các mẫu mã và phong cách khác nhau. Khi bạn lựa chọn cẩn thận, bạn sẽ có thể mua một chiếc ví phù hợp với nhu cầu của bạn. Chưa kể nó sẽ giúp nâng tầm phong cách của bạn một cách đáng kể.','<p>I have seen many people underestimating the power of their wallets. To them, they are just a functional item they use to carry. As a result, they often end up with the wallets which are not really suitable for them.</p>\n\n<p>You should pay more attention when you choose your wallets. There are a lot of them on the market with the different designs and styles. When you choose carefully, you would be able to buy a wallet that is catered to your needs. Not to mention that it will help to enhance your style significantly.</p>\n\n<p style=\"text-align:center\"><img alt=\"f4\" src=\"/storage/news/1.jpg\" /></p>\n\n<p><br />\n&nbsp;</p>\n\n<p><strong><em>For all of the reason above, here are 7 expert tips to help you pick up the right men&rsquo;s wallet for you:</em></strong></p>\n\n<h4><strong>Number 1: Choose A Neat Wallet</strong></h4>\n\n<p>The wallet is an essential accessory that you should go simple. Simplicity is the best in this case. A simple and neat wallet with the plain color and even&nbsp;<strong>minimalist style</strong>&nbsp;is versatile. It can be used for both formal and casual events. In addition, that wallet will go well with most of the clothes in your wardrobe.</p>\n\n<p>Keep in mind that a wallet will tell other people about your personality and your fashion sense as much as other clothes you put on. Hence, don&rsquo;t go cheesy on your wallet or else people will think that you have a funny and particular style.</p>\n\n<p style=\"text-align:center\"><img alt=\"f5\" src=\"/storage/news/2.jpg\" /></p>\n\n<p><br />\n&nbsp;</p>\n<hr />\n<h4><strong>Number 2: Choose The Right Size For Your Wallet</strong></h4>\n\n<p>You should avoid having an over-sized wallet. Don&rsquo;t think that you need to buy a big wallet because you have a lot to carry with you. In addition, a fat wallet is very ugly. It will make it harder for you to slide the wallet into your trousers&rsquo; pocket. In addition, it will create a bulge and ruin your look.</p>\n\n<p>Before you go on to buy a new wallet, clean out your wallet and place all of the items from your wallet on a table. Throw away things that you would never need any more such as the old bills or the expired gift cards. Remember to check your wallet on a frequent basis to get rid of all of the old stuff that you don&rsquo;t need anymore.</p>\n\n<p style=\"text-align:center\"><img alt=\"f1\" src=\"/storage/news/3.jpg\" /></p>\n\n<p><br />\n&nbsp;</p>\n\n<hr />\n<h4><strong>Number 3: Don&rsquo;t Limit Your Options Of Materials</strong></h4>\n\n<p>The types and designs of wallets are not the only things that you should consider when you go out searching for your best wallet. You have more than 1 option of material rather than leather to choose from as well.</p>\n\n<p>You can experiment with other available options such as cotton, polyester and canvas. They all have their own pros and cons. As a result, they will be suitable for different needs and requirements. You should think about them all in order to choose the material which you would like the most.</p>\n\n<p style=\"text-align:center\"><img alt=\"f6\" height=\"375\" src=\"/storage/news/4.jpg\" /></p>\n\n<p><br />\n&nbsp;</p>\n\n<hr />\n<h4><strong>Number 4: Consider A Wallet As A Long Term Investment</strong></h4>\n\n<p>Your wallet is indeed an investment that you should consider spending a decent amount of time and effort on it. Another factor that you need to consider is how much you want to spend on your wallet. The price ranges of wallets on the market vary a great deal. You can find a wallet which is as cheap as about 5 to 7 dollars. On the other hand, you should expect to pay around 250 to 300 dollars for a high-quality wallet.</p>\n\n<p>In case you need a wallet to use for a long time, it is a good idea that you should invest a decent amount of money on a wallet. A high quality wallet from a reputational brand with the premium quality such as cowhide leather will last for a long time. In addition, it is an accessory to show off your fashion sense and your social status.</p>\n\n<p style=\"text-align:center\"><img alt=\"f2\" height=\"400\" src=\"/storage/news/5.jpg\" /></p>\n\n<p>&nbsp;</p>\n'),('vi',2,'Sexy Clutches: Cách Mua & Đeo Túi Clutch Thiết kế','Bạn nên chú ý hơn khi chọn ví. Có rất nhiều trong số chúng trên thị trường với các mẫu mã và phong cách khác nhau. Khi bạn lựa chọn cẩn thận, bạn sẽ có thể mua một chiếc ví phù hợp với nhu cầu của bạn. Chưa kể nó sẽ giúp nâng tầm phong cách của bạn một cách đáng kể.','<p>I have seen many people underestimating the power of their wallets. To them, they are just a functional item they use to carry. As a result, they often end up with the wallets which are not really suitable for them.</p>\n\n<p>You should pay more attention when you choose your wallets. There are a lot of them on the market with the different designs and styles. When you choose carefully, you would be able to buy a wallet that is catered to your needs. Not to mention that it will help to enhance your style significantly.</p>\n\n<p style=\"text-align:center\"><img alt=\"f4\" src=\"/storage/news/1.jpg\" /></p>\n\n<p><br />\n&nbsp;</p>\n\n<p><strong><em>For all of the reason above, here are 7 expert tips to help you pick up the right men&rsquo;s wallet for you:</em></strong></p>\n\n<h4><strong>Number 1: Choose A Neat Wallet</strong></h4>\n\n<p>The wallet is an essential accessory that you should go simple. Simplicity is the best in this case. A simple and neat wallet with the plain color and even&nbsp;<strong>minimalist style</strong>&nbsp;is versatile. It can be used for both formal and casual events. In addition, that wallet will go well with most of the clothes in your wardrobe.</p>\n\n<p>Keep in mind that a wallet will tell other people about your personality and your fashion sense as much as other clothes you put on. Hence, don&rsquo;t go cheesy on your wallet or else people will think that you have a funny and particular style.</p>\n\n<p style=\"text-align:center\"><img alt=\"f5\" src=\"/storage/news/2.jpg\" /></p>\n\n<p><br />\n&nbsp;</p>\n<hr />\n<h4><strong>Number 2: Choose The Right Size For Your Wallet</strong></h4>\n\n<p>You should avoid having an over-sized wallet. Don&rsquo;t think that you need to buy a big wallet because you have a lot to carry with you. In addition, a fat wallet is very ugly. It will make it harder for you to slide the wallet into your trousers&rsquo; pocket. In addition, it will create a bulge and ruin your look.</p>\n\n<p>Before you go on to buy a new wallet, clean out your wallet and place all of the items from your wallet on a table. Throw away things that you would never need any more such as the old bills or the expired gift cards. Remember to check your wallet on a frequent basis to get rid of all of the old stuff that you don&rsquo;t need anymore.</p>\n\n<p style=\"text-align:center\"><img alt=\"f1\" src=\"/storage/news/3.jpg\" /></p>\n\n<p><br />\n&nbsp;</p>\n\n<hr />\n<h4><strong>Number 3: Don&rsquo;t Limit Your Options Of Materials</strong></h4>\n\n<p>The types and designs of wallets are not the only things that you should consider when you go out searching for your best wallet. You have more than 1 option of material rather than leather to choose from as well.</p>\n\n<p>You can experiment with other available options such as cotton, polyester and canvas. They all have their own pros and cons. As a result, they will be suitable for different needs and requirements. You should think about them all in order to choose the material which you would like the most.</p>\n\n<p style=\"text-align:center\"><img alt=\"f6\" height=\"375\" src=\"/storage/news/4.jpg\" /></p>\n\n<p><br />\n&nbsp;</p>\n\n<hr />\n<h4><strong>Number 4: Consider A Wallet As A Long Term Investment</strong></h4>\n\n<p>Your wallet is indeed an investment that you should consider spending a decent amount of time and effort on it. Another factor that you need to consider is how much you want to spend on your wallet. The price ranges of wallets on the market vary a great deal. You can find a wallet which is as cheap as about 5 to 7 dollars. On the other hand, you should expect to pay around 250 to 300 dollars for a high-quality wallet.</p>\n\n<p>In case you need a wallet to use for a long time, it is a good idea that you should invest a decent amount of money on a wallet. A high quality wallet from a reputational brand with the premium quality such as cowhide leather will last for a long time. In addition, it is an accessory to show off your fashion sense and your social status.</p>\n\n<p style=\"text-align:center\"><img alt=\"f2\" height=\"400\" src=\"/storage/news/5.jpg\" /></p>\n\n<p>&nbsp;</p>\n'),('vi',3,'Xu hướng túi xách hàng đầu năm 2020 cần biết','Bạn nên chú ý hơn khi chọn ví. Có rất nhiều trong số chúng trên thị trường với các mẫu mã và phong cách khác nhau. Khi bạn lựa chọn cẩn thận, bạn sẽ có thể mua một chiếc ví phù hợp với nhu cầu của bạn. Chưa kể nó sẽ giúp nâng tầm phong cách của bạn một cách đáng kể.','<p>I have seen many people underestimating the power of their wallets. To them, they are just a functional item they use to carry. As a result, they often end up with the wallets which are not really suitable for them.</p>\n\n<p>You should pay more attention when you choose your wallets. There are a lot of them on the market with the different designs and styles. When you choose carefully, you would be able to buy a wallet that is catered to your needs. Not to mention that it will help to enhance your style significantly.</p>\n\n<p style=\"text-align:center\"><img alt=\"f4\" src=\"/storage/news/1.jpg\" /></p>\n\n<p><br />\n&nbsp;</p>\n\n<p><strong><em>For all of the reason above, here are 7 expert tips to help you pick up the right men&rsquo;s wallet for you:</em></strong></p>\n\n<h4><strong>Number 1: Choose A Neat Wallet</strong></h4>\n\n<p>The wallet is an essential accessory that you should go simple. Simplicity is the best in this case. A simple and neat wallet with the plain color and even&nbsp;<strong>minimalist style</strong>&nbsp;is versatile. It can be used for both formal and casual events. In addition, that wallet will go well with most of the clothes in your wardrobe.</p>\n\n<p>Keep in mind that a wallet will tell other people about your personality and your fashion sense as much as other clothes you put on. Hence, don&rsquo;t go cheesy on your wallet or else people will think that you have a funny and particular style.</p>\n\n<p style=\"text-align:center\"><img alt=\"f5\" src=\"/storage/news/2.jpg\" /></p>\n\n<p><br />\n&nbsp;</p>\n<hr />\n<h4><strong>Number 2: Choose The Right Size For Your Wallet</strong></h4>\n\n<p>You should avoid having an over-sized wallet. Don&rsquo;t think that you need to buy a big wallet because you have a lot to carry with you. In addition, a fat wallet is very ugly. It will make it harder for you to slide the wallet into your trousers&rsquo; pocket. In addition, it will create a bulge and ruin your look.</p>\n\n<p>Before you go on to buy a new wallet, clean out your wallet and place all of the items from your wallet on a table. Throw away things that you would never need any more such as the old bills or the expired gift cards. Remember to check your wallet on a frequent basis to get rid of all of the old stuff that you don&rsquo;t need anymore.</p>\n\n<p style=\"text-align:center\"><img alt=\"f1\" src=\"/storage/news/3.jpg\" /></p>\n\n<p><br />\n&nbsp;</p>\n\n<hr />\n<h4><strong>Number 3: Don&rsquo;t Limit Your Options Of Materials</strong></h4>\n\n<p>The types and designs of wallets are not the only things that you should consider when you go out searching for your best wallet. You have more than 1 option of material rather than leather to choose from as well.</p>\n\n<p>You can experiment with other available options such as cotton, polyester and canvas. They all have their own pros and cons. As a result, they will be suitable for different needs and requirements. You should think about them all in order to choose the material which you would like the most.</p>\n\n<p style=\"text-align:center\"><img alt=\"f6\" height=\"375\" src=\"/storage/news/4.jpg\" /></p>\n\n<p><br />\n&nbsp;</p>\n\n<hr />\n<h4><strong>Number 4: Consider A Wallet As A Long Term Investment</strong></h4>\n\n<p>Your wallet is indeed an investment that you should consider spending a decent amount of time and effort on it. Another factor that you need to consider is how much you want to spend on your wallet. The price ranges of wallets on the market vary a great deal. You can find a wallet which is as cheap as about 5 to 7 dollars. On the other hand, you should expect to pay around 250 to 300 dollars for a high-quality wallet.</p>\n\n<p>In case you need a wallet to use for a long time, it is a good idea that you should invest a decent amount of money on a wallet. A high quality wallet from a reputational brand with the premium quality such as cowhide leather will last for a long time. In addition, it is an accessory to show off your fashion sense and your social status.</p>\n\n<p style=\"text-align:center\"><img alt=\"f2\" height=\"400\" src=\"/storage/news/5.jpg\" /></p>\n\n<p>&nbsp;</p>\n'),('vi',4,'Cách Phối Màu Túi Xách Của Bạn Với Trang Phục','Bạn nên chú ý hơn khi chọn ví. Có rất nhiều trong số chúng trên thị trường với các mẫu mã và phong cách khác nhau. Khi bạn lựa chọn cẩn thận, bạn sẽ có thể mua một chiếc ví phù hợp với nhu cầu của bạn. Chưa kể nó sẽ giúp nâng tầm phong cách của bạn một cách đáng kể.','<p>I have seen many people underestimating the power of their wallets. To them, they are just a functional item they use to carry. As a result, they often end up with the wallets which are not really suitable for them.</p>\n\n<p>You should pay more attention when you choose your wallets. There are a lot of them on the market with the different designs and styles. When you choose carefully, you would be able to buy a wallet that is catered to your needs. Not to mention that it will help to enhance your style significantly.</p>\n\n<p style=\"text-align:center\"><img alt=\"f4\" src=\"/storage/news/1.jpg\" /></p>\n\n<p><br />\n&nbsp;</p>\n\n<p><strong><em>For all of the reason above, here are 7 expert tips to help you pick up the right men&rsquo;s wallet for you:</em></strong></p>\n\n<h4><strong>Number 1: Choose A Neat Wallet</strong></h4>\n\n<p>The wallet is an essential accessory that you should go simple. Simplicity is the best in this case. A simple and neat wallet with the plain color and even&nbsp;<strong>minimalist style</strong>&nbsp;is versatile. It can be used for both formal and casual events. In addition, that wallet will go well with most of the clothes in your wardrobe.</p>\n\n<p>Keep in mind that a wallet will tell other people about your personality and your fashion sense as much as other clothes you put on. Hence, don&rsquo;t go cheesy on your wallet or else people will think that you have a funny and particular style.</p>\n\n<p style=\"text-align:center\"><img alt=\"f5\" src=\"/storage/news/2.jpg\" /></p>\n\n<p><br />\n&nbsp;</p>\n<hr />\n<h4><strong>Number 2: Choose The Right Size For Your Wallet</strong></h4>\n\n<p>You should avoid having an over-sized wallet. Don&rsquo;t think that you need to buy a big wallet because you have a lot to carry with you. In addition, a fat wallet is very ugly. It will make it harder for you to slide the wallet into your trousers&rsquo; pocket. In addition, it will create a bulge and ruin your look.</p>\n\n<p>Before you go on to buy a new wallet, clean out your wallet and place all of the items from your wallet on a table. Throw away things that you would never need any more such as the old bills or the expired gift cards. Remember to check your wallet on a frequent basis to get rid of all of the old stuff that you don&rsquo;t need anymore.</p>\n\n<p style=\"text-align:center\"><img alt=\"f1\" src=\"/storage/news/3.jpg\" /></p>\n\n<p><br />\n&nbsp;</p>\n\n<hr />\n<h4><strong>Number 3: Don&rsquo;t Limit Your Options Of Materials</strong></h4>\n\n<p>The types and designs of wallets are not the only things that you should consider when you go out searching for your best wallet. You have more than 1 option of material rather than leather to choose from as well.</p>\n\n<p>You can experiment with other available options such as cotton, polyester and canvas. They all have their own pros and cons. As a result, they will be suitable for different needs and requirements. You should think about them all in order to choose the material which you would like the most.</p>\n\n<p style=\"text-align:center\"><img alt=\"f6\" height=\"375\" src=\"/storage/news/4.jpg\" /></p>\n\n<p><br />\n&nbsp;</p>\n\n<hr />\n<h4><strong>Number 4: Consider A Wallet As A Long Term Investment</strong></h4>\n\n<p>Your wallet is indeed an investment that you should consider spending a decent amount of time and effort on it. Another factor that you need to consider is how much you want to spend on your wallet. The price ranges of wallets on the market vary a great deal. You can find a wallet which is as cheap as about 5 to 7 dollars. On the other hand, you should expect to pay around 250 to 300 dollars for a high-quality wallet.</p>\n\n<p>In case you need a wallet to use for a long time, it is a good idea that you should invest a decent amount of money on a wallet. A high quality wallet from a reputational brand with the premium quality such as cowhide leather will last for a long time. In addition, it is an accessory to show off your fashion sense and your social status.</p>\n\n<p style=\"text-align:center\"><img alt=\"f2\" height=\"400\" src=\"/storage/news/5.jpg\" /></p>\n\n<p>&nbsp;</p>\n'),('vi',5,'Cách Chăm sóc Túi Da','Bạn nên chú ý hơn khi chọn ví. Có rất nhiều trong số chúng trên thị trường với các mẫu mã và phong cách khác nhau. Khi bạn lựa chọn cẩn thận, bạn sẽ có thể mua một chiếc ví phù hợp với nhu cầu của bạn. Chưa kể nó sẽ giúp nâng tầm phong cách của bạn một cách đáng kể.','<p>I have seen many people underestimating the power of their wallets. To them, they are just a functional item they use to carry. As a result, they often end up with the wallets which are not really suitable for them.</p>\n\n<p>You should pay more attention when you choose your wallets. There are a lot of them on the market with the different designs and styles. When you choose carefully, you would be able to buy a wallet that is catered to your needs. Not to mention that it will help to enhance your style significantly.</p>\n\n<p style=\"text-align:center\"><img alt=\"f4\" src=\"/storage/news/1.jpg\" /></p>\n\n<p><br />\n&nbsp;</p>\n\n<p><strong><em>For all of the reason above, here are 7 expert tips to help you pick up the right men&rsquo;s wallet for you:</em></strong></p>\n\n<h4><strong>Number 1: Choose A Neat Wallet</strong></h4>\n\n<p>The wallet is an essential accessory that you should go simple. Simplicity is the best in this case. A simple and neat wallet with the plain color and even&nbsp;<strong>minimalist style</strong>&nbsp;is versatile. It can be used for both formal and casual events. In addition, that wallet will go well with most of the clothes in your wardrobe.</p>\n\n<p>Keep in mind that a wallet will tell other people about your personality and your fashion sense as much as other clothes you put on. Hence, don&rsquo;t go cheesy on your wallet or else people will think that you have a funny and particular style.</p>\n\n<p style=\"text-align:center\"><img alt=\"f5\" src=\"/storage/news/2.jpg\" /></p>\n\n<p><br />\n&nbsp;</p>\n<hr />\n<h4><strong>Number 2: Choose The Right Size For Your Wallet</strong></h4>\n\n<p>You should avoid having an over-sized wallet. Don&rsquo;t think that you need to buy a big wallet because you have a lot to carry with you. In addition, a fat wallet is very ugly. It will make it harder for you to slide the wallet into your trousers&rsquo; pocket. In addition, it will create a bulge and ruin your look.</p>\n\n<p>Before you go on to buy a new wallet, clean out your wallet and place all of the items from your wallet on a table. Throw away things that you would never need any more such as the old bills or the expired gift cards. Remember to check your wallet on a frequent basis to get rid of all of the old stuff that you don&rsquo;t need anymore.</p>\n\n<p style=\"text-align:center\"><img alt=\"f1\" src=\"/storage/news/3.jpg\" /></p>\n\n<p><br />\n&nbsp;</p>\n\n<hr />\n<h4><strong>Number 3: Don&rsquo;t Limit Your Options Of Materials</strong></h4>\n\n<p>The types and designs of wallets are not the only things that you should consider when you go out searching for your best wallet. You have more than 1 option of material rather than leather to choose from as well.</p>\n\n<p>You can experiment with other available options such as cotton, polyester and canvas. They all have their own pros and cons. As a result, they will be suitable for different needs and requirements. You should think about them all in order to choose the material which you would like the most.</p>\n\n<p style=\"text-align:center\"><img alt=\"f6\" height=\"375\" src=\"/storage/news/4.jpg\" /></p>\n\n<p><br />\n&nbsp;</p>\n\n<hr />\n<h4><strong>Number 4: Consider A Wallet As A Long Term Investment</strong></h4>\n\n<p>Your wallet is indeed an investment that you should consider spending a decent amount of time and effort on it. Another factor that you need to consider is how much you want to spend on your wallet. The price ranges of wallets on the market vary a great deal. You can find a wallet which is as cheap as about 5 to 7 dollars. On the other hand, you should expect to pay around 250 to 300 dollars for a high-quality wallet.</p>\n\n<p>In case you need a wallet to use for a long time, it is a good idea that you should invest a decent amount of money on a wallet. A high quality wallet from a reputational brand with the premium quality such as cowhide leather will last for a long time. In addition, it is an accessory to show off your fashion sense and your social status.</p>\n\n<p style=\"text-align:center\"><img alt=\"f2\" height=\"400\" src=\"/storage/news/5.jpg\" /></p>\n\n<p>&nbsp;</p>\n'),('vi',6,'Chúng tôi đang nghiền ngẫm 10 xu hướng túi lớn nhất của mùa hè','Bạn nên chú ý hơn khi chọn ví. Có rất nhiều trong số chúng trên thị trường với các mẫu mã và phong cách khác nhau. Khi bạn lựa chọn cẩn thận, bạn sẽ có thể mua một chiếc ví phù hợp với nhu cầu của bạn. Chưa kể nó sẽ giúp nâng tầm phong cách của bạn một cách đáng kể.','<p>I have seen many people underestimating the power of their wallets. To them, they are just a functional item they use to carry. As a result, they often end up with the wallets which are not really suitable for them.</p>\n\n<p>You should pay more attention when you choose your wallets. There are a lot of them on the market with the different designs and styles. When you choose carefully, you would be able to buy a wallet that is catered to your needs. Not to mention that it will help to enhance your style significantly.</p>\n\n<p style=\"text-align:center\"><img alt=\"f4\" src=\"/storage/news/1.jpg\" /></p>\n\n<p><br />\n&nbsp;</p>\n\n<p><strong><em>For all of the reason above, here are 7 expert tips to help you pick up the right men&rsquo;s wallet for you:</em></strong></p>\n\n<h4><strong>Number 1: Choose A Neat Wallet</strong></h4>\n\n<p>The wallet is an essential accessory that you should go simple. Simplicity is the best in this case. A simple and neat wallet with the plain color and even&nbsp;<strong>minimalist style</strong>&nbsp;is versatile. It can be used for both formal and casual events. In addition, that wallet will go well with most of the clothes in your wardrobe.</p>\n\n<p>Keep in mind that a wallet will tell other people about your personality and your fashion sense as much as other clothes you put on. Hence, don&rsquo;t go cheesy on your wallet or else people will think that you have a funny and particular style.</p>\n\n<p style=\"text-align:center\"><img alt=\"f5\" src=\"/storage/news/2.jpg\" /></p>\n\n<p><br />\n&nbsp;</p>\n<hr />\n<h4><strong>Number 2: Choose The Right Size For Your Wallet</strong></h4>\n\n<p>You should avoid having an over-sized wallet. Don&rsquo;t think that you need to buy a big wallet because you have a lot to carry with you. In addition, a fat wallet is very ugly. It will make it harder for you to slide the wallet into your trousers&rsquo; pocket. In addition, it will create a bulge and ruin your look.</p>\n\n<p>Before you go on to buy a new wallet, clean out your wallet and place all of the items from your wallet on a table. Throw away things that you would never need any more such as the old bills or the expired gift cards. Remember to check your wallet on a frequent basis to get rid of all of the old stuff that you don&rsquo;t need anymore.</p>\n\n<p style=\"text-align:center\"><img alt=\"f1\" src=\"/storage/news/3.jpg\" /></p>\n\n<p><br />\n&nbsp;</p>\n\n<hr />\n<h4><strong>Number 3: Don&rsquo;t Limit Your Options Of Materials</strong></h4>\n\n<p>The types and designs of wallets are not the only things that you should consider when you go out searching for your best wallet. You have more than 1 option of material rather than leather to choose from as well.</p>\n\n<p>You can experiment with other available options such as cotton, polyester and canvas. They all have their own pros and cons. As a result, they will be suitable for different needs and requirements. You should think about them all in order to choose the material which you would like the most.</p>\n\n<p style=\"text-align:center\"><img alt=\"f6\" height=\"375\" src=\"/storage/news/4.jpg\" /></p>\n\n<p><br />\n&nbsp;</p>\n\n<hr />\n<h4><strong>Number 4: Consider A Wallet As A Long Term Investment</strong></h4>\n\n<p>Your wallet is indeed an investment that you should consider spending a decent amount of time and effort on it. Another factor that you need to consider is how much you want to spend on your wallet. The price ranges of wallets on the market vary a great deal. You can find a wallet which is as cheap as about 5 to 7 dollars. On the other hand, you should expect to pay around 250 to 300 dollars for a high-quality wallet.</p>\n\n<p>In case you need a wallet to use for a long time, it is a good idea that you should invest a decent amount of money on a wallet. A high quality wallet from a reputational brand with the premium quality such as cowhide leather will last for a long time. In addition, it is an accessory to show off your fashion sense and your social status.</p>\n\n<p style=\"text-align:center\"><img alt=\"f2\" height=\"400\" src=\"/storage/news/5.jpg\" /></p>\n\n<p>&nbsp;</p>\n'),('vi',7,'Những phẩm chất cần thiết của âm nhạc thành công cao','Bạn nên chú ý hơn khi chọn ví. Có rất nhiều trong số chúng trên thị trường với các mẫu mã và phong cách khác nhau. Khi bạn lựa chọn cẩn thận, bạn sẽ có thể mua một chiếc ví phù hợp với nhu cầu của bạn. Chưa kể nó sẽ giúp nâng tầm phong cách của bạn một cách đáng kể.','<p>I have seen many people underestimating the power of their wallets. To them, they are just a functional item they use to carry. As a result, they often end up with the wallets which are not really suitable for them.</p>\n\n<p>You should pay more attention when you choose your wallets. There are a lot of them on the market with the different designs and styles. When you choose carefully, you would be able to buy a wallet that is catered to your needs. Not to mention that it will help to enhance your style significantly.</p>\n\n<p style=\"text-align:center\"><img alt=\"f4\" src=\"/storage/news/1.jpg\" /></p>\n\n<p><br />\n&nbsp;</p>\n\n<p><strong><em>For all of the reason above, here are 7 expert tips to help you pick up the right men&rsquo;s wallet for you:</em></strong></p>\n\n<h4><strong>Number 1: Choose A Neat Wallet</strong></h4>\n\n<p>The wallet is an essential accessory that you should go simple. Simplicity is the best in this case. A simple and neat wallet with the plain color and even&nbsp;<strong>minimalist style</strong>&nbsp;is versatile. It can be used for both formal and casual events. In addition, that wallet will go well with most of the clothes in your wardrobe.</p>\n\n<p>Keep in mind that a wallet will tell other people about your personality and your fashion sense as much as other clothes you put on. Hence, don&rsquo;t go cheesy on your wallet or else people will think that you have a funny and particular style.</p>\n\n<p style=\"text-align:center\"><img alt=\"f5\" src=\"/storage/news/2.jpg\" /></p>\n\n<p><br />\n&nbsp;</p>\n<hr />\n<h4><strong>Number 2: Choose The Right Size For Your Wallet</strong></h4>\n\n<p>You should avoid having an over-sized wallet. Don&rsquo;t think that you need to buy a big wallet because you have a lot to carry with you. In addition, a fat wallet is very ugly. It will make it harder for you to slide the wallet into your trousers&rsquo; pocket. In addition, it will create a bulge and ruin your look.</p>\n\n<p>Before you go on to buy a new wallet, clean out your wallet and place all of the items from your wallet on a table. Throw away things that you would never need any more such as the old bills or the expired gift cards. Remember to check your wallet on a frequent basis to get rid of all of the old stuff that you don&rsquo;t need anymore.</p>\n\n<p style=\"text-align:center\"><img alt=\"f1\" src=\"/storage/news/3.jpg\" /></p>\n\n<p><br />\n&nbsp;</p>\n\n<hr />\n<h4><strong>Number 3: Don&rsquo;t Limit Your Options Of Materials</strong></h4>\n\n<p>The types and designs of wallets are not the only things that you should consider when you go out searching for your best wallet. You have more than 1 option of material rather than leather to choose from as well.</p>\n\n<p>You can experiment with other available options such as cotton, polyester and canvas. They all have their own pros and cons. As a result, they will be suitable for different needs and requirements. You should think about them all in order to choose the material which you would like the most.</p>\n\n<p style=\"text-align:center\"><img alt=\"f6\" height=\"375\" src=\"/storage/news/4.jpg\" /></p>\n\n<p><br />\n&nbsp;</p>\n\n<hr />\n<h4><strong>Number 4: Consider A Wallet As A Long Term Investment</strong></h4>\n\n<p>Your wallet is indeed an investment that you should consider spending a decent amount of time and effort on it. Another factor that you need to consider is how much you want to spend on your wallet. The price ranges of wallets on the market vary a great deal. You can find a wallet which is as cheap as about 5 to 7 dollars. On the other hand, you should expect to pay around 250 to 300 dollars for a high-quality wallet.</p>\n\n<p>In case you need a wallet to use for a long time, it is a good idea that you should invest a decent amount of money on a wallet. A high quality wallet from a reputational brand with the premium quality such as cowhide leather will last for a long time. In addition, it is an accessory to show off your fashion sense and your social status.</p>\n\n<p style=\"text-align:center\"><img alt=\"f2\" height=\"400\" src=\"/storage/news/5.jpg\" /></p>\n\n<p>&nbsp;</p>\n'),('vi',8,'9 điều tôi thích khi cạo đầu','Bạn nên chú ý hơn khi chọn ví. Có rất nhiều trong số chúng trên thị trường với các mẫu mã và phong cách khác nhau. Khi bạn lựa chọn cẩn thận, bạn sẽ có thể mua một chiếc ví phù hợp với nhu cầu của bạn. Chưa kể nó sẽ giúp nâng tầm phong cách của bạn một cách đáng kể.','<p>I have seen many people underestimating the power of their wallets. To them, they are just a functional item they use to carry. As a result, they often end up with the wallets which are not really suitable for them.</p>\n\n<p>You should pay more attention when you choose your wallets. There are a lot of them on the market with the different designs and styles. When you choose carefully, you would be able to buy a wallet that is catered to your needs. Not to mention that it will help to enhance your style significantly.</p>\n\n<p style=\"text-align:center\"><img alt=\"f4\" src=\"/storage/news/1.jpg\" /></p>\n\n<p><br />\n&nbsp;</p>\n\n<p><strong><em>For all of the reason above, here are 7 expert tips to help you pick up the right men&rsquo;s wallet for you:</em></strong></p>\n\n<h4><strong>Number 1: Choose A Neat Wallet</strong></h4>\n\n<p>The wallet is an essential accessory that you should go simple. Simplicity is the best in this case. A simple and neat wallet with the plain color and even&nbsp;<strong>minimalist style</strong>&nbsp;is versatile. It can be used for both formal and casual events. In addition, that wallet will go well with most of the clothes in your wardrobe.</p>\n\n<p>Keep in mind that a wallet will tell other people about your personality and your fashion sense as much as other clothes you put on. Hence, don&rsquo;t go cheesy on your wallet or else people will think that you have a funny and particular style.</p>\n\n<p style=\"text-align:center\"><img alt=\"f5\" src=\"/storage/news/2.jpg\" /></p>\n\n<p><br />\n&nbsp;</p>\n<hr />\n<h4><strong>Number 2: Choose The Right Size For Your Wallet</strong></h4>\n\n<p>You should avoid having an over-sized wallet. Don&rsquo;t think that you need to buy a big wallet because you have a lot to carry with you. In addition, a fat wallet is very ugly. It will make it harder for you to slide the wallet into your trousers&rsquo; pocket. In addition, it will create a bulge and ruin your look.</p>\n\n<p>Before you go on to buy a new wallet, clean out your wallet and place all of the items from your wallet on a table. Throw away things that you would never need any more such as the old bills or the expired gift cards. Remember to check your wallet on a frequent basis to get rid of all of the old stuff that you don&rsquo;t need anymore.</p>\n\n<p style=\"text-align:center\"><img alt=\"f1\" src=\"/storage/news/3.jpg\" /></p>\n\n<p><br />\n&nbsp;</p>\n\n<hr />\n<h4><strong>Number 3: Don&rsquo;t Limit Your Options Of Materials</strong></h4>\n\n<p>The types and designs of wallets are not the only things that you should consider when you go out searching for your best wallet. You have more than 1 option of material rather than leather to choose from as well.</p>\n\n<p>You can experiment with other available options such as cotton, polyester and canvas. They all have their own pros and cons. As a result, they will be suitable for different needs and requirements. You should think about them all in order to choose the material which you would like the most.</p>\n\n<p style=\"text-align:center\"><img alt=\"f6\" height=\"375\" src=\"/storage/news/4.jpg\" /></p>\n\n<p><br />\n&nbsp;</p>\n\n<hr />\n<h4><strong>Number 4: Consider A Wallet As A Long Term Investment</strong></h4>\n\n<p>Your wallet is indeed an investment that you should consider spending a decent amount of time and effort on it. Another factor that you need to consider is how much you want to spend on your wallet. The price ranges of wallets on the market vary a great deal. You can find a wallet which is as cheap as about 5 to 7 dollars. On the other hand, you should expect to pay around 250 to 300 dollars for a high-quality wallet.</p>\n\n<p>In case you need a wallet to use for a long time, it is a good idea that you should invest a decent amount of money on a wallet. A high quality wallet from a reputational brand with the premium quality such as cowhide leather will last for a long time. In addition, it is an accessory to show off your fashion sense and your social status.</p>\n\n<p style=\"text-align:center\"><img alt=\"f2\" height=\"400\" src=\"/storage/news/5.jpg\" /></p>\n\n<p>&nbsp;</p>\n'),('vi',9,'Tại sao làm việc theo nhóm thực sự biến giấc mơ thành công','Bạn nên chú ý hơn khi chọn ví. Có rất nhiều trong số chúng trên thị trường với các mẫu mã và phong cách khác nhau. Khi bạn lựa chọn cẩn thận, bạn sẽ có thể mua một chiếc ví phù hợp với nhu cầu của bạn. Chưa kể nó sẽ giúp nâng tầm phong cách của bạn một cách đáng kể.','<p>I have seen many people underestimating the power of their wallets. To them, they are just a functional item they use to carry. As a result, they often end up with the wallets which are not really suitable for them.</p>\n\n<p>You should pay more attention when you choose your wallets. There are a lot of them on the market with the different designs and styles. When you choose carefully, you would be able to buy a wallet that is catered to your needs. Not to mention that it will help to enhance your style significantly.</p>\n\n<p style=\"text-align:center\"><img alt=\"f4\" src=\"/storage/news/1.jpg\" /></p>\n\n<p><br />\n&nbsp;</p>\n\n<p><strong><em>For all of the reason above, here are 7 expert tips to help you pick up the right men&rsquo;s wallet for you:</em></strong></p>\n\n<h4><strong>Number 1: Choose A Neat Wallet</strong></h4>\n\n<p>The wallet is an essential accessory that you should go simple. Simplicity is the best in this case. A simple and neat wallet with the plain color and even&nbsp;<strong>minimalist style</strong>&nbsp;is versatile. It can be used for both formal and casual events. In addition, that wallet will go well with most of the clothes in your wardrobe.</p>\n\n<p>Keep in mind that a wallet will tell other people about your personality and your fashion sense as much as other clothes you put on. Hence, don&rsquo;t go cheesy on your wallet or else people will think that you have a funny and particular style.</p>\n\n<p style=\"text-align:center\"><img alt=\"f5\" src=\"/storage/news/2.jpg\" /></p>\n\n<p><br />\n&nbsp;</p>\n<hr />\n<h4><strong>Number 2: Choose The Right Size For Your Wallet</strong></h4>\n\n<p>You should avoid having an over-sized wallet. Don&rsquo;t think that you need to buy a big wallet because you have a lot to carry with you. In addition, a fat wallet is very ugly. It will make it harder for you to slide the wallet into your trousers&rsquo; pocket. In addition, it will create a bulge and ruin your look.</p>\n\n<p>Before you go on to buy a new wallet, clean out your wallet and place all of the items from your wallet on a table. Throw away things that you would never need any more such as the old bills or the expired gift cards. Remember to check your wallet on a frequent basis to get rid of all of the old stuff that you don&rsquo;t need anymore.</p>\n\n<p style=\"text-align:center\"><img alt=\"f1\" src=\"/storage/news/3.jpg\" /></p>\n\n<p><br />\n&nbsp;</p>\n\n<hr />\n<h4><strong>Number 3: Don&rsquo;t Limit Your Options Of Materials</strong></h4>\n\n<p>The types and designs of wallets are not the only things that you should consider when you go out searching for your best wallet. You have more than 1 option of material rather than leather to choose from as well.</p>\n\n<p>You can experiment with other available options such as cotton, polyester and canvas. They all have their own pros and cons. As a result, they will be suitable for different needs and requirements. You should think about them all in order to choose the material which you would like the most.</p>\n\n<p style=\"text-align:center\"><img alt=\"f6\" height=\"375\" src=\"/storage/news/4.jpg\" /></p>\n\n<p><br />\n&nbsp;</p>\n\n<hr />\n<h4><strong>Number 4: Consider A Wallet As A Long Term Investment</strong></h4>\n\n<p>Your wallet is indeed an investment that you should consider spending a decent amount of time and effort on it. Another factor that you need to consider is how much you want to spend on your wallet. The price ranges of wallets on the market vary a great deal. You can find a wallet which is as cheap as about 5 to 7 dollars. On the other hand, you should expect to pay around 250 to 300 dollars for a high-quality wallet.</p>\n\n<p>In case you need a wallet to use for a long time, it is a good idea that you should invest a decent amount of money on a wallet. A high quality wallet from a reputational brand with the premium quality such as cowhide leather will last for a long time. In addition, it is an accessory to show off your fashion sense and your social status.</p>\n\n<p style=\"text-align:center\"><img alt=\"f2\" height=\"400\" src=\"/storage/news/5.jpg\" /></p>\n\n<p>&nbsp;</p>\n'),('vi',10,'Thế giới phục vụ cho những người trung bình','Bạn nên chú ý hơn khi chọn ví. Có rất nhiều trong số chúng trên thị trường với các mẫu mã và phong cách khác nhau. Khi bạn lựa chọn cẩn thận, bạn sẽ có thể mua một chiếc ví phù hợp với nhu cầu của bạn. Chưa kể nó sẽ giúp nâng tầm phong cách của bạn một cách đáng kể.','<p>I have seen many people underestimating the power of their wallets. To them, they are just a functional item they use to carry. As a result, they often end up with the wallets which are not really suitable for them.</p>\n\n<p>You should pay more attention when you choose your wallets. There are a lot of them on the market with the different designs and styles. When you choose carefully, you would be able to buy a wallet that is catered to your needs. Not to mention that it will help to enhance your style significantly.</p>\n\n<p style=\"text-align:center\"><img alt=\"f4\" src=\"/storage/news/1.jpg\" /></p>\n\n<p><br />\n&nbsp;</p>\n\n<p><strong><em>For all of the reason above, here are 7 expert tips to help you pick up the right men&rsquo;s wallet for you:</em></strong></p>\n\n<h4><strong>Number 1: Choose A Neat Wallet</strong></h4>\n\n<p>The wallet is an essential accessory that you should go simple. Simplicity is the best in this case. A simple and neat wallet with the plain color and even&nbsp;<strong>minimalist style</strong>&nbsp;is versatile. It can be used for both formal and casual events. In addition, that wallet will go well with most of the clothes in your wardrobe.</p>\n\n<p>Keep in mind that a wallet will tell other people about your personality and your fashion sense as much as other clothes you put on. Hence, don&rsquo;t go cheesy on your wallet or else people will think that you have a funny and particular style.</p>\n\n<p style=\"text-align:center\"><img alt=\"f5\" src=\"/storage/news/2.jpg\" /></p>\n\n<p><br />\n&nbsp;</p>\n<hr />\n<h4><strong>Number 2: Choose The Right Size For Your Wallet</strong></h4>\n\n<p>You should avoid having an over-sized wallet. Don&rsquo;t think that you need to buy a big wallet because you have a lot to carry with you. In addition, a fat wallet is very ugly. It will make it harder for you to slide the wallet into your trousers&rsquo; pocket. In addition, it will create a bulge and ruin your look.</p>\n\n<p>Before you go on to buy a new wallet, clean out your wallet and place all of the items from your wallet on a table. Throw away things that you would never need any more such as the old bills or the expired gift cards. Remember to check your wallet on a frequent basis to get rid of all of the old stuff that you don&rsquo;t need anymore.</p>\n\n<p style=\"text-align:center\"><img alt=\"f1\" src=\"/storage/news/3.jpg\" /></p>\n\n<p><br />\n&nbsp;</p>\n\n<hr />\n<h4><strong>Number 3: Don&rsquo;t Limit Your Options Of Materials</strong></h4>\n\n<p>The types and designs of wallets are not the only things that you should consider when you go out searching for your best wallet. You have more than 1 option of material rather than leather to choose from as well.</p>\n\n<p>You can experiment with other available options such as cotton, polyester and canvas. They all have their own pros and cons. As a result, they will be suitable for different needs and requirements. You should think about them all in order to choose the material which you would like the most.</p>\n\n<p style=\"text-align:center\"><img alt=\"f6\" height=\"375\" src=\"/storage/news/4.jpg\" /></p>\n\n<p><br />\n&nbsp;</p>\n\n<hr />\n<h4><strong>Number 4: Consider A Wallet As A Long Term Investment</strong></h4>\n\n<p>Your wallet is indeed an investment that you should consider spending a decent amount of time and effort on it. Another factor that you need to consider is how much you want to spend on your wallet. The price ranges of wallets on the market vary a great deal. You can find a wallet which is as cheap as about 5 to 7 dollars. On the other hand, you should expect to pay around 250 to 300 dollars for a high-quality wallet.</p>\n\n<p>In case you need a wallet to use for a long time, it is a good idea that you should invest a decent amount of money on a wallet. A high quality wallet from a reputational brand with the premium quality such as cowhide leather will last for a long time. In addition, it is an accessory to show off your fashion sense and your social status.</p>\n\n<p style=\"text-align:center\"><img alt=\"f2\" height=\"400\" src=\"/storage/news/5.jpg\" /></p>\n\n<p>&nbsp;</p>\n'),('vi',11,'Các đương sự trên màn hình không phải là diễn viên','Bạn nên chú ý hơn khi chọn ví. Có rất nhiều trong số chúng trên thị trường với các mẫu mã và phong cách khác nhau. Khi bạn lựa chọn cẩn thận, bạn sẽ có thể mua một chiếc ví phù hợp với nhu cầu của bạn. Chưa kể nó sẽ giúp nâng tầm phong cách của bạn một cách đáng kể.','<p>I have seen many people underestimating the power of their wallets. To them, they are just a functional item they use to carry. As a result, they often end up with the wallets which are not really suitable for them.</p>\n\n<p>You should pay more attention when you choose your wallets. There are a lot of them on the market with the different designs and styles. When you choose carefully, you would be able to buy a wallet that is catered to your needs. Not to mention that it will help to enhance your style significantly.</p>\n\n<p style=\"text-align:center\"><img alt=\"f4\" src=\"/storage/news/1.jpg\" /></p>\n\n<p><br />\n&nbsp;</p>\n\n<p><strong><em>For all of the reason above, here are 7 expert tips to help you pick up the right men&rsquo;s wallet for you:</em></strong></p>\n\n<h4><strong>Number 1: Choose A Neat Wallet</strong></h4>\n\n<p>The wallet is an essential accessory that you should go simple. Simplicity is the best in this case. A simple and neat wallet with the plain color and even&nbsp;<strong>minimalist style</strong>&nbsp;is versatile. It can be used for both formal and casual events. In addition, that wallet will go well with most of the clothes in your wardrobe.</p>\n\n<p>Keep in mind that a wallet will tell other people about your personality and your fashion sense as much as other clothes you put on. Hence, don&rsquo;t go cheesy on your wallet or else people will think that you have a funny and particular style.</p>\n\n<p style=\"text-align:center\"><img alt=\"f5\" src=\"/storage/news/2.jpg\" /></p>\n\n<p><br />\n&nbsp;</p>\n<hr />\n<h4><strong>Number 2: Choose The Right Size For Your Wallet</strong></h4>\n\n<p>You should avoid having an over-sized wallet. Don&rsquo;t think that you need to buy a big wallet because you have a lot to carry with you. In addition, a fat wallet is very ugly. It will make it harder for you to slide the wallet into your trousers&rsquo; pocket. In addition, it will create a bulge and ruin your look.</p>\n\n<p>Before you go on to buy a new wallet, clean out your wallet and place all of the items from your wallet on a table. Throw away things that you would never need any more such as the old bills or the expired gift cards. Remember to check your wallet on a frequent basis to get rid of all of the old stuff that you don&rsquo;t need anymore.</p>\n\n<p style=\"text-align:center\"><img alt=\"f1\" src=\"/storage/news/3.jpg\" /></p>\n\n<p><br />\n&nbsp;</p>\n\n<hr />\n<h4><strong>Number 3: Don&rsquo;t Limit Your Options Of Materials</strong></h4>\n\n<p>The types and designs of wallets are not the only things that you should consider when you go out searching for your best wallet. You have more than 1 option of material rather than leather to choose from as well.</p>\n\n<p>You can experiment with other available options such as cotton, polyester and canvas. They all have their own pros and cons. As a result, they will be suitable for different needs and requirements. You should think about them all in order to choose the material which you would like the most.</p>\n\n<p style=\"text-align:center\"><img alt=\"f6\" height=\"375\" src=\"/storage/news/4.jpg\" /></p>\n\n<p><br />\n&nbsp;</p>\n\n<hr />\n<h4><strong>Number 4: Consider A Wallet As A Long Term Investment</strong></h4>\n\n<p>Your wallet is indeed an investment that you should consider spending a decent amount of time and effort on it. Another factor that you need to consider is how much you want to spend on your wallet. The price ranges of wallets on the market vary a great deal. You can find a wallet which is as cheap as about 5 to 7 dollars. On the other hand, you should expect to pay around 250 to 300 dollars for a high-quality wallet.</p>\n\n<p>In case you need a wallet to use for a long time, it is a good idea that you should invest a decent amount of money on a wallet. A high quality wallet from a reputational brand with the premium quality such as cowhide leather will last for a long time. In addition, it is an accessory to show off your fashion sense and your social status.</p>\n\n<p style=\"text-align:center\"><img alt=\"f2\" height=\"400\" src=\"/storage/news/5.jpg\" /></p>\n\n<p>&nbsp;</p>\n');

--
